{"id":2094,"date":"2022-11-23T13:03:29","date_gmt":"2022-11-23T12:03:29","guid":{"rendered":"https:\/\/visitrauland.com\/vinterfestival\/?page_id=2094"},"modified":"2026-02-08T17:07:00","modified_gmt":"2026-02-08T16:07:00","slug":"billetter","status":"publish","type":"page","link":"https:\/\/visitrauland.com\/vinterfestival\/billetter\/","title":{"rendered":"Billettar"},"content":{"rendered":"<div id=\"cs-content\" class=\"cs-content\"><style>.lazy-loader-background-element-1.lazyloaded{ background-image: url(https:\/\/visitrauland.com\/vinterfestival\/wp-content\/uploads\/sites\/104\/2022\/11\/DSC_8182_1920.jpg); background-color: transparent; }<\/style><noscript><style>.lazy-loader-background-element-1.lazyload{ background-image: url(https:\/\/visitrauland.com\/vinterfestival\/wp-content\/uploads\/sites\/104\/2022\/11\/DSC_8182_1920.jpg); background-color: transparent; }<\/style><\/noscript><div id=\"x-section-1\" class=\"x-section bg-image lazyload lazy-loader-background-element-1 \" style=\"margin: 0px;padding: 45px 0px;  \" data-x-element=\"section\" data-x-params=\"{&quot;type&quot;:&quot;image&quot;,&quot;parallax&quot;:false}\"><div id class=\"x-container max width\" style=\"margin: 0px auto;padding: 0px;\"><div class=\"x-column x-sm x-1-2\" style=\"padding: 0px 30px; background-color:hsla(14, 35%, 43%, 0.45);\"><hr class=\"x-gap\" style=\"margin: 50px 0 0 0;\"><h1 class=\"h-custom-headline h1\" style=\"color: hsl(0, 0%, 100%);\"><span>Billettar<\/span><\/h1><div id class=\"x-text\" style=\"color: white;\"><p>Vinterfestivalen p\u00e5 Rauland<\/p>\n<\/div><\/div><div class=\"x-column x-sm x-1-2\" style=\"padding: 0px;\">&nbsp;<\/div><\/div><div id class=\"x-container max width\" style=\"margin: 0px auto;padding: 0px;\"><div class=\"x-column x-sm x-1-1\" style=\"padding: 0px;\"><hr class=\"x-gap x-hide-sm x-hide-xs x-hide-md\" style=\"margin: 320px 0 0 0;\"><\/div><\/div><\/div><div class=\"x-section e2094-e11 m1m6-0\"><div class=\"x-row x-container max width e2094-e12 m1m6-1 m1m6-2\"><div class=\"x-row-inner\"><div class=\"x-col e2094-e13 m1m6-3\"><div id class=\"x-text\" style><h1><a href=\"https:\/\/checkout.ebillett.no\/279\/events\/340\/purchase\">Kj\u00f8p billettar her!<\/a><\/h1>\n<p>N\u00e5 kan du forhandskj\u00f8pe festivalpass til Rauland Vinterfestival 2026.&nbsp;<br>\nDet vil og vere mogleg \u00e5 kj\u00f8pe billettar til konsertar\/festkveldar fr\u00e5 1.12.2025. Enkelte kurs, foredrag, panelsamtaler og kappleik betalast i d\u00f8ra.<\/p>\n<h1>Prisar<\/h1>\n<p>Born (0-16\u00e5r) g\u00e5r gratis p\u00e5 konsertar, foredrag, panelsamtaler og musikk-\/dansekurs samt inngang som kappleikpublikum.<\/p>\n<h2>Festivalpass<\/h2>\n<p>Inngang til alle konsertar, foredrag, panelsamtaler og musikk-\/dansekurs samt inngang som kappleikpublikum.<\/p>\n<p><a href=\"https:\/\/checkout.ebillett.no\/279\/events\/340\/purchase\">Early Bird (til midnatt 30. november 2025):<\/a><br>\nOrdin\u00e6r 1300,-<br>\nStudent 600,-<\/p>\n<p>Fr\u00e5 1. desember 2025:<br>\nOrdin\u00e6r 1600,-<br>\nStudent&nbsp; 750,-<\/p>\n<h2>Konsert og Festkveld<\/h2>\n<p><a href=\"https:\/\/checkout.ebillett.no\/279\/events\/352\/purchase\">Onsdag 300,- (150,- student)<\/a><br>\n<a href=\"https:\/\/checkout.ebillett.no\/279\/events\/353\/purchase\">Torsdag 450,- (200,- student)<\/a><br>\n<a href=\"https:\/\/checkout.ebillett.no\/279\/events\/354\/purchase\">Fredag 500,- (300,- student)<\/a><br>\n<a href=\"https:\/\/checkout.ebillett.no\/279\/events\/355\/purchase\">Laurdag dag+kveld 550,- (350,- student)<\/a><br>\n<a href=\"https:\/\/checkout.ebillett.no\/279\/events\/356\/purchase\">Laurdag berre kveld 500,- (300,- student)<\/a><br>\n<a href=\"https:\/\/checkout.ebillett.no\/279\/events\/357\/purchase\">Sundag 300,- (150,- student)<\/a><\/p>\n<h2>Kappleik<\/h2>\n<p>Vinterkappleiken er studentstyrt. Det vil kome meir informasjon seinare.<\/p>\n<p><strong>Publikum<\/strong> <a href=\"https:\/\/checkout.ebillett.no\/279\/events\/358\/purchase\">200,- (100,- student)<\/a><br>\nGratis inngang til sjokoladekappleiken<\/p>\n<p><strong>Deltakar<\/strong> (inkl. laurdagskveld)<strong><br>\n<\/strong>Minikappleik <em>gratis<br>\n<\/em>Senior 200,- (100,- etter f\u00f8rste gong)<br>\nJunior 100,- (50,- etter f\u00f8rste gong)<\/p>\n<h2>Kurs og foredrag<\/h2>\n<p>Foredrag, kurs i musikk\/dans: 200kr<br>\nKurs i tradisjonskunst: 500kr\/d\u00f8gn. Materialkostnader kjem i tillegg.<\/p>\n<p>P\u00e5melding i nettskjema - finn riktig lenke p\u00e5 <a href=\"https:\/\/visitrauland.com\/vinterfestival\/kurs\/\">kurssida<\/a><br>\n*Vil du st\u00e5 p\u00e5 venteliste? Send epost til <a href=\"mailto:ingrid.hamberg@usn.no\">ingrid.hamberg@usn.no<\/a><\/p>\n<\/div><\/div><\/div><\/div><\/div><\/div>\n","protected":false},"excerpt":{"rendered":"<p>BillettarVinterfestivalen p\u00e5 Rauland &nbsp;Kj\u00f8p billettar her! N\u00e5 kan du forhandskj\u00f8pe festivalpass til Rauland Vinterfestival 2026.&nbsp; Det vil og vere mogleg \u00e5 kj\u00f8pe billettar til konsertar\/festkveldar fr\u00e5 1.12.2025. Enkelte kurs, foredrag, panelsamtaler og kappleik betalast i d\u00f8ra. Prisar Born (0-16\u00e5r) g\u00e5r gratis p\u00e5 konsertar, foredrag, panelsamtaler og musikk-\/dansekurs samt inngang som kappleikpublikum. Festivalpass Inngang til alle konsertar, foredrag, panelsamtaler og musikk-\/dansekurs &#8230; <\/p>\n<div><a href=\"https:\/\/visitrauland.com\/vinterfestival\/billetter\/\" class=\"more-link\">Les Mer<\/a><\/div>\n","protected":false},"author":10,"featured_media":0,"parent":0,"menu_order":0,"comment_status":"closed","ping_status":"closed","template":"template-blank-4.php","meta":{"_relevanssi_hide_post":"","_relevanssi_hide_content":"","_relevanssi_pin_for_all":"","_relevanssi_pin_keywords":"","_relevanssi_unpin_keywords":"","_relevanssi_related_keywords":"","_relevanssi_related_include_ids":"","_relevanssi_related_exclude_ids":"","_relevanssi_related_no_append":"","_relevanssi_related_not_related":"","_relevanssi_related_posts":"2210,2534,2458,2515,2296,2423","_relevanssi_noindex_reason":"","seo_booster_metabox":"","footnotes":""},"class_list":["post-2094","page","type-page","status-publish","hentry","no-post-thumbnail"],"yoast_head":"<!-- This site is optimized with the Yoast SEO plugin v27.2 - https:\/\/yoast.com\/product\/yoast-seo-wordpress\/ -->\n<title>Billettar - Rauland Internasjonale Vinterfestival<\/title>\n<meta name=\"robots\" content=\"index, follow, max-snippet:-1, max-image-preview:large, max-video-preview:-1\" \/>\n<link rel=\"canonical\" href=\"https:\/\/visitrauland.com\/vinterfestival\/billetter\/\" \/>\n<meta property=\"og:locale\" content=\"nb_NO\" \/>\n<meta property=\"og:type\" content=\"article\" \/>\n<meta property=\"og:title\" content=\"Billettar - Rauland Internasjonale Vinterfestival\" \/>\n<meta property=\"og:description\" content=\"BillettarVinterfestivalen p\u00e5 Rauland &nbsp;Kj\u00f8p billettar her! N\u00e5 kan du forhandskj\u00f8pe festivalpass til Rauland Vinterfestival 2026.&nbsp; Det vil og vere mogleg \u00e5 kj\u00f8pe billettar til konsertar\/festkveldar fr\u00e5 1.12.2025. Enkelte kurs, foredrag, panelsamtaler og kappleik betalast i d\u00f8ra. Prisar Born (0-16\u00e5r) g\u00e5r gratis p\u00e5 konsertar, foredrag, panelsamtaler og musikk-\/dansekurs samt inngang som kappleikpublikum. Festivalpass Inngang til alle konsertar, foredrag, panelsamtaler og musikk-\/dansekurs ... Les Mer\" \/>\n<meta property=\"og:url\" content=\"https:\/\/visitrauland.com\/vinterfestival\/billetter\/\" \/>\n<meta property=\"og:site_name\" content=\"Rauland Internasjonale Vinterfestival\" \/>\n<meta property=\"article:modified_time\" content=\"2026-02-08T16:07:00+00:00\" \/>\n<meta name=\"twitter:card\" content=\"summary_large_image\" \/>\n<meta name=\"twitter:label1\" content=\"Ansl. lesetid\" \/>\n\t<meta name=\"twitter:data1\" content=\"2 minutter\" \/>\n<script type=\"application\/ld+json\" class=\"yoast-schema-graph\">{\"@context\":\"https:\/\/schema.org\",\"@graph\":[{\"@type\":\"WebPage\",\"@id\":\"https:\/\/visitrauland.com\/vinterfestival\/billetter\/\",\"url\":\"https:\/\/visitrauland.com\/vinterfestival\/billetter\/\",\"name\":\"Billettar - Rauland Internasjonale Vinterfestival\",\"isPartOf\":{\"@id\":\"https:\/\/visitrauland.com\/vinterfestival\/#website\"},\"datePublished\":\"2022-11-23T12:03:29+00:00\",\"dateModified\":\"2026-02-08T16:07:00+00:00\",\"breadcrumb\":{\"@id\":\"https:\/\/visitrauland.com\/vinterfestival\/billetter\/#breadcrumb\"},\"inLanguage\":\"nb-NO\",\"potentialAction\":[{\"@type\":\"ReadAction\",\"target\":[\"https:\/\/visitrauland.com\/vinterfestival\/billetter\/\"]}]},{\"@type\":\"BreadcrumbList\",\"@id\":\"https:\/\/visitrauland.com\/vinterfestival\/billetter\/#breadcrumb\",\"itemListElement\":[{\"@type\":\"ListItem\",\"position\":1,\"name\":\"Hjem\",\"item\":\"https:\/\/visitrauland.com\/vinterfestival\/\"},{\"@type\":\"ListItem\",\"position\":2,\"name\":\"Billettar\"}]},{\"@type\":\"WebSite\",\"@id\":\"https:\/\/visitrauland.com\/vinterfestival\/#website\",\"url\":\"https:\/\/visitrauland.com\/vinterfestival\/\",\"name\":\"Rauland Internasjonale Vinterfestival\",\"description\":\"3 hytter med flott utsikt over Lognvikvatn\",\"potentialAction\":[{\"@type\":\"SearchAction\",\"target\":{\"@type\":\"EntryPoint\",\"urlTemplate\":\"https:\/\/visitrauland.com\/vinterfestival\/?s={search_term_string}\"},\"query-input\":{\"@type\":\"PropertyValueSpecification\",\"valueRequired\":true,\"valueName\":\"search_term_string\"}}],\"inLanguage\":\"nb-NO\"}]}<\/script>\n<!-- \/ Yoast SEO plugin. -->","yoast_head_json":{"title":"Billettar - Rauland Internasjonale Vinterfestival","robots":{"index":"index","follow":"follow","max-snippet":"max-snippet:-1","max-image-preview":"max-image-preview:large","max-video-preview":"max-video-preview:-1"},"canonical":"https:\/\/visitrauland.com\/vinterfestival\/billetter\/","og_locale":"nb_NO","og_type":"article","og_title":"Billettar - Rauland Internasjonale Vinterfestival","og_description":"BillettarVinterfestivalen p\u00e5 Rauland &nbsp;Kj\u00f8p billettar her! N\u00e5 kan du forhandskj\u00f8pe festivalpass til Rauland Vinterfestival 2026.&nbsp; Det vil og vere mogleg \u00e5 kj\u00f8pe billettar til konsertar\/festkveldar fr\u00e5 1.12.2025. Enkelte kurs, foredrag, panelsamtaler og kappleik betalast i d\u00f8ra. Prisar Born (0-16\u00e5r) g\u00e5r gratis p\u00e5 konsertar, foredrag, panelsamtaler og musikk-\/dansekurs samt inngang som kappleikpublikum. Festivalpass Inngang til alle konsertar, foredrag, panelsamtaler og musikk-\/dansekurs ... Les Mer","og_url":"https:\/\/visitrauland.com\/vinterfestival\/billetter\/","og_site_name":"Rauland Internasjonale Vinterfestival","article_modified_time":"2026-02-08T16:07:00+00:00","twitter_card":"summary_large_image","twitter_misc":{"Ansl. lesetid":"2 minutter"},"schema":{"@context":"https:\/\/schema.org","@graph":[{"@type":"WebPage","@id":"https:\/\/visitrauland.com\/vinterfestival\/billetter\/","url":"https:\/\/visitrauland.com\/vinterfestival\/billetter\/","name":"Billettar - Rauland Internasjonale Vinterfestival","isPartOf":{"@id":"https:\/\/visitrauland.com\/vinterfestival\/#website"},"datePublished":"2022-11-23T12:03:29+00:00","dateModified":"2026-02-08T16:07:00+00:00","breadcrumb":{"@id":"https:\/\/visitrauland.com\/vinterfestival\/billetter\/#breadcrumb"},"inLanguage":"nb-NO","potentialAction":[{"@type":"ReadAction","target":["https:\/\/visitrauland.com\/vinterfestival\/billetter\/"]}]},{"@type":"BreadcrumbList","@id":"https:\/\/visitrauland.com\/vinterfestival\/billetter\/#breadcrumb","itemListElement":[{"@type":"ListItem","position":1,"name":"Hjem","item":"https:\/\/visitrauland.com\/vinterfestival\/"},{"@type":"ListItem","position":2,"name":"Billettar"}]},{"@type":"WebSite","@id":"https:\/\/visitrauland.com\/vinterfestival\/#website","url":"https:\/\/visitrauland.com\/vinterfestival\/","name":"Rauland Internasjonale Vinterfestival","description":"3 hytter med flott utsikt over Lognvikvatn","potentialAction":[{"@type":"SearchAction","target":{"@type":"EntryPoint","urlTemplate":"https:\/\/visitrauland.com\/vinterfestival\/?s={search_term_string}"},"query-input":{"@type":"PropertyValueSpecification","valueRequired":true,"valueName":"search_term_string"}}],"inLanguage":"nb-NO"}]}},"_links":{"self":[{"href":"https:\/\/visitrauland.com\/vinterfestival\/wp-json\/wp\/v2\/pages\/2094","targetHints":{"allow":["GET"]}}],"collection":[{"href":"https:\/\/visitrauland.com\/vinterfestival\/wp-json\/wp\/v2\/pages"}],"about":[{"href":"https:\/\/visitrauland.com\/vinterfestival\/wp-json\/wp\/v2\/types\/page"}],"author":[{"embeddable":true,"href":"https:\/\/visitrauland.com\/vinterfestival\/wp-json\/wp\/v2\/users\/10"}],"replies":[{"embeddable":true,"href":"https:\/\/visitrauland.com\/vinterfestival\/wp-json\/wp\/v2\/comments?post=2094"}],"version-history":[{"count":34,"href":"https:\/\/visitrauland.com\/vinterfestival\/wp-json\/wp\/v2\/pages\/2094\/revisions"}],"predecessor-version":[{"id":2693,"href":"https:\/\/visitrauland.com\/vinterfestival\/wp-json\/wp\/v2\/pages\/2094\/revisions\/2693"}],"wp:attachment":[{"href":"https:\/\/visitrauland.com\/vinterfestival\/wp-json\/wp\/v2\/media?parent=2094"}],"curies":[{"name":"wp","href":"https:\/\/api.w.org\/{rel}","templated":true}]}}