{"id":2015,"date":"2021-03-05T17:54:58","date_gmt":"2021-03-05T16:54:58","guid":{"rendered":"https:\/\/visitrauland.com\/vierli\/?page_id=2015"},"modified":"2023-10-02T22:30:33","modified_gmt":"2023-10-02T20:30:33","slug":"omrauland","status":"publish","type":"page","link":"https:\/\/visitrauland.com\/vierli\/omrauland\/","title":{"rendered":"Om Rauland"},"content":{"rendered":"<div id=\"cs-content\" class=\"cs-content\"><\/div>\n","protected":false},"excerpt":{"rendered":"<p>Om Rauland&nbsp;Rauland har et rikt og variert aktivitetstilbud for alle &#8211; enten du vil utforske turl\u00f8yper og vakker h\u00f8yfjellsnatur eller g\u00e5 for mer fartsfylte opplevelser. Med sin sentrale beliggenhet midt mellom s\u00f8r, \u00f8st og vest har du mange attraksjoner innen rekkevidde, i tillegg til alt du kan se og oppleve i Rauland og Rjukan-omr\u00e5det. Start for eksempel dagen med en &#8230; <\/p>\n<div><a href=\"https:\/\/visitrauland.com\/vierli\/omrauland\/\" class=\"more-link\">Les Mer<\/a><\/div>\n","protected":false},"author":10,"featured_media":0,"parent":0,"menu_order":0,"comment_status":"closed","ping_status":"closed","template":"template-blank-4.php","meta":{"_relevanssi_hide_post":"","_relevanssi_hide_content":"","_relevanssi_pin_for_all":"","_relevanssi_pin_keywords":"","_relevanssi_unpin_keywords":"","_relevanssi_related_keywords":"","_relevanssi_related_include_ids":"","_relevanssi_related_exclude_ids":"","_relevanssi_related_no_append":"","_relevanssi_related_not_related":"","_relevanssi_related_posts":"","_relevanssi_noindex_reason":"","seo_booster_metabox":"","footnotes":""},"class_list":["post-2015","page","type-page","status-publish","hentry","no-post-thumbnail"],"yoast_head":"<!-- This site is optimized with the Yoast SEO plugin v27.2 - https:\/\/yoast.com\/product\/yoast-seo-wordpress\/ -->\n<title>Om Rauland - Vierli<\/title>\n<meta name=\"robots\" content=\"index, follow, max-snippet:-1, max-image-preview:large, max-video-preview:-1\" \/>\n<link rel=\"canonical\" href=\"https:\/\/visitrauland.com\/vierli\/omrauland\/\" \/>\n<meta property=\"og:locale\" content=\"nb_NO\" \/>\n<meta property=\"og:type\" content=\"article\" \/>\n<meta property=\"og:title\" content=\"Om Rauland - Vierli\" \/>\n<meta property=\"og:description\" content=\"Om Rauland&nbsp;Rauland har et rikt og variert aktivitetstilbud for alle - enten du vil utforske turl\u00f8yper og vakker h\u00f8yfjellsnatur eller g\u00e5 for mer fartsfylte opplevelser. Med sin sentrale beliggenhet midt mellom s\u00f8r, \u00f8st og vest har du mange attraksjoner innen rekkevidde, i tillegg til alt du kan se og oppleve i Rauland og Rjukan-omr\u00e5det. Start for eksempel dagen med en ... Les Mer\" \/>\n<meta property=\"og:url\" content=\"https:\/\/visitrauland.com\/vierli\/omrauland\/\" \/>\n<meta property=\"og:site_name\" content=\"Vierli\" \/>\n<meta property=\"article:modified_time\" content=\"2023-10-02T20:30:33+00:00\" \/>\n<meta property=\"og:image\" content=\"https:\/\/visitrauland.com\/vierli\/wp-content\/uploads\/sites\/42\/2021\/03\/vierlitoppen-1920-vidsyn.jpg\" \/>\n<meta name=\"twitter:card\" content=\"summary_large_image\" \/>\n<meta name=\"twitter:label1\" content=\"Ansl. lesetid\" \/>\n\t<meta name=\"twitter:data1\" content=\"10 minutter\" \/>\n<script type=\"application\/ld+json\" class=\"yoast-schema-graph\">{\"@context\":\"https:\/\/schema.org\",\"@graph\":[{\"@type\":\"WebPage\",\"@id\":\"https:\/\/visitrauland.com\/vierli\/omrauland\/\",\"url\":\"https:\/\/visitrauland.com\/vierli\/omrauland\/\",\"name\":\"Om Rauland - Vierli\",\"isPartOf\":{\"@id\":\"https:\/\/visitrauland.com\/vierli\/#website\"},\"primaryImageOfPage\":{\"@id\":\"https:\/\/visitrauland.com\/vierli\/omrauland\/#primaryimage\"},\"image\":{\"@id\":\"https:\/\/visitrauland.com\/vierli\/omrauland\/#primaryimage\"},\"thumbnailUrl\":\"https:\/\/visitrauland.com\/vierli\/wp-content\/uploads\/sites\/42\/2021\/03\/vierlitoppen-1920-vidsyn.jpg\",\"datePublished\":\"2021-03-05T16:54:58+00:00\",\"dateModified\":\"2023-10-02T20:30:33+00:00\",\"breadcrumb\":{\"@id\":\"https:\/\/visitrauland.com\/vierli\/omrauland\/#breadcrumb\"},\"inLanguage\":\"nb-NO\",\"potentialAction\":[{\"@type\":\"ReadAction\",\"target\":[\"https:\/\/visitrauland.com\/vierli\/omrauland\/\"]}]},{\"@type\":\"ImageObject\",\"inLanguage\":\"nb-NO\",\"@id\":\"https:\/\/visitrauland.com\/vierli\/omrauland\/#primaryimage\",\"url\":\"https:\/\/visitrauland.com\/vierli\/wp-content\/uploads\/sites\/42\/2021\/03\/vierlitoppen-1920-vidsyn.jpg\",\"contentUrl\":\"https:\/\/visitrauland.com\/vierli\/wp-content\/uploads\/sites\/42\/2021\/03\/vierlitoppen-1920-vidsyn.jpg\",\"width\":1920,\"height\":1080,\"caption\":\"To barn med armene hevet foran en stor bronseskulptur under en bl\u00e5 himmel i fjelllandskap.\"},{\"@type\":\"BreadcrumbList\",\"@id\":\"https:\/\/visitrauland.com\/vierli\/omrauland\/#breadcrumb\",\"itemListElement\":[{\"@type\":\"ListItem\",\"position\":1,\"name\":\"Hjem\",\"item\":\"https:\/\/visitrauland.com\/vierli\/\"},{\"@type\":\"ListItem\",\"position\":2,\"name\":\"Om Rauland\"}]},{\"@type\":\"WebSite\",\"@id\":\"https:\/\/visitrauland.com\/vierli\/#website\",\"url\":\"https:\/\/visitrauland.com\/vierli\/\",\"name\":\"Vierli\",\"description\":\"Velkommen til Vierli\",\"potentialAction\":[{\"@type\":\"SearchAction\",\"target\":{\"@type\":\"EntryPoint\",\"urlTemplate\":\"https:\/\/visitrauland.com\/vierli\/?s={search_term_string}\"},\"query-input\":{\"@type\":\"PropertyValueSpecification\",\"valueRequired\":true,\"valueName\":\"search_term_string\"}}],\"inLanguage\":\"nb-NO\"}]}<\/script>\n<!-- \/ Yoast SEO plugin. -->","yoast_head_json":{"title":"Om Rauland - Vierli","robots":{"index":"index","follow":"follow","max-snippet":"max-snippet:-1","max-image-preview":"max-image-preview:large","max-video-preview":"max-video-preview:-1"},"canonical":"https:\/\/visitrauland.com\/vierli\/omrauland\/","og_locale":"nb_NO","og_type":"article","og_title":"Om Rauland - Vierli","og_description":"Om Rauland&nbsp;Rauland har et rikt og variert aktivitetstilbud for alle - enten du vil utforske turl\u00f8yper og vakker h\u00f8yfjellsnatur eller g\u00e5 for mer fartsfylte opplevelser. Med sin sentrale beliggenhet midt mellom s\u00f8r, \u00f8st og vest har du mange attraksjoner innen rekkevidde, i tillegg til alt du kan se og oppleve i Rauland og Rjukan-omr\u00e5det. Start for eksempel dagen med en ... Les Mer","og_url":"https:\/\/visitrauland.com\/vierli\/omrauland\/","og_site_name":"Vierli","article_modified_time":"2023-10-02T20:30:33+00:00","og_image":[{"url":"https:\/\/visitrauland.com\/vierli\/wp-content\/uploads\/sites\/42\/2021\/03\/vierlitoppen-1920-vidsyn.jpg","type":"","width":"","height":""}],"twitter_card":"summary_large_image","twitter_misc":{"Ansl. lesetid":"10 minutter"},"schema":{"@context":"https:\/\/schema.org","@graph":[{"@type":"WebPage","@id":"https:\/\/visitrauland.com\/vierli\/omrauland\/","url":"https:\/\/visitrauland.com\/vierli\/omrauland\/","name":"Om Rauland - Vierli","isPartOf":{"@id":"https:\/\/visitrauland.com\/vierli\/#website"},"primaryImageOfPage":{"@id":"https:\/\/visitrauland.com\/vierli\/omrauland\/#primaryimage"},"image":{"@id":"https:\/\/visitrauland.com\/vierli\/omrauland\/#primaryimage"},"thumbnailUrl":"https:\/\/visitrauland.com\/vierli\/wp-content\/uploads\/sites\/42\/2021\/03\/vierlitoppen-1920-vidsyn.jpg","datePublished":"2021-03-05T16:54:58+00:00","dateModified":"2023-10-02T20:30:33+00:00","breadcrumb":{"@id":"https:\/\/visitrauland.com\/vierli\/omrauland\/#breadcrumb"},"inLanguage":"nb-NO","potentialAction":[{"@type":"ReadAction","target":["https:\/\/visitrauland.com\/vierli\/omrauland\/"]}]},{"@type":"ImageObject","inLanguage":"nb-NO","@id":"https:\/\/visitrauland.com\/vierli\/omrauland\/#primaryimage","url":"https:\/\/visitrauland.com\/vierli\/wp-content\/uploads\/sites\/42\/2021\/03\/vierlitoppen-1920-vidsyn.jpg","contentUrl":"https:\/\/visitrauland.com\/vierli\/wp-content\/uploads\/sites\/42\/2021\/03\/vierlitoppen-1920-vidsyn.jpg","width":1920,"height":1080,"caption":"To barn med armene hevet foran en stor bronseskulptur under en bl\u00e5 himmel i fjelllandskap."},{"@type":"BreadcrumbList","@id":"https:\/\/visitrauland.com\/vierli\/omrauland\/#breadcrumb","itemListElement":[{"@type":"ListItem","position":1,"name":"Hjem","item":"https:\/\/visitrauland.com\/vierli\/"},{"@type":"ListItem","position":2,"name":"Om Rauland"}]},{"@type":"WebSite","@id":"https:\/\/visitrauland.com\/vierli\/#website","url":"https:\/\/visitrauland.com\/vierli\/","name":"Vierli","description":"Velkommen til Vierli","potentialAction":[{"@type":"SearchAction","target":{"@type":"EntryPoint","urlTemplate":"https:\/\/visitrauland.com\/vierli\/?s={search_term_string}"},"query-input":{"@type":"PropertyValueSpecification","valueRequired":true,"valueName":"search_term_string"}}],"inLanguage":"nb-NO"}]}},"_links":{"self":[{"href":"https:\/\/visitrauland.com\/vierli\/wp-json\/wp\/v2\/pages\/2015","targetHints":{"allow":["GET"]}}],"collection":[{"href":"https:\/\/visitrauland.com\/vierli\/wp-json\/wp\/v2\/pages"}],"about":[{"href":"https:\/\/visitrauland.com\/vierli\/wp-json\/wp\/v2\/types\/page"}],"author":[{"embeddable":true,"href":"https:\/\/visitrauland.com\/vierli\/wp-json\/wp\/v2\/users\/10"}],"replies":[{"embeddable":true,"href":"https:\/\/visitrauland.com\/vierli\/wp-json\/wp\/v2\/comments?post=2015"}],"version-history":[{"count":7,"href":"https:\/\/visitrauland.com\/vierli\/wp-json\/wp\/v2\/pages\/2015\/revisions"}],"predecessor-version":[{"id":2219,"href":"https:\/\/visitrauland.com\/vierli\/wp-json\/wp\/v2\/pages\/2015\/revisions\/2219"}],"wp:attachment":[{"href":"https:\/\/visitrauland.com\/vierli\/wp-json\/wp\/v2\/media?parent=2015"}],"curies":[{"name":"wp","href":"https:\/\/api.w.org\/{rel}","templated":true}]}}