{"id":339,"date":"2017-10-30T18:03:03","date_gmt":"2017-10-30T17:03:03","guid":{"rendered":"https:\/\/visitrauland.com\/telemarkhusky\/?page_id=339"},"modified":"2026-02-10T13:29:35","modified_gmt":"2026-02-10T12:29:35","slug":"racing","status":"publish","type":"page","link":"https:\/\/visitrauland.com\/telemarkhusky\/","title":{"rendered":"Telemark Husky"},"content":{"rendered":"<div id=\"cs-content\" class=\"cs-content\"><div class=\"x-section e339-e1 m9f-0 m9f-1 hero-2026\"><div class=\"x-bg\" aria-hidden=\"true\"><div class=\"x-bg-layer-lower-image\"><\/div><div class=\"x-bg-layer-upper-color\"><\/div><\/div><div class=\"x-div e339-e2 m9f-6 m9f-7 m9f-8 m9f-9\"><div class=\"x-text x-text-headline e339-e3 m9f-d m9f-e m9f-f\"><div class=\"x-text-content\"><div class=\"x-text-content-text\"><h1 class=\"x-text-content-text-primary\">Telemark Husky Tour<\/h1>\n<\/div><\/div><\/div><\/div><\/div><div id=\"x-section-1\" class=\"x-section\" style=\"margin: 0px;padding: 45px 0px; background-color: transparent;\"><div id class=\"x-container text-24px underhero-text max width\" style=\"margin: 0px auto;padding: 0px;\"><div class=\"x-column x-sm x-1-2\" style=\"padding: 0px;\"><hr class=\"x-line e339-e7 m9f-i\"><div id class=\"x-text\" style><p><span>Bli med p\u00e5 ein opplevelse i Rauland! <\/span><\/p>\n<p><strong>Telemark Husky har drive med hundekj\u00f8ring i 13 \u00e5r og tilbyr turer hele \u00e5ret samt overnatting i Arctic Dome p\u00e5 Rauland.&nbsp;<\/strong><\/p>\n<p>Se mer p\u00e5<a href=\"https:\/\/www.telemarkhuskytour.no\" target=\"_blank\" rel=\"noopener\"><strong> www.telemarkhuskytour.no<\/strong><\/a><\/p>\n<\/div><span class=\"x-image e339-e9 m9f-j\"><noscript><img decoding=\"async\" src=\"https:\/\/visitrauland.com\/telemarkhusky\/wp-content\/uploads\/sites\/83\/2019\/11\/husky04-1920.jpg\" width=\"960\" height=\"540\" alt=\"Svart og hvit hund st\u00e5r ute p\u00e5 sn\u00f8dekt g\u00e5rdsplass foran en trebygning.\"><\/noscript><img decoding=\"async\" src=\"data:image\/svg+xml,%3Csvg%20xmlns%3D%22http%3A%2F%2Fwww.w3.org%2F2000%2Fsvg%22%20viewBox%3D%220%200%20960%20540%22%3E%3C%2Fsvg%3E\" width=\"960\" height=\"540\" alt=\"Svart og hvit hund st\u00e5r ute p\u00e5 sn\u00f8dekt g\u00e5rdsplass foran en trebygning.\" data-src=\"https:\/\/visitrauland.com\/telemarkhusky\/wp-content\/uploads\/sites\/83\/2019\/11\/husky04-1920.jpg\" class=\" lazyload\"><\/span><\/div><div class=\"x-column x-sm x-1-2\" style=\"padding: 0px;\"><hr class=\"x-gap\" style=\"margin: 50px 0 0 0;\"><div id class=\"x-text\" style><p><noscript><img decoding=\"async\" src=\"https:\/\/visitrauland.com\/telemarkhusky\/wp-content\/uploads\/sites\/83\/2019\/11\/husky01.jpg\" alt=\"Beklager, jeg kan ikke identifisere personer p\u00e5 bildet. Men her er et forslag til alt-tekst: Kvinne med sledehunder i sn\u00f8dekt landskap.\" width=\"900\" height=\"506\" class=\"alignnone size-full wp-image-1871\" srcset=\"https:\/\/visitrauland.com\/telemarkhusky\/wp-content\/uploads\/sites\/83\/2019\/11\/husky01.jpg 900w, https:\/\/visitrauland.com\/telemarkhusky\/wp-content\/uploads\/sites\/83\/2019\/11\/husky01-300x169.jpg 300w, https:\/\/visitrauland.com\/telemarkhusky\/wp-content\/uploads\/sites\/83\/2019\/11\/husky01-768x432.jpg 768w, https:\/\/visitrauland.com\/telemarkhusky\/wp-content\/uploads\/sites\/83\/2019\/11\/husky01-500x281.jpg 500w, https:\/\/visitrauland.com\/telemarkhusky\/wp-content\/uploads\/sites\/83\/2019\/11\/husky01-100x56.jpg 100w, https:\/\/visitrauland.com\/telemarkhusky\/wp-content\/uploads\/sites\/83\/2019\/11\/husky01-862x485.jpg 862w\" sizes=\"(max-width: 900px) 100vw, 900px\"><\/noscript><img decoding=\"async\" src=\"data:image\/svg+xml,%3Csvg%20xmlns%3D%22http%3A%2F%2Fwww.w3.org%2F2000%2Fsvg%22%20viewBox%3D%220%200%20900%20506%22%3E%3C%2Fsvg%3E\" alt=\"Beklager, jeg kan ikke identifisere personer p\u00e5 bildet. Men her er et forslag til alt-tekst: Kvinne med sledehunder i sn\u00f8dekt landskap.\" width=\"900\" height=\"506\" class=\"alignnone size-full wp-image-1871 lazyload\" srcset=\"data:image\/svg+xml,%3Csvg%20xmlns%3D%22http%3A%2F%2Fwww.w3.org%2F2000%2Fsvg%22%20viewBox%3D%220%200%20900%20506%22%3E%3C%2Fsvg%3E 900w\" sizes=\"(max-width: 900px) 100vw, 900px\" data-srcset=\"https:\/\/visitrauland.com\/telemarkhusky\/wp-content\/uploads\/sites\/83\/2019\/11\/husky01.jpg 900w, https:\/\/visitrauland.com\/telemarkhusky\/wp-content\/uploads\/sites\/83\/2019\/11\/husky01-300x169.jpg 300w, https:\/\/visitrauland.com\/telemarkhusky\/wp-content\/uploads\/sites\/83\/2019\/11\/husky01-768x432.jpg 768w, https:\/\/visitrauland.com\/telemarkhusky\/wp-content\/uploads\/sites\/83\/2019\/11\/husky01-500x281.jpg 500w, https:\/\/visitrauland.com\/telemarkhusky\/wp-content\/uploads\/sites\/83\/2019\/11\/husky01-100x56.jpg 100w, https:\/\/visitrauland.com\/telemarkhusky\/wp-content\/uploads\/sites\/83\/2019\/11\/husky01-862x485.jpg 862w\" data-src=\"https:\/\/visitrauland.com\/telemarkhusky\/wp-content\/uploads\/sites\/83\/2019\/11\/husky01.jpg\"><\/p>\n<h5>Kontakt oss:<\/h5>\n<p>Merete Neset<br>\nMobil: 99502292<br>\nEpost:<span>&nbsp;<\/span><a rel=\"noreferrer noopener\" aria-label=\"post@telemarkhuskytour.no (\u00e5pner i en ny fane)\" href=\"mailto:post@telemarkhuskytour.no\" target=\"_blank\">post@telemarkhuskytour.no<\/a><\/p>\n<\/div><\/div><\/div><\/div><div id=\"aktiviteter\" class=\"x-section\" style=\"margin: 0px;padding: 45px 0px; background-color: transparent;\"><div id class=\"x-container max width\" style=\"margin: 0px auto;padding: 0px;\"><div class=\"x-column x-sm x-1-1\" style=\"padding: 0px;\"><h2 class=\"h-custom-headline h3\"><span>Aktiviteter<\/span><\/h2><hr class=\"x-gap\" style=\"margin: 50px 0 0 0;\"><\/div><\/div><div id class=\"x-container max width\" style=\"margin: 0px auto;padding: 0px;\"><div class=\"x-column x-sm x-1-3\" style=\"padding: 0px;\"><div class=\"x-promo\"><div class=\"x-promo-image-wrap\"><noscript><img decoding=\"async\" src=\"https:\/\/visitrauland.com\/telemarkhusky\/wp-content\/uploads\/sites\/83\/2019\/11\/husky03.jpg\" alt=\"Hundeslede med trekkhunder i vinterlandskap, sn\u00f8dekte fjell i bakgrunnen, klar bl\u00e5 himmel, solfylt dag.\"><\/noscript><img decoding=\"async\" src=\"data:image\/gif;base64,R0lGODlhAQABAIAAAAAAAP\/\/\/yH5BAEAAAAALAAAAAABAAEAAAIBRAA7\" alt=\"Hundeslede med trekkhunder i vinterlandskap, sn\u00f8dekte fjell i bakgrunnen, klar bl\u00e5 himmel, solfylt dag.\" data-src=\"https:\/\/visitrauland.com\/telemarkhusky\/wp-content\/uploads\/sites\/83\/2019\/11\/husky03.jpg\" class=\" lazyload\"><\/div><div class=\"x-promo-content\"><p><strong><a href=\"https:\/\/www.telemarkhuskytour.no\/turer\/\" target=\"_blank\" rel=\"noopener\">OPPLEVELSESTURER<\/a><\/strong><br>\nSe mer info om v\u00e5re opplevelsesturer.<\/p>\n<p><a class=\"x-btn\" href=\"https:\/\/www.telemarkhuskytour.no\/turer\/\" data-options=\"thumbnail: ''\">Les mer<\/a><\/p><\/div><\/div><\/div><div class=\"x-column x-sm x-1-3\" style=\"padding: 0px;\"><div class=\"x-promo\"><div class=\"x-promo-image-wrap\"><noscript><img decoding=\"async\" src=\"https:\/\/visitrauland.com\/telemarkhusky\/wp-content\/uploads\/sites\/83\/2022\/08\/download-1_1920-1024x576-1.jpg\" alt=\"Person slapper av i stol ute ved telt, med ildsted og skog. Solen skinner over fjellene i bakgrunnen.\"><\/noscript><img decoding=\"async\" src=\"data:image\/gif;base64,R0lGODlhAQABAIAAAAAAAP\/\/\/yH5BAEAAAAALAAAAAABAAEAAAIBRAA7\" alt=\"Person slapper av i stol ute ved telt, med ildsted og skog. Solen skinner over fjellene i bakgrunnen.\" data-src=\"https:\/\/visitrauland.com\/telemarkhusky\/wp-content\/uploads\/sites\/83\/2022\/08\/download-1_1920-1024x576-1.jpg\" class=\" lazyload\"><\/div><div class=\"x-promo-content\"><p><strong><a href=\"https:\/\/www.telemarkhuskytour.no\/artic-dome-booking\/\" target=\"_blank\" rel=\"noopener\">ARCTIC DOME<\/a><\/strong><br>\nTelemark Husky tilbyr overnatting i Arctic Dome.<\/p>\n<p><a class=\"x-btn\" href=\"https:\/\/www.telemarkhuskytour.no\/artic-dome-booking\/\" data-options=\"thumbnail: ''\">Les mer<\/a><\/p><\/div><\/div><\/div><div class=\"x-column x-sm x-1-3\" style=\"padding: 0px;\">&nbsp;<\/div><\/div><div id class=\"x-container max width\" style=\"margin: 0px auto;padding: 0px;\"><\/div><\/div><div class=\"x-section e339-e25 m9f-0 m9f-2\"><div class=\"x-row e339-e26 m9f-l m9f-m m9f-n m9f-r overflow-scroll-title\"><div class=\"x-row-inner\"><div class=\"x-col e339-e27 m9f-u\"><div class=\"x-text x-text-headline e339-e28 m9f-e m9f-f m9f-g\"><div class=\"x-text-content\"><div class=\"x-text-content-text\"><h3 class=\"x-text-content-text-primary\">Siste nytt<\/h3>\n<\/div><\/div><\/div><\/div><\/div><\/div><div class=\"x-row e339-e33 m9f-l m9f-n m9f-o m9f-p m9f-s overflow-scroll-wrapper\"><div class=\"x-row-inner\"><div class=\"x-col e339-e34 m9f-u overflow-scroll\" id=\"posts-1\"><div class=\"x-row e339-e35 m9f-l m9f-o m9f-q m9f-t overflow-scroll-posts\"><div class=\"x-row-inner\"><a class=\"x-col e339-e36 m9f-u m9f-v m9f-x m9f-3 m9f-4 overflow-scroll-post\" href=\"https:\/\/visitrauland.com\/telemarkhusky\/hundekjoring-vinter\/\"><figure class=\"x-div e339-e37 m9f-8 m9f-9 m9f-a m9f-b\"><span class=\"x-image e339-e38 m9f-j m9f-k\"><noscript><img decoding=\"async\" src=\"https:\/\/visitrauland.com\/telemarkhusky\/wp-content\/uploads\/sites\/83\/2019\/11\/husky03.jpg\" width=\"450\" height=\"253\" alt=\"Featured image for \u201cHundekj\u00f8ring vinter\u201d\"><\/noscript><img decoding=\"async\" src=\"data:image\/svg+xml,%3Csvg%20xmlns%3D%22http%3A%2F%2Fwww.w3.org%2F2000%2Fsvg%22%20viewBox%3D%220%200%20450%20253%22%3E%3C%2Fsvg%3E\" width=\"450\" height=\"253\" alt=\"Featured image for \u201cHundekj\u00f8ring vinter\u201d\" data-src=\"https:\/\/visitrauland.com\/telemarkhusky\/wp-content\/uploads\/sites\/83\/2019\/11\/husky03.jpg\" class=\" lazyload\"><\/span><\/figure><article class=\"x-div e339-e39 m9f-6 m9f-9 m9f-b m9f-c\"><div class=\"x-text x-text-headline e339-e40 m9f-f m9f-h m9f-3 m9f-5 max-2-lines force-inter\"><div class=\"x-text-content\"><div class=\"x-text-content-text\"><h2 class=\"x-text-content-text-primary\">Hundekj\u00f8ring vinter<\/h2>\n<\/div><\/div><\/div><div class=\"x-text x-content e339-e41 m9f-10 m9f-11\">Vinter 1 times tur 700 pr voksen \/ 450 pr barn 3 timers tur 1400 pr voksen \/ 800 pr\u2026<\/div><\/article><\/a><a class=\"x-col e339-e36 m9f-u m9f-v m9f-x m9f-3 m9f-4 overflow-scroll-post\" href=\"https:\/\/visitrauland.com\/telemarkhusky\/her-kan-du-overnatte-i-en-artic-dome\/\"><figure class=\"x-div e339-e37 m9f-8 m9f-9 m9f-a m9f-b\"><span class=\"x-image e339-e38 m9f-j m9f-k\"><noscript><img decoding=\"async\" src=\"https:\/\/visitrauland.com\/telemarkhusky\/wp-content\/uploads\/sites\/83\/2022\/08\/download-1_1920-1024x576-1.jpg\" width=\"512\" height=\"288\" alt=\"Featured image for \u201cHer kan du overnatte i en Arctic Dome\u201d\"><\/noscript><img decoding=\"async\" src=\"data:image\/svg+xml,%3Csvg%20xmlns%3D%22http%3A%2F%2Fwww.w3.org%2F2000%2Fsvg%22%20viewBox%3D%220%200%20512%20288%22%3E%3C%2Fsvg%3E\" width=\"512\" height=\"288\" alt=\"Featured image for \u201cHer kan du overnatte i en Arctic Dome\u201d\" data-src=\"https:\/\/visitrauland.com\/telemarkhusky\/wp-content\/uploads\/sites\/83\/2022\/08\/download-1_1920-1024x576-1.jpg\" class=\" lazyload\"><\/span><\/figure><article class=\"x-div e339-e39 m9f-6 m9f-9 m9f-b m9f-c\"><div class=\"x-text x-text-headline e339-e40 m9f-f m9f-h m9f-3 m9f-5 max-2-lines force-inter\"><div class=\"x-text-content\"><div class=\"x-text-content-text\"><h2 class=\"x-text-content-text-primary\">Her kan du overnatte i en Arctic Dome<\/h2>\n<\/div><\/div><\/div><div class=\"x-text x-content e339-e41 m9f-10 m9f-11\">N\u00e5 kan du overnatte i en Arctic Dome p\u00e5 Rauland! Telemark Husky Tour tilbyr overnatting i en Dome med fantastisk\u2026<\/div><\/article><\/a><a class=\"x-col e339-e36 m9f-u m9f-v m9f-x m9f-3 m9f-4 overflow-scroll-post\" href=\"https:\/\/visitrauland.com\/telemarkhusky\/rundturer-med-stor-slede-i-holtardalen\/\"><figure class=\"x-div e339-e37 m9f-8 m9f-9 m9f-a m9f-b\"><span class=\"x-image e339-e38 m9f-j m9f-k\"><noscript><img decoding=\"async\" src=\"https:\/\/visitrauland.com\/telemarkhusky\/wp-content\/uploads\/sites\/83\/2023\/02\/Telemark-Huskytour-00904-1_1920.jpg\" width=\"960\" height=\"540\" alt=\"Featured image for \u201cRundturer med stor slede i Holtardalen\u201d\"><\/noscript><img decoding=\"async\" src=\"data:image\/svg+xml,%3Csvg%20xmlns%3D%22http%3A%2F%2Fwww.w3.org%2F2000%2Fsvg%22%20viewBox%3D%220%200%20960%20540%22%3E%3C%2Fsvg%3E\" width=\"960\" height=\"540\" alt=\"Featured image for \u201cRundturer med stor slede i Holtardalen\u201d\" data-src=\"https:\/\/visitrauland.com\/telemarkhusky\/wp-content\/uploads\/sites\/83\/2023\/02\/Telemark-Huskytour-00904-1_1920.jpg\" class=\" lazyload\"><\/span><\/figure><article class=\"x-div e339-e39 m9f-6 m9f-9 m9f-b m9f-c\"><div class=\"x-text x-text-headline e339-e40 m9f-f m9f-h m9f-3 m9f-5 max-2-lines force-inter\"><div class=\"x-text-content\"><div class=\"x-text-content-text\"><h2 class=\"x-text-content-text-primary\">Rundturer med stor slede i Holtardalen<\/h2>\n<\/div><\/div><\/div><div class=\"x-text x-content e339-e41 m9f-10 m9f-11\">Opplev ekte hundespann i Holtardalen p\u00e5 Rauland med Telemark Husky Tour! Sitt komfortabelt i stor slede mens huskyene og ekspertguidene\u2026<\/div><\/article><\/a><\/div><\/div><\/div><div class=\"x-col e339-e42 m9f-u\"><div id=\"post-1-progress-bar\"><\/div><\/div><\/div><\/div><\/div><\/div>\n","protected":false},"excerpt":{"rendered":"<p>Telemark Husky Tour Bli med p\u00e5 ein opplevelse i Rauland! Telemark Husky har drive med hundekj\u00f8ring i 13 \u00e5r og tilbyr turer hele \u00e5ret samt overnatting i Arctic Dome p\u00e5 Rauland.&nbsp; Se mer p\u00e5 www.telemarkhuskytour.no Kontakt oss: Merete Neset Mobil: 99502292 Epost:&nbsp;post@telemarkhuskytour.no AktiviteterOPPLEVELSESTURER Se mer info om v\u00e5re opplevelsesturer. Les merARCTIC DOME Telemark Husky tilbyr overnatting i Arctic Dome. Les &#8230; <\/p>\n<div><a href=\"https:\/\/visitrauland.com\/telemarkhusky\/\" class=\"more-link\">Les Mer<\/a><\/div>\n","protected":false},"author":3,"featured_media":0,"parent":0,"menu_order":0,"comment_status":"closed","ping_status":"closed","template":"template-sites.php","meta":{"_relevanssi_hide_post":"","_relevanssi_hide_content":"","_relevanssi_pin_for_all":"","_relevanssi_pin_keywords":"","_relevanssi_unpin_keywords":"","_relevanssi_related_keywords":"","_relevanssi_related_include_ids":"","_relevanssi_related_exclude_ids":"","_relevanssi_related_no_append":"","_relevanssi_related_not_related":"","_relevanssi_related_posts":"1973,1960,1969,1887,1851","_relevanssi_noindex_reason":"","seo_booster_metabox":"","footnotes":""},"class_list":["post-339","page","type-page","status-publish","hentry","no-post-thumbnail"],"yoast_head":"<!-- This site is optimized with the Yoast SEO plugin v27.2 - https:\/\/yoast.com\/product\/yoast-seo-wordpress\/ -->\n<title>Telemark Husky - Telemark Husky<\/title>\n<meta name=\"robots\" content=\"index, follow, max-snippet:-1, max-image-preview:large, max-video-preview:-1\" \/>\n<link rel=\"canonical\" href=\"https:\/\/visitrauland.com\/telemarkhusky\/\" \/>\n<meta property=\"og:locale\" content=\"nb_NO\" \/>\n<meta property=\"og:type\" content=\"article\" \/>\n<meta property=\"og:title\" content=\"Telemark Husky - Telemark Husky\" \/>\n<meta property=\"og:description\" content=\"Telemark Husky Tour Bli med p\u00e5 ein opplevelse i Rauland! Telemark Husky har drive med hundekj\u00f8ring i 13 \u00e5r og tilbyr turer hele \u00e5ret samt overnatting i Arctic Dome p\u00e5 Rauland.&nbsp; Se mer p\u00e5 www.telemarkhuskytour.no Kontakt oss: Merete Neset Mobil: 99502292 Epost:&nbsp;post@telemarkhuskytour.no AktiviteterOPPLEVELSESTURER Se mer info om v\u00e5re opplevelsesturer. Les merARCTIC DOME Telemark Husky tilbyr overnatting i Arctic Dome. Les ... Les Mer\" \/>\n<meta property=\"og:url\" content=\"https:\/\/visitrauland.com\/telemarkhusky\/\" \/>\n<meta property=\"og:site_name\" content=\"Telemark Husky\" \/>\n<meta property=\"article:modified_time\" content=\"2026-02-10T12:29:35+00:00\" \/>\n<meta property=\"og:image\" content=\"https:\/\/visitrauland.com\/telemarkhusky\/wp-content\/uploads\/sites\/83\/2019\/11\/husky01.jpg\" \/>\n<meta name=\"twitter:card\" content=\"summary_large_image\" \/>\n<meta name=\"twitter:label1\" content=\"Ansl. lesetid\" \/>\n\t<meta name=\"twitter:data1\" content=\"4 minutter\" \/>\n<script type=\"application\/ld+json\" class=\"yoast-schema-graph\">{\"@context\":\"https:\/\/schema.org\",\"@graph\":[{\"@type\":\"WebPage\",\"@id\":\"https:\/\/visitrauland.com\/telemarkhusky\/\",\"url\":\"https:\/\/visitrauland.com\/telemarkhusky\/\",\"name\":\"Telemark Husky - Telemark Husky\",\"isPartOf\":{\"@id\":\"https:\/\/visitrauland.com\/telemarkhusky\/#website\"},\"primaryImageOfPage\":{\"@id\":\"https:\/\/visitrauland.com\/telemarkhusky\/#primaryimage\"},\"image\":{\"@id\":\"https:\/\/visitrauland.com\/telemarkhusky\/#primaryimage\"},\"thumbnailUrl\":\"https:\/\/visitrauland.com\/telemarkhusky\/wp-content\/uploads\/sites\/83\/2019\/11\/husky01.jpg\",\"datePublished\":\"2017-10-30T17:03:03+00:00\",\"dateModified\":\"2026-02-10T12:29:35+00:00\",\"breadcrumb\":{\"@id\":\"https:\/\/visitrauland.com\/telemarkhusky\/#breadcrumb\"},\"inLanguage\":\"nb-NO\",\"potentialAction\":[{\"@type\":\"ReadAction\",\"target\":[\"https:\/\/visitrauland.com\/telemarkhusky\/\"]}]},{\"@type\":\"ImageObject\",\"inLanguage\":\"nb-NO\",\"@id\":\"https:\/\/visitrauland.com\/telemarkhusky\/#primaryimage\",\"url\":\"https:\/\/visitrauland.com\/telemarkhusky\/wp-content\/uploads\/sites\/83\/2019\/11\/husky01.jpg\",\"contentUrl\":\"https:\/\/visitrauland.com\/telemarkhusky\/wp-content\/uploads\/sites\/83\/2019\/11\/husky01.jpg\",\"width\":900,\"height\":506,\"caption\":\"Beklager, jeg kan ikke identifisere personer p\u00e5 bildet. Men her er et forslag til alt-tekst: Kvinne med sledehunder i sn\u00f8dekt landskap.\"},{\"@type\":\"BreadcrumbList\",\"@id\":\"https:\/\/visitrauland.com\/telemarkhusky\/#breadcrumb\",\"itemListElement\":[{\"@type\":\"ListItem\",\"position\":1,\"name\":\"Hjem\",\"item\":\"https:\/\/visitrauland.com\/telemarkhusky\/\"},{\"@type\":\"ListItem\",\"position\":2,\"name\":\"Telemark Husky\"}]},{\"@type\":\"WebSite\",\"@id\":\"https:\/\/visitrauland.com\/telemarkhusky\/#website\",\"url\":\"https:\/\/visitrauland.com\/telemarkhusky\/\",\"name\":\"Telemark Husky\",\"description\":\"3 hytter med flott utsikt over Lognvikvatn\",\"potentialAction\":[{\"@type\":\"SearchAction\",\"target\":{\"@type\":\"EntryPoint\",\"urlTemplate\":\"https:\/\/visitrauland.com\/telemarkhusky\/?s={search_term_string}\"},\"query-input\":{\"@type\":\"PropertyValueSpecification\",\"valueRequired\":true,\"valueName\":\"search_term_string\"}}],\"inLanguage\":\"nb-NO\"}]}<\/script>\n<!-- \/ Yoast SEO plugin. -->","yoast_head_json":{"title":"Telemark Husky - Telemark Husky","robots":{"index":"index","follow":"follow","max-snippet":"max-snippet:-1","max-image-preview":"max-image-preview:large","max-video-preview":"max-video-preview:-1"},"canonical":"https:\/\/visitrauland.com\/telemarkhusky\/","og_locale":"nb_NO","og_type":"article","og_title":"Telemark Husky - Telemark Husky","og_description":"Telemark Husky Tour Bli med p\u00e5 ein opplevelse i Rauland! Telemark Husky har drive med hundekj\u00f8ring i 13 \u00e5r og tilbyr turer hele \u00e5ret samt overnatting i Arctic Dome p\u00e5 Rauland.&nbsp; Se mer p\u00e5 www.telemarkhuskytour.no Kontakt oss: Merete Neset Mobil: 99502292 Epost:&nbsp;post@telemarkhuskytour.no AktiviteterOPPLEVELSESTURER Se mer info om v\u00e5re opplevelsesturer. Les merARCTIC DOME Telemark Husky tilbyr overnatting i Arctic Dome. Les ... Les Mer","og_url":"https:\/\/visitrauland.com\/telemarkhusky\/","og_site_name":"Telemark Husky","article_modified_time":"2026-02-10T12:29:35+00:00","og_image":[{"url":"https:\/\/visitrauland.com\/telemarkhusky\/wp-content\/uploads\/sites\/83\/2019\/11\/husky01.jpg","type":"","width":"","height":""}],"twitter_card":"summary_large_image","twitter_misc":{"Ansl. lesetid":"4 minutter"},"schema":{"@context":"https:\/\/schema.org","@graph":[{"@type":"WebPage","@id":"https:\/\/visitrauland.com\/telemarkhusky\/","url":"https:\/\/visitrauland.com\/telemarkhusky\/","name":"Telemark Husky - Telemark Husky","isPartOf":{"@id":"https:\/\/visitrauland.com\/telemarkhusky\/#website"},"primaryImageOfPage":{"@id":"https:\/\/visitrauland.com\/telemarkhusky\/#primaryimage"},"image":{"@id":"https:\/\/visitrauland.com\/telemarkhusky\/#primaryimage"},"thumbnailUrl":"https:\/\/visitrauland.com\/telemarkhusky\/wp-content\/uploads\/sites\/83\/2019\/11\/husky01.jpg","datePublished":"2017-10-30T17:03:03+00:00","dateModified":"2026-02-10T12:29:35+00:00","breadcrumb":{"@id":"https:\/\/visitrauland.com\/telemarkhusky\/#breadcrumb"},"inLanguage":"nb-NO","potentialAction":[{"@type":"ReadAction","target":["https:\/\/visitrauland.com\/telemarkhusky\/"]}]},{"@type":"ImageObject","inLanguage":"nb-NO","@id":"https:\/\/visitrauland.com\/telemarkhusky\/#primaryimage","url":"https:\/\/visitrauland.com\/telemarkhusky\/wp-content\/uploads\/sites\/83\/2019\/11\/husky01.jpg","contentUrl":"https:\/\/visitrauland.com\/telemarkhusky\/wp-content\/uploads\/sites\/83\/2019\/11\/husky01.jpg","width":900,"height":506,"caption":"Beklager, jeg kan ikke identifisere personer p\u00e5 bildet. Men her er et forslag til alt-tekst: Kvinne med sledehunder i sn\u00f8dekt landskap."},{"@type":"BreadcrumbList","@id":"https:\/\/visitrauland.com\/telemarkhusky\/#breadcrumb","itemListElement":[{"@type":"ListItem","position":1,"name":"Hjem","item":"https:\/\/visitrauland.com\/telemarkhusky\/"},{"@type":"ListItem","position":2,"name":"Telemark Husky"}]},{"@type":"WebSite","@id":"https:\/\/visitrauland.com\/telemarkhusky\/#website","url":"https:\/\/visitrauland.com\/telemarkhusky\/","name":"Telemark Husky","description":"3 hytter med flott utsikt over Lognvikvatn","potentialAction":[{"@type":"SearchAction","target":{"@type":"EntryPoint","urlTemplate":"https:\/\/visitrauland.com\/telemarkhusky\/?s={search_term_string}"},"query-input":{"@type":"PropertyValueSpecification","valueRequired":true,"valueName":"search_term_string"}}],"inLanguage":"nb-NO"}]}},"_links":{"self":[{"href":"https:\/\/visitrauland.com\/telemarkhusky\/wp-json\/wp\/v2\/pages\/339","targetHints":{"allow":["GET"]}}],"collection":[{"href":"https:\/\/visitrauland.com\/telemarkhusky\/wp-json\/wp\/v2\/pages"}],"about":[{"href":"https:\/\/visitrauland.com\/telemarkhusky\/wp-json\/wp\/v2\/types\/page"}],"author":[{"embeddable":true,"href":"https:\/\/visitrauland.com\/telemarkhusky\/wp-json\/wp\/v2\/users\/3"}],"replies":[{"embeddable":true,"href":"https:\/\/visitrauland.com\/telemarkhusky\/wp-json\/wp\/v2\/comments?post=339"}],"version-history":[{"count":18,"href":"https:\/\/visitrauland.com\/telemarkhusky\/wp-json\/wp\/v2\/pages\/339\/revisions"}],"predecessor-version":[{"id":2011,"href":"https:\/\/visitrauland.com\/telemarkhusky\/wp-json\/wp\/v2\/pages\/339\/revisions\/2011"}],"wp:attachment":[{"href":"https:\/\/visitrauland.com\/telemarkhusky\/wp-json\/wp\/v2\/media?parent=339"}],"curies":[{"name":"wp","href":"https:\/\/api.w.org\/{rel}","templated":true}]}}