{"id":339,"date":"2017-10-30T18:03:03","date_gmt":"2017-10-30T17:03:03","guid":{"rendered":"https:\/\/visitrauland.com\/min-indiske-jul\/?page_id=339"},"modified":"2026-01-09T10:11:11","modified_gmt":"2026-01-09T09:11:11","slug":"minindiskejul","status":"publish","type":"page","link":"https:\/\/visitrauland.com\/sa-var-det-jul-igjen-netflix\/","title":{"rendered":"Romantisk julekomedie spilles inn i Rauland"},"content":{"rendered":"<div id=\"cs-content\" class=\"cs-content\"><\/div>\n","protected":false},"excerpt":{"rendered":"<p>S\u00e5 var det jul igjen Thea reiser til hjembygda for \u00e5 feire norsk jul med familien. Men i \u00e5r har hun med seg Jashan, den indiske kj\u00e6resten. Det som skulle bli en helt vanlig jul, utvikler seg snart til en turbulent og hjertevarmfeiring som snur opp-ned p\u00e5 tradisjoner og tvinger familien til \u00e5 finne julegleden p\u00e5 ny. Str\u00f8m filmen p\u00e5 &#8230; <\/p>\n<div><a href=\"https:\/\/visitrauland.com\/sa-var-det-jul-igjen-netflix\/netflix-film-spilt-inn-pa-rauland\/\" class=\"more-link\">Les Mer<\/a><\/div>\n","protected":false},"author":3,"featured_media":0,"parent":0,"menu_order":0,"comment_status":"closed","ping_status":"closed","template":"template-sites.php","meta":{"_relevanssi_hide_post":"","_relevanssi_hide_content":"","_relevanssi_pin_for_all":"","_relevanssi_pin_keywords":"","_relevanssi_unpin_keywords":"","_relevanssi_related_keywords":"","_relevanssi_related_include_ids":"","_relevanssi_related_exclude_ids":"","_relevanssi_related_no_append":"","_relevanssi_related_not_related":"","_relevanssi_related_posts":"2027,2051,2069,1","_relevanssi_noindex_reason":"","seo_booster_metabox":"","footnotes":""},"class_list":["post-339","page","type-page","status-publish","hentry","no-post-thumbnail"],"yoast_head":"<!-- This site is optimized with the Yoast SEO plugin v27.2 - https:\/\/yoast.com\/product\/yoast-seo-wordpress\/ -->\n<title>Romantisk julekomedie spilles inn i Rauland - Visit Rauland<\/title>\n<meta name=\"description\" content=\"Spillefilm fra Rauland produsert i 2023.\" \/>\n<meta name=\"robots\" content=\"index, follow, max-snippet:-1, max-image-preview:large, max-video-preview:-1\" \/>\n<link rel=\"canonical\" href=\"https:\/\/visitrauland.com\/sa-var-det-jul-igjen-netflix\/\" \/>\n<meta property=\"og:locale\" content=\"nb_NO\" \/>\n<meta property=\"og:type\" content=\"article\" \/>\n<meta property=\"og:title\" content=\"Romantisk julekomedie spilles inn i Rauland - Visit Rauland\" \/>\n<meta property=\"og:description\" content=\"Spillefilm fra Rauland produsert i 2023.\" \/>\n<meta property=\"og:url\" content=\"https:\/\/visitrauland.com\/sa-var-det-jul-igjen-netflix\/\" \/>\n<meta property=\"og:site_name\" content=\"S\u00e5 var det jul igjen\" \/>\n<meta property=\"article:modified_time\" content=\"2026-01-09T09:11:11+00:00\" \/>\n<meta name=\"twitter:card\" content=\"summary_large_image\" \/>\n<meta name=\"twitter:label1\" content=\"Ansl. lesetid\" \/>\n\t<meta name=\"twitter:data1\" content=\"7 minutter\" \/>\n<script type=\"application\/ld+json\" class=\"yoast-schema-graph\">{\"@context\":\"https:\/\/schema.org\",\"@graph\":[{\"@type\":\"WebPage\",\"@id\":\"https:\/\/visitrauland.com\/sa-var-det-jul-igjen-netflix\/\",\"url\":\"https:\/\/visitrauland.com\/sa-var-det-jul-igjen-netflix\/\",\"name\":\"Romantisk julekomedie spilles inn i Rauland - Visit Rauland\",\"isPartOf\":{\"@id\":\"https:\/\/visitrauland.com\/sa-var-det-jul-igjen-netflix\/#website\"},\"datePublished\":\"2017-10-30T17:03:03+00:00\",\"dateModified\":\"2026-01-09T09:11:11+00:00\",\"description\":\"Spillefilm fra Rauland produsert i 2023.\",\"breadcrumb\":{\"@id\":\"https:\/\/visitrauland.com\/sa-var-det-jul-igjen-netflix\/#breadcrumb\"},\"inLanguage\":\"nb-NO\",\"potentialAction\":[{\"@type\":\"ReadAction\",\"target\":[\"https:\/\/visitrauland.com\/sa-var-det-jul-igjen-netflix\/\"]}]},{\"@type\":\"BreadcrumbList\",\"@id\":\"https:\/\/visitrauland.com\/sa-var-det-jul-igjen-netflix\/#breadcrumb\",\"itemListElement\":[{\"@type\":\"ListItem\",\"position\":1,\"name\":\"Hjem\",\"item\":\"https:\/\/visitrauland.com\/sa-var-det-jul-igjen-netflix\/\"},{\"@type\":\"ListItem\",\"position\":2,\"name\":\"Romantisk julekomedie spilles inn i Rauland\"}]},{\"@type\":\"WebSite\",\"@id\":\"https:\/\/visitrauland.com\/sa-var-det-jul-igjen-netflix\/#website\",\"url\":\"https:\/\/visitrauland.com\/sa-var-det-jul-igjen-netflix\/\",\"name\":\"S\u00e5 var det jul igjen\",\"description\":\"Julefilm spilt inn p\u00e5 Rauland\",\"potentialAction\":[{\"@type\":\"SearchAction\",\"target\":{\"@type\":\"EntryPoint\",\"urlTemplate\":\"https:\/\/visitrauland.com\/sa-var-det-jul-igjen-netflix\/?s={search_term_string}\"},\"query-input\":{\"@type\":\"PropertyValueSpecification\",\"valueRequired\":true,\"valueName\":\"search_term_string\"}}],\"inLanguage\":\"nb-NO\"}]}<\/script>\n<!-- \/ Yoast SEO plugin. -->","yoast_head_json":{"title":"Romantisk julekomedie spilles inn i Rauland - Visit Rauland","description":"Spillefilm fra Rauland produsert i 2023.","robots":{"index":"index","follow":"follow","max-snippet":"max-snippet:-1","max-image-preview":"max-image-preview:large","max-video-preview":"max-video-preview:-1"},"canonical":"https:\/\/visitrauland.com\/sa-var-det-jul-igjen-netflix\/","og_locale":"nb_NO","og_type":"article","og_title":"Romantisk julekomedie spilles inn i Rauland - Visit Rauland","og_description":"Spillefilm fra Rauland produsert i 2023.","og_url":"https:\/\/visitrauland.com\/sa-var-det-jul-igjen-netflix\/","og_site_name":"S\u00e5 var det jul igjen","article_modified_time":"2026-01-09T09:11:11+00:00","twitter_card":"summary_large_image","twitter_misc":{"Ansl. lesetid":"7 minutter"},"schema":{"@context":"https:\/\/schema.org","@graph":[{"@type":"WebPage","@id":"https:\/\/visitrauland.com\/sa-var-det-jul-igjen-netflix\/","url":"https:\/\/visitrauland.com\/sa-var-det-jul-igjen-netflix\/","name":"Romantisk julekomedie spilles inn i Rauland - Visit Rauland","isPartOf":{"@id":"https:\/\/visitrauland.com\/sa-var-det-jul-igjen-netflix\/#website"},"datePublished":"2017-10-30T17:03:03+00:00","dateModified":"2026-01-09T09:11:11+00:00","description":"Spillefilm fra Rauland produsert i 2023.","breadcrumb":{"@id":"https:\/\/visitrauland.com\/sa-var-det-jul-igjen-netflix\/#breadcrumb"},"inLanguage":"nb-NO","potentialAction":[{"@type":"ReadAction","target":["https:\/\/visitrauland.com\/sa-var-det-jul-igjen-netflix\/"]}]},{"@type":"BreadcrumbList","@id":"https:\/\/visitrauland.com\/sa-var-det-jul-igjen-netflix\/#breadcrumb","itemListElement":[{"@type":"ListItem","position":1,"name":"Hjem","item":"https:\/\/visitrauland.com\/sa-var-det-jul-igjen-netflix\/"},{"@type":"ListItem","position":2,"name":"Romantisk julekomedie spilles inn i Rauland"}]},{"@type":"WebSite","@id":"https:\/\/visitrauland.com\/sa-var-det-jul-igjen-netflix\/#website","url":"https:\/\/visitrauland.com\/sa-var-det-jul-igjen-netflix\/","name":"S\u00e5 var det jul igjen","description":"Julefilm spilt inn p\u00e5 Rauland","potentialAction":[{"@type":"SearchAction","target":{"@type":"EntryPoint","urlTemplate":"https:\/\/visitrauland.com\/sa-var-det-jul-igjen-netflix\/?s={search_term_string}"},"query-input":{"@type":"PropertyValueSpecification","valueRequired":true,"valueName":"search_term_string"}}],"inLanguage":"nb-NO"}]}},"_links":{"self":[{"href":"https:\/\/visitrauland.com\/sa-var-det-jul-igjen-netflix\/wp-json\/wp\/v2\/pages\/339","targetHints":{"allow":["GET"]}}],"collection":[{"href":"https:\/\/visitrauland.com\/sa-var-det-jul-igjen-netflix\/wp-json\/wp\/v2\/pages"}],"about":[{"href":"https:\/\/visitrauland.com\/sa-var-det-jul-igjen-netflix\/wp-json\/wp\/v2\/types\/page"}],"author":[{"embeddable":true,"href":"https:\/\/visitrauland.com\/sa-var-det-jul-igjen-netflix\/wp-json\/wp\/v2\/users\/3"}],"replies":[{"embeddable":true,"href":"https:\/\/visitrauland.com\/sa-var-det-jul-igjen-netflix\/wp-json\/wp\/v2\/comments?post=339"}],"version-history":[{"count":24,"href":"https:\/\/visitrauland.com\/sa-var-det-jul-igjen-netflix\/wp-json\/wp\/v2\/pages\/339\/revisions"}],"predecessor-version":[{"id":2067,"href":"https:\/\/visitrauland.com\/sa-var-det-jul-igjen-netflix\/wp-json\/wp\/v2\/pages\/339\/revisions\/2067"}],"wp:attachment":[{"href":"https:\/\/visitrauland.com\/sa-var-det-jul-igjen-netflix\/wp-json\/wp\/v2\/media?parent=339"}],"curies":[{"name":"wp","href":"https:\/\/api.w.org\/{rel}","templated":true}]}}