{"id":1947,"date":"2018-01-02T16:08:05","date_gmt":"2018-01-02T15:08:05","guid":{"rendered":"https:\/\/visitrauland.com\/raulandsakademiet\/?page_id=1947"},"modified":"2025-11-28T11:42:47","modified_gmt":"2025-11-28T10:42:47","slug":"selskap","status":"publish","type":"page","link":"https:\/\/visitrauland.com\/raulandsakademiet\/selskap\/","title":{"rendered":"Selskap og catering"},"content":{"rendered":"<div id=\"cs-content\" class=\"cs-content\"><div id=\"x-section-1\" class=\"x-section\" style=\"margin: 0px;padding: 0px; background-color: transparent;\"><div id class=\"x-container\" style=\"margin: 0px auto;padding: 0px;\"><div class=\"x-column x-sm x-1-1\" style=\"padding: 0px;\"><div id class=\"x-text\" style><p><strong>Har du noko \u00e5 feire? Me tek gjerne p\u00e5 oss \u00e5 arrangere selskap og andre tilstellingar, for dei som m\u00e5tte ynskje det. Me har gode erfaringar med \u00e5 arrangere slektstemne, jubileum, bursdagsfeiring, bryllup, festar og jolebord.<\/strong><\/p>\n<p>Sj\u00e5 cateringmeny nedanfor. Me lagar den rette pakka for deg &#8211; ta kontakt.<\/p>\n<\/div><\/div><\/div><div id class=\"x-container\" style=\"margin: 0px auto;padding: 0px;\"><div class=\"x-column x-sm x-1-1\" style=\"padding: 0px;\"><noscript><img decoding=\"async\" class=\"x-img x-img-none\" src=\"https:\/\/visitrauland.com\/raulandsakademiet\/wp-content\/uploads\/sites\/32\/2017\/12\/Selskap-full-bredde.jpg\"><\/noscript><img decoding=\"async\" class=\"x-img x-img-none lazyload\" src=\"data:image\/gif;base64,R0lGODlhAQABAIAAAAAAAP\/\/\/yH5BAEAAAAALAAAAAABAAEAAAIBRAA7\" data-src=\"https:\/\/visitrauland.com\/raulandsakademiet\/wp-content\/uploads\/sites\/32\/2017\/12\/Selskap-full-bredde.jpg\"><\/div><\/div><\/div><div id=\"x-section-2\" class=\"x-section\" style=\"margin: 0px;padding: 0px 0px 10px; background-color: transparent;\"><div id class=\"x-container\" style=\"margin: 0px auto;padding: 0px;\"><div class=\"x-column x-sm x-1-1\" style=\"padding: 0px;\"><div id class=\"x-text\" style><p><strong>Vinjesalen<\/strong><br>\nEr det st\u00f8rre arrangement, der ein treng plass til mange folk, har me Vinjesalen. Me syter for mat og drikke. Om gjestene ynskjer \u00e5 overnatte er det h\u00f8ve til det her.<\/p>\n<\/div><\/div><\/div><\/div><div id=\"x-section-3\" class=\"x-section\" style=\"margin: 0px;padding: 0px; background-color: transparent;\"><div id class=\"x-container\" style=\"margin: 0px auto;padding: 0px;\"><div class=\"x-column x-sm x-1-2\" style=\"padding: 0px;\"><noscript><img decoding=\"async\" class=\"x-img x-img-none\" src=\"https:\/\/visitrauland.com\/raulandsakademiet\/wp-content\/uploads\/sites\/32\/2017\/12\/Buffet-600.jpg\"><\/noscript><img decoding=\"async\" class=\"x-img x-img-none lazyload\" src=\"data:image\/gif;base64,R0lGODlhAQABAIAAAAAAAP\/\/\/yH5BAEAAAAALAAAAAABAAEAAAIBRAA7\" data-src=\"https:\/\/visitrauland.com\/raulandsakademiet\/wp-content\/uploads\/sites\/32\/2017\/12\/Buffet-600.jpg\"><\/div><div class=\"x-column x-sm x-1-2\" style=\"padding: 0px;\"><noscript><img decoding=\"async\" class=\"x-img x-img-none\" src=\"https:\/\/visitrauland.com\/raulandsakademiet\/wp-content\/uploads\/sites\/32\/2018\/06\/Gardsjordstoga-dekka-til-bryllup-900-1.jpg\"><\/noscript><img decoding=\"async\" class=\"x-img x-img-none lazyload\" src=\"data:image\/gif;base64,R0lGODlhAQABAIAAAAAAAP\/\/\/yH5BAEAAAAALAAAAAABAAEAAAIBRAA7\" data-src=\"https:\/\/visitrauland.com\/raulandsakademiet\/wp-content\/uploads\/sites\/32\/2018\/06\/Gardsjordstoga-dekka-til-bryllup-900-1.jpg\"><\/div><\/div><\/div><div id=\"x-section-4\" class=\"x-section\" style=\"margin: 0px;padding: 0px; background-color: transparent;\"><div id class=\"x-container\" style=\"margin: 0px auto;padding: 0px;\"><div class=\"x-column x-sm x-1-1\" style=\"padding: 0px;\"><div id class=\"x-text\" style><p><strong>Telemarkstunet<\/strong><br>\nGardsjordstoga p\u00e5 Telemarkstunet kan ein leige om ein vil ha eit intimt og hyggeleg selskapslokale til feiring av ein stor dag. Her kan me tilby ein enklare meny for inntil 35 personar. Ein fin m\u00e5te \u00e5 feire gebursdag, bryllaup eller jubileum.<\/p>\n<p>Ein kan \u00f3g leige \u00c5restoga til mindre selskap med enklare servering. I \u00c5restoga er det h\u00f8ve til \u00e5 ha mindre konsertar, eller liknande. Ta kontakt for meir informasjon.<\/p>\n<\/div><\/div><\/div><\/div><div id=\"x-section-5\" class=\"x-section\" style=\"margin: 0px;padding: 0px; background-color: transparent;\"><div id class=\"x-container\" style=\"margin: 0px auto;padding: 0px;\"><div class=\"x-column x-sm x-1-2\" style=\"padding: 0px;\"><noscript><img decoding=\"async\" class=\"x-img x-img-none\" src=\"https:\/\/visitrauland.com\/raulandsakademiet\/wp-content\/uploads\/sites\/32\/2017\/12\/Catering-2-600.jpg\"><\/noscript><img decoding=\"async\" class=\"x-img x-img-none lazyload\" src=\"data:image\/gif;base64,R0lGODlhAQABAIAAAAAAAP\/\/\/yH5BAEAAAAALAAAAAABAAEAAAIBRAA7\" data-src=\"https:\/\/visitrauland.com\/raulandsakademiet\/wp-content\/uploads\/sites\/32\/2017\/12\/Catering-2-600.jpg\"><\/div><div class=\"x-column x-sm x-1-2\" style=\"padding: 0px;\"><noscript><img decoding=\"async\" class=\"x-img x-img-none\" src=\"https:\/\/visitrauland.com\/raulandsakademiet\/wp-content\/uploads\/sites\/32\/2017\/12\/Dekket-bord-600.jpg\"><\/noscript><img decoding=\"async\" class=\"x-img x-img-none lazyload\" src=\"data:image\/gif;base64,R0lGODlhAQABAIAAAAAAAP\/\/\/yH5BAEAAAAALAAAAAABAAEAAAIBRAA7\" data-src=\"https:\/\/visitrauland.com\/raulandsakademiet\/wp-content\/uploads\/sites\/32\/2017\/12\/Dekket-bord-600.jpg\"><\/div><\/div><\/div><div id=\"x-section-6\" class=\"x-section\" style=\"margin: 0px;padding: 45px 0px; background-color: transparent;\"><div id class=\"x-container\" style=\"margin: 0px auto;padding: 0px;\"><div class=\"x-column x-sm x-1-1\" style=\"padding: 0px;\"><div id class=\"x-text\" style><p><strong>Konferanse og M\u00f8terom<\/strong><br>\nLegg din neste konferanse hit! Me har fleire rom som er egna for foredrag og m\u00f8te, pluss alt som trengs av servering og overnatting.<\/p>\n<p><strong>Alkohol<\/strong><br>\nMe har skjenkel\u00f8yve i alle selskapslokale. Det er ikkje lov \u00e5 ha medbrakt alkohol.<\/p>\n<p><strong>Ta kontakt p\u00e5 tlf. 35 07 32 92 eller <a href=\"mailto:post@raulandsakademiet.no\">post@raulandsakademiet.no<\/a>&nbsp;<\/strong><\/p>\n<p><em><noscript><img decoding=\"async\" src=\"https:\/\/visitrauland.com\/raulandsakademiet\/wp-content\/uploads\/sites\/32\/2025\/11\/Catering-tapas-gryte_1764326554.jpg\" alt=\"Cateringmeny fra Raulandsakademiet med tapasforslag, oksegryte og kyllinggryte. Kontaktinfo og priser inkludert.\" width=\"2000\" height=\"1414\" class=\"alignnone size-full wp-image-8994\" srcset=\"https:\/\/visitrauland.com\/raulandsakademiet\/wp-content\/uploads\/sites\/32\/2025\/11\/Catering-tapas-gryte_1764326554.jpg 2000w, https:\/\/visitrauland.com\/raulandsakademiet\/wp-content\/uploads\/sites\/32\/2025\/11\/Catering-tapas-gryte_1764326554-300x212.jpg 300w, https:\/\/visitrauland.com\/raulandsakademiet\/wp-content\/uploads\/sites\/32\/2025\/11\/Catering-tapas-gryte_1764326554-1024x724.jpg 1024w, https:\/\/visitrauland.com\/raulandsakademiet\/wp-content\/uploads\/sites\/32\/2025\/11\/Catering-tapas-gryte_1764326554-768x543.jpg 768w, https:\/\/visitrauland.com\/raulandsakademiet\/wp-content\/uploads\/sites\/32\/2025\/11\/Catering-tapas-gryte_1764326554-1536x1086.jpg 1536w, https:\/\/visitrauland.com\/raulandsakademiet\/wp-content\/uploads\/sites\/32\/2025\/11\/Catering-tapas-gryte_1764326554-500x354.jpg 500w, https:\/\/visitrauland.com\/raulandsakademiet\/wp-content\/uploads\/sites\/32\/2025\/11\/Catering-tapas-gryte_1764326554-100x71.jpg 100w, https:\/\/visitrauland.com\/raulandsakademiet\/wp-content\/uploads\/sites\/32\/2025\/11\/Catering-tapas-gryte_1764326554-862x609.jpg 862w, https:\/\/visitrauland.com\/raulandsakademiet\/wp-content\/uploads\/sites\/32\/2025\/11\/Catering-tapas-gryte_1764326554-1200x848.jpg 1200w\" sizes=\"(max-width: 2000px) 100vw, 2000px\"><\/noscript><img decoding=\"async\" src=\"data:image\/svg+xml,%3Csvg%20xmlns%3D%22http%3A%2F%2Fwww.w3.org%2F2000%2Fsvg%22%20viewBox%3D%220%200%202000%201414%22%3E%3C%2Fsvg%3E\" alt=\"Cateringmeny fra Raulandsakademiet med tapasforslag, oksegryte og kyllinggryte. Kontaktinfo og priser inkludert.\" width=\"2000\" height=\"1414\" class=\"alignnone size-full wp-image-8994 lazyload\" srcset=\"data:image\/svg+xml,%3Csvg%20xmlns%3D%22http%3A%2F%2Fwww.w3.org%2F2000%2Fsvg%22%20viewBox%3D%220%200%202000%201414%22%3E%3C%2Fsvg%3E 2000w\" sizes=\"(max-width: 2000px) 100vw, 2000px\" data-srcset=\"https:\/\/visitrauland.com\/raulandsakademiet\/wp-content\/uploads\/sites\/32\/2025\/11\/Catering-tapas-gryte_1764326554.jpg 2000w, https:\/\/visitrauland.com\/raulandsakademiet\/wp-content\/uploads\/sites\/32\/2025\/11\/Catering-tapas-gryte_1764326554-300x212.jpg 300w, https:\/\/visitrauland.com\/raulandsakademiet\/wp-content\/uploads\/sites\/32\/2025\/11\/Catering-tapas-gryte_1764326554-1024x724.jpg 1024w, https:\/\/visitrauland.com\/raulandsakademiet\/wp-content\/uploads\/sites\/32\/2025\/11\/Catering-tapas-gryte_1764326554-768x543.jpg 768w, https:\/\/visitrauland.com\/raulandsakademiet\/wp-content\/uploads\/sites\/32\/2025\/11\/Catering-tapas-gryte_1764326554-1536x1086.jpg 1536w, https:\/\/visitrauland.com\/raulandsakademiet\/wp-content\/uploads\/sites\/32\/2025\/11\/Catering-tapas-gryte_1764326554-500x354.jpg 500w, https:\/\/visitrauland.com\/raulandsakademiet\/wp-content\/uploads\/sites\/32\/2025\/11\/Catering-tapas-gryte_1764326554-100x71.jpg 100w, https:\/\/visitrauland.com\/raulandsakademiet\/wp-content\/uploads\/sites\/32\/2025\/11\/Catering-tapas-gryte_1764326554-862x609.jpg 862w, https:\/\/visitrauland.com\/raulandsakademiet\/wp-content\/uploads\/sites\/32\/2025\/11\/Catering-tapas-gryte_1764326554-1200x848.jpg 1200w\" data-src=\"https:\/\/visitrauland.com\/raulandsakademiet\/wp-content\/uploads\/sites\/32\/2025\/11\/Catering-tapas-gryte_1764326554.jpg\">Klikk i menyen for \u00e5 forst\u00f8rre<\/em><\/p>\n<\/div><\/div><\/div><\/div><div id=\"x-section-7\" class=\"x-section\" style=\"margin: 0px;padding: 0px; background-color: transparent;\"><div id class=\"x-container\" style=\"margin: 0px auto;padding: 0px;\"><div class=\"x-column x-sm x-1-2\" style=\"padding: 0px;\"><noscript><img decoding=\"async\" class=\"x-img x-img-none\" src=\"https:\/\/visitrauland.com\/raulandsakademiet\/wp-content\/uploads\/sites\/32\/2018\/03\/akademiet-24-1920.jpg\"><\/noscript><img decoding=\"async\" class=\"x-img x-img-none lazyload\" src=\"data:image\/gif;base64,R0lGODlhAQABAIAAAAAAAP\/\/\/yH5BAEAAAAALAAAAAABAAEAAAIBRAA7\" data-src=\"https:\/\/visitrauland.com\/raulandsakademiet\/wp-content\/uploads\/sites\/32\/2018\/03\/akademiet-24-1920.jpg\"><\/div><div class=\"x-column x-sm x-1-2\" style=\"padding: 0px;\"><noscript><img decoding=\"async\" class=\"x-img x-img-none\" src=\"https:\/\/visitrauland.com\/raulandsakademiet\/wp-content\/uploads\/sites\/32\/2018\/03\/akademiet-26-1920.jpg\"><\/noscript><img decoding=\"async\" class=\"x-img x-img-none lazyload\" src=\"data:image\/gif;base64,R0lGODlhAQABAIAAAAAAAP\/\/\/yH5BAEAAAAALAAAAAABAAEAAAIBRAA7\" data-src=\"https:\/\/visitrauland.com\/raulandsakademiet\/wp-content\/uploads\/sites\/32\/2018\/03\/akademiet-26-1920.jpg\"><\/div><\/div><\/div><\/div>\n","protected":false},"excerpt":{"rendered":"","protected":false},"author":1,"featured_media":0,"parent":0,"menu_order":0,"comment_status":"closed","ping_status":"closed","template":"","meta":{"_relevanssi_hide_post":"","_relevanssi_hide_content":"","_relevanssi_pin_for_all":"","_relevanssi_pin_keywords":"","_relevanssi_unpin_keywords":"","_relevanssi_related_keywords":"","_relevanssi_related_include_ids":"","_relevanssi_related_exclude_ids":"","_relevanssi_related_no_append":"","_relevanssi_related_not_related":"","_relevanssi_related_posts":"8976,2238,2227,8872,6602,8821","_relevanssi_noindex_reason":"","seo_booster_metabox":"","footnotes":""},"class_list":["post-1947","page","type-page","status-publish","hentry","no-post-thumbnail"],"yoast_head":"<!-- This site is optimized with the Yoast SEO plugin v27.2 - https:\/\/yoast.com\/product\/yoast-seo-wordpress\/ -->\n<title>Selskap og catering - Raulandsakademiet<\/title>\n<meta name=\"robots\" content=\"index, follow, max-snippet:-1, max-image-preview:large, max-video-preview:-1\" \/>\n<link rel=\"canonical\" href=\"https:\/\/visitrauland.com\/raulandsakademiet\/selskap\/\" \/>\n<meta property=\"og:locale\" content=\"nb_NO\" \/>\n<meta property=\"og:type\" content=\"article\" \/>\n<meta property=\"og:title\" content=\"Selskap og catering - Raulandsakademiet\" \/>\n<meta property=\"og:url\" content=\"https:\/\/visitrauland.com\/raulandsakademiet\/selskap\/\" \/>\n<meta property=\"og:site_name\" content=\"Raulandsakademiet\" \/>\n<meta property=\"article:modified_time\" content=\"2025-11-28T10:42:47+00:00\" \/>\n<meta property=\"og:image\" content=\"https:\/\/visitrauland.com\/raulandsakademiet\/wp-content\/uploads\/sites\/32\/2025\/11\/Catering-tapas-gryte_1764326554.jpg\" \/>\n<meta name=\"twitter:card\" content=\"summary_large_image\" \/>\n<meta name=\"twitter:label1\" content=\"Ansl. lesetid\" \/>\n\t<meta name=\"twitter:data1\" content=\"6 minutter\" \/>\n<script type=\"application\/ld+json\" class=\"yoast-schema-graph\">{\"@context\":\"https:\/\/schema.org\",\"@graph\":[{\"@type\":\"WebPage\",\"@id\":\"https:\/\/visitrauland.com\/raulandsakademiet\/selskap\/\",\"url\":\"https:\/\/visitrauland.com\/raulandsakademiet\/selskap\/\",\"name\":\"Selskap og catering - Raulandsakademiet\",\"isPartOf\":{\"@id\":\"https:\/\/visitrauland.com\/raulandsakademiet\/#website\"},\"primaryImageOfPage\":{\"@id\":\"https:\/\/visitrauland.com\/raulandsakademiet\/selskap\/#primaryimage\"},\"image\":{\"@id\":\"https:\/\/visitrauland.com\/raulandsakademiet\/selskap\/#primaryimage\"},\"thumbnailUrl\":\"https:\/\/visitrauland.com\/raulandsakademiet\/wp-content\/uploads\/sites\/32\/2025\/11\/Catering-tapas-gryte_1764326554.jpg\",\"datePublished\":\"2018-01-02T15:08:05+00:00\",\"dateModified\":\"2025-11-28T10:42:47+00:00\",\"breadcrumb\":{\"@id\":\"https:\/\/visitrauland.com\/raulandsakademiet\/selskap\/#breadcrumb\"},\"inLanguage\":\"nb-NO\",\"potentialAction\":[{\"@type\":\"ReadAction\",\"target\":[\"https:\/\/visitrauland.com\/raulandsakademiet\/selskap\/\"]}]},{\"@type\":\"ImageObject\",\"inLanguage\":\"nb-NO\",\"@id\":\"https:\/\/visitrauland.com\/raulandsakademiet\/selskap\/#primaryimage\",\"url\":\"https:\/\/visitrauland.com\/raulandsakademiet\/wp-content\/uploads\/sites\/32\/2025\/11\/Catering-tapas-gryte_1764326554.jpg\",\"contentUrl\":\"https:\/\/visitrauland.com\/raulandsakademiet\/wp-content\/uploads\/sites\/32\/2025\/11\/Catering-tapas-gryte_1764326554.jpg\",\"width\":2000,\"height\":1414,\"caption\":\"Cateringmeny fra Raulandsakademiet med tapasforslag, oksegryte og kyllinggryte. Kontaktinfo og priser inkludert.\"},{\"@type\":\"BreadcrumbList\",\"@id\":\"https:\/\/visitrauland.com\/raulandsakademiet\/selskap\/#breadcrumb\",\"itemListElement\":[{\"@type\":\"ListItem\",\"position\":1,\"name\":\"Hjem\",\"item\":\"https:\/\/visitrauland.com\/raulandsakademiet\/\"},{\"@type\":\"ListItem\",\"position\":2,\"name\":\"Selskap og catering\"}]},{\"@type\":\"WebSite\",\"@id\":\"https:\/\/visitrauland.com\/raulandsakademiet\/#website\",\"url\":\"https:\/\/visitrauland.com\/raulandsakademiet\/\",\"name\":\"Raulandsakademiet\",\"description\":\"Overnatting - Kurs - Opplevelser\",\"potentialAction\":[{\"@type\":\"SearchAction\",\"target\":{\"@type\":\"EntryPoint\",\"urlTemplate\":\"https:\/\/visitrauland.com\/raulandsakademiet\/?s={search_term_string}\"},\"query-input\":{\"@type\":\"PropertyValueSpecification\",\"valueRequired\":true,\"valueName\":\"search_term_string\"}}],\"inLanguage\":\"nb-NO\"}]}<\/script>\n<!-- \/ Yoast SEO plugin. -->","yoast_head_json":{"title":"Selskap og catering - Raulandsakademiet","robots":{"index":"index","follow":"follow","max-snippet":"max-snippet:-1","max-image-preview":"max-image-preview:large","max-video-preview":"max-video-preview:-1"},"canonical":"https:\/\/visitrauland.com\/raulandsakademiet\/selskap\/","og_locale":"nb_NO","og_type":"article","og_title":"Selskap og catering - Raulandsakademiet","og_url":"https:\/\/visitrauland.com\/raulandsakademiet\/selskap\/","og_site_name":"Raulandsakademiet","article_modified_time":"2025-11-28T10:42:47+00:00","og_image":[{"url":"https:\/\/visitrauland.com\/raulandsakademiet\/wp-content\/uploads\/sites\/32\/2025\/11\/Catering-tapas-gryte_1764326554.jpg","type":"","width":"","height":""}],"twitter_card":"summary_large_image","twitter_misc":{"Ansl. lesetid":"6 minutter"},"schema":{"@context":"https:\/\/schema.org","@graph":[{"@type":"WebPage","@id":"https:\/\/visitrauland.com\/raulandsakademiet\/selskap\/","url":"https:\/\/visitrauland.com\/raulandsakademiet\/selskap\/","name":"Selskap og catering - Raulandsakademiet","isPartOf":{"@id":"https:\/\/visitrauland.com\/raulandsakademiet\/#website"},"primaryImageOfPage":{"@id":"https:\/\/visitrauland.com\/raulandsakademiet\/selskap\/#primaryimage"},"image":{"@id":"https:\/\/visitrauland.com\/raulandsakademiet\/selskap\/#primaryimage"},"thumbnailUrl":"https:\/\/visitrauland.com\/raulandsakademiet\/wp-content\/uploads\/sites\/32\/2025\/11\/Catering-tapas-gryte_1764326554.jpg","datePublished":"2018-01-02T15:08:05+00:00","dateModified":"2025-11-28T10:42:47+00:00","breadcrumb":{"@id":"https:\/\/visitrauland.com\/raulandsakademiet\/selskap\/#breadcrumb"},"inLanguage":"nb-NO","potentialAction":[{"@type":"ReadAction","target":["https:\/\/visitrauland.com\/raulandsakademiet\/selskap\/"]}]},{"@type":"ImageObject","inLanguage":"nb-NO","@id":"https:\/\/visitrauland.com\/raulandsakademiet\/selskap\/#primaryimage","url":"https:\/\/visitrauland.com\/raulandsakademiet\/wp-content\/uploads\/sites\/32\/2025\/11\/Catering-tapas-gryte_1764326554.jpg","contentUrl":"https:\/\/visitrauland.com\/raulandsakademiet\/wp-content\/uploads\/sites\/32\/2025\/11\/Catering-tapas-gryte_1764326554.jpg","width":2000,"height":1414,"caption":"Cateringmeny fra Raulandsakademiet med tapasforslag, oksegryte og kyllinggryte. Kontaktinfo og priser inkludert."},{"@type":"BreadcrumbList","@id":"https:\/\/visitrauland.com\/raulandsakademiet\/selskap\/#breadcrumb","itemListElement":[{"@type":"ListItem","position":1,"name":"Hjem","item":"https:\/\/visitrauland.com\/raulandsakademiet\/"},{"@type":"ListItem","position":2,"name":"Selskap og catering"}]},{"@type":"WebSite","@id":"https:\/\/visitrauland.com\/raulandsakademiet\/#website","url":"https:\/\/visitrauland.com\/raulandsakademiet\/","name":"Raulandsakademiet","description":"Overnatting - Kurs - Opplevelser","potentialAction":[{"@type":"SearchAction","target":{"@type":"EntryPoint","urlTemplate":"https:\/\/visitrauland.com\/raulandsakademiet\/?s={search_term_string}"},"query-input":{"@type":"PropertyValueSpecification","valueRequired":true,"valueName":"search_term_string"}}],"inLanguage":"nb-NO"}]}},"publishpress_future_action":{"enabled":false,"date":"2026-04-11 01:06:02","action":"change-status","newStatus":"draft","terms":[],"taxonomy":"","extraData":[]},"publishpress_future_workflow_manual_trigger":{"enabledWorkflows":[]},"_links":{"self":[{"href":"https:\/\/visitrauland.com\/raulandsakademiet\/wp-json\/wp\/v2\/pages\/1947","targetHints":{"allow":["GET"]}}],"collection":[{"href":"https:\/\/visitrauland.com\/raulandsakademiet\/wp-json\/wp\/v2\/pages"}],"about":[{"href":"https:\/\/visitrauland.com\/raulandsakademiet\/wp-json\/wp\/v2\/types\/page"}],"author":[{"embeddable":true,"href":"https:\/\/visitrauland.com\/raulandsakademiet\/wp-json\/wp\/v2\/users\/1"}],"replies":[{"embeddable":true,"href":"https:\/\/visitrauland.com\/raulandsakademiet\/wp-json\/wp\/v2\/comments?post=1947"}],"version-history":[{"count":18,"href":"https:\/\/visitrauland.com\/raulandsakademiet\/wp-json\/wp\/v2\/pages\/1947\/revisions"}],"predecessor-version":[{"id":8995,"href":"https:\/\/visitrauland.com\/raulandsakademiet\/wp-json\/wp\/v2\/pages\/1947\/revisions\/8995"}],"wp:attachment":[{"href":"https:\/\/visitrauland.com\/raulandsakademiet\/wp-json\/wp\/v2\/media?parent=1947"}],"curies":[{"name":"wp","href":"https:\/\/api.w.org\/{rel}","templated":true}]}}