{"id":1958,"date":"2024-03-22T20:52:20","date_gmt":"2024-03-22T19:52:20","guid":{"rendered":"https:\/\/visitrauland.com\/raulandhistorielag\/?page_id=1958"},"modified":"2025-11-25T23:26:39","modified_gmt":"2025-11-25T22:26:39","slug":"boker","status":"publish","type":"page","link":"https:\/\/visitrauland.com\/raulandhistorielag\/boker\/","title":{"rendered":"B\u00f8ker"},"content":{"rendered":"<div id=\"cs-content\" class=\"cs-content\"><style>.lazy-loader-background-element-1.lazyloaded{ background-image: url(https:\/\/visitrauland.com\/raulandhistorielag\/wp-content\/uploads\/sites\/113\/2024\/06\/Steimbufloti-2ca-1958_1717417946.jpg); background-color: transparent; }<\/style><noscript><style>.lazy-loader-background-element-1.lazyload{ background-image: url(https:\/\/visitrauland.com\/raulandhistorielag\/wp-content\/uploads\/sites\/113\/2024\/06\/Steimbufloti-2ca-1958_1717417946.jpg); background-color: transparent; }<\/style><\/noscript><div id=\"x-section-1\" class=\"x-section bg-image lazyload lazy-loader-background-element-1 \" style=\"margin: 0px;padding: 45px 0px;  \" data-x-element=\"section\" data-x-params=\"{&quot;type&quot;:&quot;image&quot;,&quot;parallax&quot;:false}\"><div id class=\"x-container max width\" style=\"margin: 0px auto;padding: 0px;\"><div class=\"x-column x-sm x-1-2\" style=\"padding: 0px 30px; background-color:hsla(226, 45%, 24%, 0.45);\"><h2 class=\"h-custom-headline h3\" style=\"color: hsl(0, 0%, 100%);\"><span>B\u00f8ker<\/span><\/h2><div id class=\"x-text\" style=\"color: white;\"><p>Interessert i lokalhistorie fr\u00e5 Rauland, \u00d8yfjell og M\u00f8sstrond? Les meir om b\u00f8kene v\u00e5re og kvar du kan f\u00e5 tak p\u00e5 dei.<\/p>\n<\/div><\/div><div class=\"x-column x-sm x-1-2\" style=\"padding: 0px;\">&nbsp;<\/div><\/div><div id class=\"x-container max width\" style=\"margin: 0px auto;padding: 0px;\"><div class=\"x-column x-sm x-1-1\" style=\"padding: 0px;\"><hr class=\"x-gap x-hide-sm x-hide-xs x-hide-md\" style=\"margin: 150px 0 0 0;\"><\/div><\/div><\/div><div class=\"x-section e1958-e10 m1ie-0\"><div class=\"x-row x-container max width e1958-e11 m1ie-1 m1ie-2\"><div class=\"x-row-inner\"><div class=\"x-col e1958-e12 m1ie-3\"><div class=\"x-text x-content e1958-e13 m1ie-4\"><p>Rauland historielag har gjeve ut b\u00f8ker og \u00e5rsskrift i over 30 \u00e5r. Under finn du ei oversikt over utgjevingane v\u00e5re, og du kan lese meir om fleire av dei. Mange av utgjevingane blir no selde til sterk redusert pris.<\/p>\n<p>Er du interessert i b\u00f8kene v\u00e5re? Du f\u00e5r kj\u00f8pt fleire p\u00e5 Rauland Servicesenter og Handelshuset i Rauland. Du f\u00e5r ogs\u00e5 tak i dei i nokre bokhandlarar i fylket.<\/p>\n<p>B\u00f8kene kan du ogs\u00e5 tinge fr\u00e5 historielaget. Porto kjem d\u00e5 i tillegg. Send oss ein e-post p\u00e5 raulandhistorielag@gmail.com&nbsp; eller ta kontakt med styremedlem Tore Tj\u00f8nn p\u00e5 mobil 92 41 31 06.<\/p>\n<p><strong><span>Temab\u00f8ker <\/span><\/strong><span><strong>&nbsp;<\/strong><\/span><span><b><\/b><\/span><strong><\/strong><\/p>\n\n<table class=\"table\">\n<tbody>\n<tr>\n<td><strong><a href=\"https:\/\/visitrauland.com\/raulandhistorielag\/hardingslepa-amyrmarken\/\" target=\"_blank\" rel=\"noopener noreferrer\"><span>Hardingslepa \u2013 \u00c5myrmarken<\/span><\/a><\/strong><\/td>\n<td><span><strong>&nbsp;<\/strong><\/span><\/td>\n<td><span><b>Utseld<\/b><\/span><\/td>\n<\/tr>\n<tr>\n<td><span><strong><a href=\"https:\/\/visitrauland.com\/raulandhistorielag\/gamle-vegar-i-rauland\/\" target=\"_blank\" rel=\"noopener noreferrer\">Gamle vegar i Rauland&nbsp;(nytt, og litt revidert, opplag 2008)<\/a><\/strong><\/span><\/td>\n<td><span><strong>kr.<\/strong><\/span><\/td>\n<td><span><strong>&nbsp;&nbsp; 100,-<\/strong><\/span><\/td>\n<\/tr>\n<tr>\n<td><span><strong><a href=\"https:\/\/visitrauland.com\/raulandhistorielag\/torbjorn-egner-gamle-hus-i-rauland\/\" target=\"_blank\" rel=\"noopener noreferrer\">Torbj\u00f8rn Egner: Gamle hus i Rauland<\/a><\/strong><\/span><\/td>\n<td><span><strong>kr.<\/strong><\/span><\/td>\n<td><span><strong>&nbsp;&nbsp; 350,-<\/strong><\/span><\/td>\n<\/tr>\n<tr>\n<td><span><a href=\"https:\/\/visitrauland.com\/raulandhistorielag\/gamle-ord-og-uttrykk-fra-rauland-og-oyfjell\/\"><strong>Gamle ord og uttrykk fr\u00e5 Rauland og \u00d8yfjell<\/strong><\/a><\/span><\/td>\n<td><span><strong>kr.<\/strong><\/span><\/td>\n<td><span><strong>&nbsp; 100,-<\/strong><\/span><\/td>\n<\/tr>\n<tr>\n<td><span><a href=\"https:\/\/visitrauland.com\/raulandhistorielag\/harald-kihle-som-fotograf\/\"><strong>Harald Kihle som fotograf<\/strong><\/a><\/span><\/td>\n<td><span><strong>&nbsp;<\/strong><\/span><\/td>\n<td><span><strong>&nbsp;Utseld<\/strong><\/span><\/td>\n<\/tr>\n<tr>\n<td><span><a href=\"https:\/\/visitrauland.com\/raulandhistorielag\/sporanes-helleristningar-i-rauland\/\" target=\"_blank\" rel=\"noopener noreferrer\"><strong>Sporanes. Helleristningar i Rauland<\/strong><\/a><\/span><\/td>\n<td><span><strong>kr.<\/strong><\/span><\/td>\n<td><span><strong>&nbsp; &nbsp;150,-<\/strong><\/span><\/td>\n<\/tr>\n<tr>\n<td><span><a href=\"https:\/\/visitrauland.com\/raulandhistorielag\/sveinung-svalastoga\/\"><strong>Sveinung Svalastoga<\/strong><\/a><\/span><\/td>\n<td><strong>&nbsp;<\/strong><\/td>\n<td><strong><span>Utseld<\/span>&nbsp;<\/strong><\/td>\n<\/tr>\n<tr>\n<td><\/td>\n<td><\/td>\n<td><\/td>\n<\/tr>\n<tr><\/tr>\n<tr>\n<td><span><strong>\u00c5rsskrift<\/strong><\/span><\/td>\n<td><span><strong><\/strong><\/span><\/td>\n<td><span><strong><\/strong><\/span><\/td>\n<\/tr>\n<tr>\n<td><a href=\"https:\/\/visitrauland.com\/raulandhistorielag\/arsskrift-2024-i-l-dyre-vaa-1924-2024\/\"><span><strong>\u00c5rsskrift 2023: Idrettslaget Dyre Vaa<\/strong><\/span><\/a><\/td>\n<td><span><strong>kr<\/strong><\/span><\/td>\n<td><span><strong>400,-<\/strong><\/span><\/td>\n<\/tr>\n<tr>\n<td><a href=\"https:\/\/visitrauland.com\/raulandhistorielag\/arsskrift-2022-bitdal-fra-flint-til-kilowatt-2-utgave\/\"><span><strong>\u00c5rsskrift 2022: Bitdal \u2013 fr\u00e5 flint til kilowatt<\/strong><\/span><\/a><\/td>\n<td><span><strong>kr<\/strong><\/span><\/td>\n<td><span><strong>350,-<\/strong><\/span><\/td>\n<\/tr>\n<tr>\n<td><a href=\"https:\/\/visitrauland.com\/raulandhistorielag\/bok-slepp-2020\/\"><span><strong>\u00c5rsskrift 2020: Hand i hand. Dikt av Hilda Tj\u00f8nn<\/strong><\/span><\/a><\/td>\n<td><strong><span>kr<\/span><\/strong><\/td>\n<td><strong><span>200,-<\/span><\/strong><\/td>\n<\/tr>\n<tr>\n<td><span><strong><a href=\"https:\/\/visitrauland.com\/raulandhistorielag\/arsskrift-2019-ulike-artiklar\/\">\u00c5rsskrift 2019: Ulike artiklar<\/a><br>\n<\/strong><\/span><\/td>\n<td><span><strong>kr<\/strong><\/span><\/td>\n<td><span><strong>350,.<\/strong><\/span><\/td>\n<\/tr>\n<tr>\n<td><span><strong><a href=\"https:\/\/visitrauland.com\/raulandhistorielag\/arsskrift-2018-hytteliv-helsestell-turisme-o-a\/\">\u00c5rsskrift 2018: Hytteliv, helsestell, turisme o.a.<\/a><\/strong><\/span><\/td>\n<td><span><strong>kr<\/strong>&nbsp;<\/span><\/td>\n<td><span><strong>&nbsp;350,-<\/strong><\/span><\/td>\n<\/tr>\n<tr>\n<td><span><a href=\"https:\/\/visitrauland.com\/raulandhistorielag\/arsskrift-2016\/\"><strong>\u00c5rsskrift 2016: Falkefangst, arbeidarr\u00f8rsla, Raulandshuset o.a.&nbsp;<\/strong><\/a><\/span><\/td>\n<td><span><strong>kr<\/strong><\/span><\/td>\n<td><span><strong>300,-<\/strong><\/span><\/td>\n<\/tr>\n<tr>\n<td><span><a href=\"https:\/\/visitrauland.com\/raulandhistorielag\/arsskrift-2015\/\"><b>\u00c5rsskrift 2015: Tor Vaa. Biografi<\/b><\/a><\/span><\/td>\n<td><span><strong>kr<\/strong>.<\/span><\/td>\n<td><span><strong>&nbsp;<\/strong><strong>300,-<\/strong><\/span><\/td>\n<\/tr>\n<tr>\n<td><span><a href=\"https:\/\/visitrauland.com\/raulandhistorielag\/arsskrift-2014\/\"><strong>\u00c5rsskrift 2014: Rauland \u2013 f\u00f8r og no<\/strong><\/a><\/span><\/td>\n<td><span><strong>kr.<\/strong><\/span><\/td>\n<td><span><strong>350,-<\/strong><\/span><\/td>\n<\/tr>\n<tr>\n<td><span><a href=\"https:\/\/visitrauland.com\/raulandhistorielag\/arsskrift-2013\/\"><strong>\u00c5rsskrift 2013:&nbsp;Vegane fell s\u00e5 vide. Fr\u00e5 gangstig til bilveg i Rauland<\/strong><\/a><\/span><\/td>\n<td><span><strong>kr.<\/strong><\/span><\/td>\n<td><span><strong>&nbsp;350,-<\/strong><\/span><\/td>\n<\/tr>\n<tr>\n<td><span><strong><a href=\"https:\/\/visitrauland.com\/raulandhistorielag\/arsskrift-2011\/\">\u00c5rsskrift 2011:&nbsp;Gamle skrifter fr\u00e5 M\u00f8sstrond og Rauland. Jordmortenesta i bygda<\/a>.<\/strong><\/span><\/td>\n<td><span><strong>kr.<\/strong><\/span><\/td>\n<td><span><strong>&nbsp;150,-&nbsp;<\/strong><\/span><\/td>\n<\/tr>\n<tr>\n<td><span><a href=\"https:\/\/visitrauland.com\/raulandhistorielag\/arsskrift-2010\/\"><strong>\u00c5rsskrift 2010:&nbsp;Med hug og hand.<\/strong><\/a><\/span><\/td>\n<td><span><strong>kr.<\/strong><\/span><\/td>\n<td><span><strong>150,-<\/strong><\/span><\/td>\n<\/tr>\n<tr>\n<td><span><a href=\"https:\/\/visitrauland.com\/raulandhistorielag\/arsskrift-2009\/\"><strong>\u00c5rsskrift 2009:&nbsp;Songa (revidert oppattrykk)<\/strong><\/a><\/span><\/td>\n<td><span><strong>&nbsp;<\/strong><\/span><\/td>\n<td><span><strong>&nbsp;Utseld<\/strong><\/span><\/td>\n<\/tr>\n<tr>\n<td><span><a href=\"https:\/\/visitrauland.com\/raulandhistorielag\/arsskrift-2008\/\"><strong>\u00c5rsskrift 2008:&nbsp;Staular og staulsliv i Rauland<\/strong><\/a><\/span><\/td>\n<td><span><strong>kr.<\/strong><\/span><\/td>\n<td><span><strong>&nbsp;150,-<\/strong><\/span><\/td>\n<\/tr>\n<tr>\n<td><span><a href=\"https:\/\/visitrauland.com\/raulandhistorielag\/arsskrift-2007\/\"><strong>\u00c5rsskrift 2007: Sm\u00e5skrifter om liv og lagnad i Rauland<\/strong><\/a><\/span><\/td>\n<td><span><strong>kr.<\/strong><\/span><\/td>\n<td><span><strong>&nbsp;150,-<\/strong><\/span><\/td>\n<\/tr>\n<tr>\n<td><span><a href=\"https:\/\/visitrauland.com\/raulandhistorielag\/arsskrift-2006\/\"><strong>\u00c5rsskrift 2006: Bitdal \u2013 fr\u00e5 flint til kilowatt<\/strong><\/a><\/span><\/td>\n<td><span><strong>&nbsp;<\/strong><\/span><\/td>\n<td><span><strong>&nbsp;Utseld<\/strong><\/span><\/td>\n<\/tr>\n<tr>\n<td><span><a href=\"https:\/\/visitrauland.com\/raulandhistorielag\/arsskrift-2005\/\"><strong>\u00c5rssskrift 2005:&nbsp;Gamle plassar og stoger i grend og utmark<\/strong><\/a><\/span><\/td>\n<td><span><strong>kr.<\/strong><\/span><\/td>\n<td><span><strong>&nbsp;150,-<\/strong><\/span><\/td>\n<\/tr>\n<tr>\n<td><span><a href=\"https:\/\/xn--rsskrift%202004-glb:%20Pelsdyrhald%20i%20fjellbygdi%20-%20viktig%20att%C3%A5tn%C3%A6ring\/\"><strong>\u00c5rsskrift 2004:&nbsp;Pelsdyrhald i fjellbygdi \u2013 viktig att\u00e5tn\u00e6ring<\/strong><\/a><\/span><\/td>\n<td><span><strong>kr.<\/strong><\/span><\/td>\n<td><span><strong>100,-<\/strong><\/span><\/td>\n<\/tr>\n<tr>\n<td><span><a href=\"https:\/\/visitrauland.com\/raulandhistorielag\/arsskrift-2003\/\"><strong>\u00c5rsskrift 2003:&nbsp;Bureising i fjellbygdi<\/strong><\/a><\/span><\/td>\n<td><span><strong>&nbsp;<\/strong><\/span><\/td>\n<td><span><strong>Utseld<\/strong><\/span><\/td>\n<\/tr>\n<tr>\n<td><span><a href=\"https:\/\/visitrauland.com\/raulandhistorielag\/arsskrift-2002\/\"><strong>\u00c5rsskrift 2002: Olav Flatast\u00f8yl \u2013 dikt og -2002\/<\/strong><\/a><\/span><\/td>\n<td><span><strong>kr.<\/strong><\/span><\/td>\n<td><span><strong>&nbsp;100,-<\/strong><\/span><\/td>\n<\/tr>\n<tr>\n<td><span><a href=\"https:\/\/visitrauland.com\/raulandhistorielag\/arsskrift-2001\/\"><strong>\u00c5rsskrift 2001: Kval i sikte \u2013 fr\u00e5 fjellbygda<\/strong><\/a><\/span><\/td>\n<td><\/td>\n<td><span><strong>Utseld<\/strong><\/span><\/td>\n<\/tr>\n<tr>\n<td><span><a href=\"https:\/\/visitrauland.com\/raulandhistorielag\/arsskrift-2000\/\"><strong>\u00c5rsskrift 2000:&nbsp;\u2013 det er kje rart dei or landet dreg<\/strong><\/a><\/span><\/td>\n<td><span><strong>kr.<\/strong><\/span><\/td>\n<td><span><strong>&nbsp;100,-<\/strong><\/span><\/td>\n<\/tr>\n<tr>\n<td><span><a href=\"https:\/\/visitrauland.com\/raulandhistorielag\/arsskrift-1998\/\"><strong>\u00c5rsskrift 1998<\/strong><\/a><\/span><\/td>\n<td><span><strong>&nbsp;<\/strong><\/span><\/td>\n<td><span><strong>&nbsp;Utseld<\/strong><\/span><\/td>\n<\/tr>\n<tr>\n<td><span><a href=\"https:\/\/visitrauland.com\/raulandhistorielag\/arsskrift-1997\/\"><strong>\u00c5rsskrift 1997<\/strong><\/a><\/span><\/td>\n<td><span><strong>kr.<\/strong><\/span><\/td>\n<td><span><strong>&nbsp;100,-<\/strong><\/span><\/td>\n<\/tr>\n<tr>\n<td><span><strong><a href=\"https:\/\/visitrauland.com\/raulandhistorielag\/arsskrift-1996\/\">\u00c5rsskrift 1996<\/a><\/strong><\/span><\/td>\n<td><span><strong>kr.<\/strong><\/span><\/td>\n<td><span><strong>Utseld<\/strong><\/span><\/td>\n<\/tr>\n<tr>\n<td><span><a href=\"https:\/\/visitrauland.com\/raulandhistorielag\/arsskrift-1994-95\/\"><strong>\u00c5rsskrift 1994-1995:&nbsp;Minne fr\u00e5 okkupasjonstida i Rauland<\/strong><\/a><\/span><\/td>\n<td><span><strong>kr.<\/strong><\/span><\/td>\n<td><span><strong>100,-<\/strong><\/span><\/td>\n<\/tr>\n<tr>\n<td><span><a href=\"https:\/\/visitrauland.com\/raulandhistorielag\/arsskrift-1993\/\"><strong>\u00c5rsskrift 1993<\/strong><\/a><\/span><\/td>\n<td><span><strong>kr.<\/strong><\/span><\/td>\n<td><span><strong>&nbsp;100,-<\/strong><\/span><\/td>\n<\/tr>\n<tr>\n<td><span><a href=\"https:\/\/visitrauland.com\/raulandhistorielag\/arsskrift-1992\/\"><strong>\u00c5rsskrift 1992<\/strong><\/a><\/span><\/td>\n<td><span><strong>kr.<\/strong><\/span><\/td>\n<td><span><strong>&nbsp;100,-<\/strong><\/span><\/td>\n<\/tr>\n<tr>\n<td><span><a href=\"https:\/\/raulandhistorielag.no\/boker-arsskrift\/arsskrift-1991\/\" target=\"_blank\" rel=\"noopener noreferrer\"><strong>\u00c5rsskrift 1991<\/strong><\/a><\/span><\/td>\n<td><span><strong>kr.<\/strong><\/span><\/td>\n<td><span><strong>&nbsp;100,-<\/strong><\/span><\/td>\n<\/tr>\n<\/tbody>\n<\/table><\/div><\/div><div class=\"x-col e1958-e14 m1ie-3\"><\/div><\/div><\/div><\/div><\/div>\n","protected":false},"excerpt":{"rendered":"<p>B\u00f8kerInteressert i lokalhistorie fr\u00e5 Rauland, \u00d8yfjell og M\u00f8sstrond? Les meir om b\u00f8kene v\u00e5re og kvar du kan f\u00e5 tak p\u00e5 dei. &nbsp;Rauland historielag har gjeve ut b\u00f8ker og \u00e5rsskrift i over 30 \u00e5r. Under finn du ei oversikt over utgjevingane v\u00e5re, og du kan lese meir om fleire av dei. Mange av utgjevingane blir no selde til sterk redusert pris. &#8230; <\/p>\n<div><a href=\"https:\/\/visitrauland.com\/raulandhistorielag\/boker\/\" class=\"more-link\">Les Mer<\/a><\/div>\n","protected":false},"author":10,"featured_media":0,"parent":0,"menu_order":0,"comment_status":"closed","ping_status":"closed","template":"template-blank-4.php","meta":{"_relevanssi_hide_post":"","_relevanssi_hide_content":"","_relevanssi_pin_for_all":"","_relevanssi_pin_keywords":"","_relevanssi_unpin_keywords":"","_relevanssi_related_keywords":"","_relevanssi_related_include_ids":"","_relevanssi_related_exclude_ids":"","_relevanssi_related_no_append":"","_relevanssi_related_not_related":"","_relevanssi_related_posts":"2279,2294,2258,2568,2300,2264","_relevanssi_noindex_reason":"","seo_booster_metabox":"","footnotes":""},"class_list":["post-1958","page","type-page","status-publish","hentry","no-post-thumbnail"],"yoast_head":"<!-- This site is optimized with the Yoast SEO plugin v27.2 - https:\/\/yoast.com\/product\/yoast-seo-wordpress\/ -->\n<title>B\u00f8ker - Rauland Historielag<\/title>\n<meta name=\"robots\" content=\"index, follow, max-snippet:-1, max-image-preview:large, max-video-preview:-1\" \/>\n<link rel=\"canonical\" href=\"https:\/\/visitrauland.com\/raulandhistorielag\/boker\/\" \/>\n<meta property=\"og:locale\" content=\"nb_NO\" \/>\n<meta property=\"og:type\" content=\"article\" \/>\n<meta property=\"og:title\" content=\"B\u00f8ker - Rauland Historielag\" \/>\n<meta property=\"og:description\" content=\"B\u00f8kerInteressert i lokalhistorie fr\u00e5 Rauland, \u00d8yfjell og M\u00f8sstrond? Les meir om b\u00f8kene v\u00e5re og kvar du kan f\u00e5 tak p\u00e5 dei. &nbsp;Rauland historielag har gjeve ut b\u00f8ker og \u00e5rsskrift i over 30 \u00e5r. Under finn du ei oversikt over utgjevingane v\u00e5re, og du kan lese meir om fleire av dei. Mange av utgjevingane blir no selde til sterk redusert pris. ... Les Mer\" \/>\n<meta property=\"og:url\" content=\"https:\/\/visitrauland.com\/raulandhistorielag\/boker\/\" \/>\n<meta property=\"og:site_name\" content=\"Rauland Historielag\" \/>\n<meta property=\"article:modified_time\" content=\"2025-11-25T22:26:39+00:00\" \/>\n<meta name=\"twitter:card\" content=\"summary_large_image\" \/>\n<meta name=\"twitter:label1\" content=\"Ansl. lesetid\" \/>\n\t<meta name=\"twitter:data1\" content=\"3 minutter\" \/>\n<script type=\"application\/ld+json\" class=\"yoast-schema-graph\">{\"@context\":\"https:\/\/schema.org\",\"@graph\":[{\"@type\":\"WebPage\",\"@id\":\"https:\/\/visitrauland.com\/raulandhistorielag\/boker\/\",\"url\":\"https:\/\/visitrauland.com\/raulandhistorielag\/boker\/\",\"name\":\"B\u00f8ker - Rauland Historielag\",\"isPartOf\":{\"@id\":\"https:\/\/visitrauland.com\/raulandhistorielag\/#website\"},\"datePublished\":\"2024-03-22T19:52:20+00:00\",\"dateModified\":\"2025-11-25T22:26:39+00:00\",\"breadcrumb\":{\"@id\":\"https:\/\/visitrauland.com\/raulandhistorielag\/boker\/#breadcrumb\"},\"inLanguage\":\"nb-NO\",\"potentialAction\":[{\"@type\":\"ReadAction\",\"target\":[\"https:\/\/visitrauland.com\/raulandhistorielag\/boker\/\"]}]},{\"@type\":\"BreadcrumbList\",\"@id\":\"https:\/\/visitrauland.com\/raulandhistorielag\/boker\/#breadcrumb\",\"itemListElement\":[{\"@type\":\"ListItem\",\"position\":1,\"name\":\"Hjem\",\"item\":\"https:\/\/visitrauland.com\/raulandhistorielag\/\"},{\"@type\":\"ListItem\",\"position\":2,\"name\":\"B\u00f8ker\"}]},{\"@type\":\"WebSite\",\"@id\":\"https:\/\/visitrauland.com\/raulandhistorielag\/#website\",\"url\":\"https:\/\/visitrauland.com\/raulandhistorielag\/\",\"name\":\"Rauland Historielag\",\"description\":\"Slagord\",\"potentialAction\":[{\"@type\":\"SearchAction\",\"target\":{\"@type\":\"EntryPoint\",\"urlTemplate\":\"https:\/\/visitrauland.com\/raulandhistorielag\/?s={search_term_string}\"},\"query-input\":{\"@type\":\"PropertyValueSpecification\",\"valueRequired\":true,\"valueName\":\"search_term_string\"}}],\"inLanguage\":\"nb-NO\"}]}<\/script>\n<!-- \/ Yoast SEO plugin. -->","yoast_head_json":{"title":"B\u00f8ker - Rauland Historielag","robots":{"index":"index","follow":"follow","max-snippet":"max-snippet:-1","max-image-preview":"max-image-preview:large","max-video-preview":"max-video-preview:-1"},"canonical":"https:\/\/visitrauland.com\/raulandhistorielag\/boker\/","og_locale":"nb_NO","og_type":"article","og_title":"B\u00f8ker - Rauland Historielag","og_description":"B\u00f8kerInteressert i lokalhistorie fr\u00e5 Rauland, \u00d8yfjell og M\u00f8sstrond? Les meir om b\u00f8kene v\u00e5re og kvar du kan f\u00e5 tak p\u00e5 dei. &nbsp;Rauland historielag har gjeve ut b\u00f8ker og \u00e5rsskrift i over 30 \u00e5r. Under finn du ei oversikt over utgjevingane v\u00e5re, og du kan lese meir om fleire av dei. Mange av utgjevingane blir no selde til sterk redusert pris. ... Les Mer","og_url":"https:\/\/visitrauland.com\/raulandhistorielag\/boker\/","og_site_name":"Rauland Historielag","article_modified_time":"2025-11-25T22:26:39+00:00","twitter_card":"summary_large_image","twitter_misc":{"Ansl. lesetid":"3 minutter"},"schema":{"@context":"https:\/\/schema.org","@graph":[{"@type":"WebPage","@id":"https:\/\/visitrauland.com\/raulandhistorielag\/boker\/","url":"https:\/\/visitrauland.com\/raulandhistorielag\/boker\/","name":"B\u00f8ker - Rauland Historielag","isPartOf":{"@id":"https:\/\/visitrauland.com\/raulandhistorielag\/#website"},"datePublished":"2024-03-22T19:52:20+00:00","dateModified":"2025-11-25T22:26:39+00:00","breadcrumb":{"@id":"https:\/\/visitrauland.com\/raulandhistorielag\/boker\/#breadcrumb"},"inLanguage":"nb-NO","potentialAction":[{"@type":"ReadAction","target":["https:\/\/visitrauland.com\/raulandhistorielag\/boker\/"]}]},{"@type":"BreadcrumbList","@id":"https:\/\/visitrauland.com\/raulandhistorielag\/boker\/#breadcrumb","itemListElement":[{"@type":"ListItem","position":1,"name":"Hjem","item":"https:\/\/visitrauland.com\/raulandhistorielag\/"},{"@type":"ListItem","position":2,"name":"B\u00f8ker"}]},{"@type":"WebSite","@id":"https:\/\/visitrauland.com\/raulandhistorielag\/#website","url":"https:\/\/visitrauland.com\/raulandhistorielag\/","name":"Rauland Historielag","description":"Slagord","potentialAction":[{"@type":"SearchAction","target":{"@type":"EntryPoint","urlTemplate":"https:\/\/visitrauland.com\/raulandhistorielag\/?s={search_term_string}"},"query-input":{"@type":"PropertyValueSpecification","valueRequired":true,"valueName":"search_term_string"}}],"inLanguage":"nb-NO"}]}},"_links":{"self":[{"href":"https:\/\/visitrauland.com\/raulandhistorielag\/wp-json\/wp\/v2\/pages\/1958","targetHints":{"allow":["GET"]}}],"collection":[{"href":"https:\/\/visitrauland.com\/raulandhistorielag\/wp-json\/wp\/v2\/pages"}],"about":[{"href":"https:\/\/visitrauland.com\/raulandhistorielag\/wp-json\/wp\/v2\/types\/page"}],"author":[{"embeddable":true,"href":"https:\/\/visitrauland.com\/raulandhistorielag\/wp-json\/wp\/v2\/users\/10"}],"replies":[{"embeddable":true,"href":"https:\/\/visitrauland.com\/raulandhistorielag\/wp-json\/wp\/v2\/comments?post=1958"}],"version-history":[{"count":16,"href":"https:\/\/visitrauland.com\/raulandhistorielag\/wp-json\/wp\/v2\/pages\/1958\/revisions"}],"predecessor-version":[{"id":2694,"href":"https:\/\/visitrauland.com\/raulandhistorielag\/wp-json\/wp\/v2\/pages\/1958\/revisions\/2694"}],"wp:attachment":[{"href":"https:\/\/visitrauland.com\/raulandhistorielag\/wp-json\/wp\/v2\/media?parent=1958"}],"curies":[{"name":"wp","href":"https:\/\/api.w.org\/{rel}","templated":true}]}}