{"id":339,"date":"2017-10-30T18:03:03","date_gmt":"2017-10-30T17:03:03","guid":{"rendered":"https:\/\/visitrauland.com\/raulandadventure\/?page_id=339"},"modified":"2026-03-27T10:32:25","modified_gmt":"2026-03-27T09:32:25","slug":"raulandadventure","status":"publish","type":"page","link":"https:\/\/visitrauland.com\/raulandadventure\/","title":{"rendered":"Rauland Adventure"},"content":{"rendered":"<div id=\"cs-content\" class=\"cs-content\"><div class=\"x-section e339-e1 m9f-0 m9f-1 m9f-2\"><div class=\"x-bg\" aria-hidden=\"true\"><div class=\"x-bg-layer-lower-video\"><div class=\"x-video player bg transparent hide-controls autoplay loop muted playsinline\" data-x-element-mejs=\"{&quot;poster&quot;:&quot;&quot;}\" data-x-video-options=\"{&quot;pause_out_of_view&quot;:false}\"><script type=\"text\/template\"><div class=\"x-video-inner video\/webm  transparent\"><video class=\"x-mejs has-stack-styles\" preload=\"metadata\" autoplay loop muted playsinline><source src=\"https:\/\/visitrauland.com\/raulandadventure\/wp-content\/uploads\/sites\/120\/2026\/03\/Snoscooter_1774532624.webm\" type=\"video\/webm\"><\/video><\/div><\/script><\/div><\/div><div class=\"x-bg-layer-upper-color\"><\/div><\/div><div class=\"x-div e339-e2 m9f-8 m9f-9 m9f-a m9f-b m9f-c m9f-d m9f-e m9f-f m9f-g m9f-h\"><div class=\"x-text x-text-headline e339-e3 m9f-v m9f-w m9f-x m9f-y\"><div class=\"x-text-content\"><div class=\"x-text-content-text\"><h1 class=\"x-text-content-text-primary\">Rauland Adventure<\/h1>\n<\/div><\/div><\/div><\/div><\/div><div class=\"x-section e339-e4 m9f-1 m9f-3 m9f-4\"><div class=\"x-row x-container max width e339-e5 m9f-13 m9f-14 m9f-15 m9f-16 m9f-17 m9f-18 m9f-1c m9f-1d\"><div class=\"x-row-inner\"><div class=\"x-col e339-e6 m9f-1h\"><span class=\"x-image e339-e7 m9f-1l m9f-1m\"><noscript><img decoding=\"async\" src=\"https:\/\/visitrauland.com\/raulandadventure\/wp-content\/uploads\/sites\/120\/2026\/03\/IMG_0723_1920_1774603818.jpg\" width=\"960\" height=\"540\" alt=\"Fire personer p\u00e5 sn\u00f8skuter i fjellet, omkranset av sn\u00f8dekte landskap og klar bl\u00e5 himmel i Norge.\"><\/noscript><img decoding=\"async\" src=\"data:image\/svg+xml,%3Csvg%20xmlns%3D%22http%3A%2F%2Fwww.w3.org%2F2000%2Fsvg%22%20viewBox%3D%220%200%20960%20540%22%3E%3C%2Fsvg%3E\" width=\"960\" height=\"540\" alt=\"Fire personer p\u00e5 sn\u00f8skuter i fjellet, omkranset av sn\u00f8dekte landskap og klar bl\u00e5 himmel i Norge.\" data-src=\"https:\/\/visitrauland.com\/raulandadventure\/wp-content\/uploads\/sites\/120\/2026\/03\/IMG_0723_1920_1774603818.jpg\" class=\" lazyload\"><\/span><\/div><div class=\"x-col e339-e8 m9f-1h\"><div class=\"x-text x-content e339-e9 m9f-1p m9f-1q m9f-1r m9f-1s m9f-1t m9f-1u\"><h5><span>Rauland Adventure tilbyr opplevelser pakket med fart og spenning. Hos oss har du mulighet til \u00e5 kj\u00f8re egen sn\u00f8scooter sammen med instrukt\u00f8r og guide. Vi tilbyr ogs\u00e5 utleie av sn\u00f8scootere til deg med f\u00f8rerkort klasse S. &nbsp;<\/span><\/h5>\n<ul>\n \t<li>Utleie av sn\u00f8scooter med l\u00f8yve<\/li>\n \t<li>3-timers sn\u00f8scootersafari med guide<\/li>\n \t<li>1-time p\u00e5skesafari p\u00e5 Vierli<\/li>\n<\/ul><\/div><hr class=\"x-line e339-e10 m9f-21 m9f-22\"><a class=\"x-anchor x-anchor-button e339-e11 m9f-24 m9f-25\" tabindex=\"0\" href=\"https:\/\/bookingtjeneste.no\/raulandadventure\" target=\"_blank\" rel=\"noopener noreferrer\"><div class=\"x-anchor-content\"><div class=\"x-anchor-text\"><span class=\"x-anchor-text-primary\">Book her<\/span><\/div><\/div><\/a><hr class=\"x-line e339-e12 m9f-22 m9f-23\"><div class=\"x-text x-content e339-e13 m9f-1p m9f-1q m9f-1u m9f-1v m9f-1w\"><p><strong>Kontakt oss <br>\n<\/strong>E-post: <a data-auto-recognition=\"true\" href=\"mailto:raulandadventure@gmail.com\" class=\"wixui-rich-text__text\">raulandadventure@gmail.com<\/a><br>\n<span class=\"wixui-rich-text__text\"><span class=\"color_36 wixui-rich-text__text\">Tlf: <\/span><\/span><span class=\"wixui-rich-text__text\"><span class=\"color_36 wixui-rich-text__text\">95267352<\/span><\/span><\/p><\/div><\/div><\/div><\/div><\/div><div class=\"x-section e339-e14 m9f-1 m9f-2 m9f-3\"><div class=\"x-row e339-e15 m9f-13 m9f-14 m9f-16 m9f-19 m9f-1e overflow-scroll-title\"><div class=\"x-row-inner\"><div class=\"x-col e339-e16 m9f-1h\"><div class=\"x-text x-text-headline e339-e17 m9f-w m9f-x m9f-y m9f-z\"><div class=\"x-text-content\"><div class=\"x-text-content-text\"><h3 class=\"x-text-content-text-primary\">Aktuelt<\/h3>\n<\/div><\/div><\/div><\/div><div class=\"x-col e339-e18 m9f-1h m9f-1i m9f-1j\"><i class=\"x-icon x-hide-sm x-hide-xs e339-e19 m9f-27 posts-nav\" aria-hidden=\"true\" data-x-icon-o=\"\uf060\" id=\"posts-1-prev\"><\/i><div class=\"x-text x-content e339-e20 m9f-1p m9f-1q m9f-1r m9f-1w m9f-1x m9f-1y\"><a href=\"\/rauland-skisenter\/nyheter\/\">Se alle<\/a><\/div><i class=\"x-icon x-hide-sm x-hide-xs e339-e21 m9f-27 posts-nav\" aria-hidden=\"true\" data-x-icon-o=\"\uf061\" id=\"posts-1-next\"><\/i><\/div><\/div><\/div><div class=\"x-row e339-e22 m9f-13 m9f-16 m9f-17 m9f-18 m9f-1a m9f-1c m9f-1f overflow-scroll-wrapper\"><div class=\"x-row-inner\"><div class=\"x-col e339-e23 m9f-1h overflow-scroll\" id=\"posts-1\"><div class=\"x-row e339-e24 m9f-13 m9f-17 m9f-1a m9f-1b m9f-1g overflow-scroll-posts\"><div class=\"x-row-inner\"><a class=\"x-col e339-e25 m9f-1h m9f-1i m9f-1k m9f-5 m9f-6 overflow-scroll-post\" href=\"https:\/\/visitrauland.com\/raulandadventure\/opplev-snoscootersafari-i-pasken-med-rauland-adventure\/\"><figure class=\"x-div e339-e26 m9f-c m9f-d m9f-i m9f-j\"><span class=\"x-image e339-e27 m9f-1l m9f-1m m9f-1n\"><noscript><img decoding=\"async\" src=\"https:\/\/visitrauland.com\/raulandadventure\/wp-content\/uploads\/sites\/120\/2026\/03\/IMG_0729_1920_1774603828.jpg\" width=\"960\" height=\"540\" alt=\"Featured image for \u201cOpplev sn\u00f8scootersafari i p\u00e5sken med Rauland Adventure\u201d\"><\/noscript><img decoding=\"async\" src=\"data:image\/svg+xml,%3Csvg%20xmlns%3D%22http%3A%2F%2Fwww.w3.org%2F2000%2Fsvg%22%20viewBox%3D%220%200%20960%20540%22%3E%3C%2Fsvg%3E\" width=\"960\" height=\"540\" alt=\"Featured image for \u201cOpplev sn\u00f8scootersafari i p\u00e5sken med Rauland Adventure\u201d\" data-src=\"https:\/\/visitrauland.com\/raulandadventure\/wp-content\/uploads\/sites\/120\/2026\/03\/IMG_0729_1920_1774603828.jpg\" class=\" lazyload\"><\/span><\/figure><article class=\"x-div e339-e28 m9f-8 m9f-9 m9f-b m9f-d m9f-j m9f-k m9f-l m9f-m\"><div class=\"x-text x-text-headline e339-e29 m9f-x m9f-10 m9f-11 m9f-5 m9f-7 max-2-lines force-inter\"><div class=\"x-text-content\"><div class=\"x-text-content-text\"><h2 class=\"x-text-content-text-primary\">Opplev sn\u00f8scootersafari i p\u00e5sken med Rauland Adventure<\/h2>\n<\/div><\/div><\/div><div class=\"x-text x-content e339-e30 m9f-1q m9f-1r m9f-1t m9f-1x m9f-1z\">Opplev Rauland fra sin mest spennende side! Med Rauland Adventure f\u00e5r du tilgang til guidede turer og aktiviteter som gir&hellip;<\/div><\/article><\/a><\/div><\/div><\/div><div class=\"x-col e339-e31 m9f-1h\"><div id=\"post-1-progress-bar\"><\/div><\/div><\/div><\/div><\/div><div class=\"x-section e339-e33 m9f-1 m9f-2 m9f-3\"><div class=\"x-div e339-e34 m9f-8 m9f-c m9f-d m9f-f m9f-j m9f-n m9f-o m9f-p\"><div class=\"x-div e339-e35 m9f-8 m9f-9 m9f-c m9f-d m9f-g m9f-m m9f-o m9f-q m9f-r m9f-s\"><div id=\"var-maskot-mobile\" class=\"x-text x-content x-hide-lg x-hide-md x-hide-xl e339-e36 m9f-1p m9f-1q m9f-1r m9f-1u m9f-1x m9f-20\">Autofilled by JS, copying the desktop value based on element ID<\/div><span class=\"x-image e339-e37 m9f-1l m9f-1o\"><noscript><img decoding=\"async\" src=\"https:\/\/visitrauland.com\/raulandadventure\/wp-content\/uploads\/sites\/120\/2026\/03\/Snoscooter_1766995452_1774523893.jpg\" width=\"678\" height=\"480\" alt=\"Kjapp sn\u00f8scootertur med venner i sn\u00f8dekte fjell. Glede og eventyr venter!\"><\/noscript><img decoding=\"async\" src=\"data:image\/svg+xml,%3Csvg%20xmlns%3D%22http%3A%2F%2Fwww.w3.org%2F2000%2Fsvg%22%20viewBox%3D%220%200%20678%20480%22%3E%3C%2Fsvg%3E\" width=\"678\" height=\"480\" alt=\"Kjapp sn\u00f8scootertur med venner i sn\u00f8dekte fjell. Glede og eventyr venter!\" data-src=\"https:\/\/visitrauland.com\/raulandadventure\/wp-content\/uploads\/sites\/120\/2026\/03\/Snoscooter_1766995452_1774523893.jpg\" class=\" lazyload\"><\/span><\/div><div class=\"x-div e339-e38 m9f-8 m9f-9 m9f-c m9f-d m9f-h m9f-m m9f-o m9f-p m9f-q m9f-s m9f-t\"><div class=\"x-div e339-e39 m9f-8 m9f-9 m9f-c m9f-d m9f-e m9f-j m9f-k m9f-m m9f-q m9f-u\"><div id=\"var-maskot-desktop\" class=\"x-text x-content x-hide-sm x-hide-xs e339-e40 m9f-1p m9f-1q m9f-1r m9f-1u m9f-1x m9f-20\">Rauland Adventure<\/div><div class=\"x-text x-text-headline e339-e41 m9f-x m9f-y m9f-11 m9f-12\"><div class=\"x-text-content\"><div class=\"x-text-content-text\"><h2 class=\"x-text-content-text-primary\">Leie sn\u00f8scooter?<\/h2>\n<\/div><\/div><\/div><div class=\"x-text x-content e339-e42 m9f-1p m9f-1q m9f-1r m9f-1t m9f-1u m9f-1x\"><p>Rauland Adventure tilbyr utleie av sn\u00f8scooter b\u00e5de med og uten guide.<\/p>\n<p>Vi tilbyr egne guidede turer (safari) - her er det 16 \u00e5rs aldersgrense og ingen f\u00f8rerkortkrav - oppl\u00e6ring blir gitt.<\/p>\n<p>For utleie og turer p\u00e5 egenh\u00e5nd kreves f\u00f8rerkort klasse S.<\/p><\/div><a class=\"x-anchor x-anchor-button e339-e43 m9f-25 m9f-26\" tabindex=\"0\" href=\"https:\/\/www.raulandadventure.com\/no\/om-oss\" target=\"_blank\" rel=\"noopener noreferrer\"><div class=\"x-anchor-content\"><div class=\"x-anchor-text\"><span class=\"x-anchor-text-primary\">Les mer<\/span><\/div><\/div><\/a><\/div><\/div><\/div><\/div><\/div>\n","protected":false},"excerpt":{"rendered":"<p>Rauland Adventure Rauland Adventure tilbyr opplevelser pakket med fart og spenning. Hos oss har du mulighet til \u00e5 kj\u00f8re egen sn\u00f8scooter sammen med instrukt\u00f8r og guide. Vi tilbyr ogs\u00e5 utleie av sn\u00f8scootere til deg med f\u00f8rerkort klasse S. &nbsp; Utleie av sn\u00f8scooter med l\u00f8yve 3-timers sn\u00f8scootersafari med guide 1-time p\u00e5skesafari p\u00e5 Vierli Book herKontakt oss E-post: raulandadventure@gmail.com Tlf: 95267352Aktuelt Se &#8230; <\/p>\n<div><a href=\"https:\/\/visitrauland.com\/raulandadventure\/\" class=\"more-link\">Les Mer<\/a><\/div>\n","protected":false},"author":3,"featured_media":0,"parent":0,"menu_order":0,"comment_status":"closed","ping_status":"closed","template":"template-sites.php","meta":{"_relevanssi_hide_post":"","_relevanssi_hide_content":"","_relevanssi_pin_for_all":"","_relevanssi_pin_keywords":"","_relevanssi_unpin_keywords":"","_relevanssi_related_keywords":"","_relevanssi_related_include_ids":"","_relevanssi_related_exclude_ids":"","_relevanssi_related_no_append":"","_relevanssi_related_not_related":"","_relevanssi_related_posts":"","_relevanssi_noindex_reason":"","seo_booster_metabox":"","footnotes":""},"class_list":["post-339","page","type-page","status-publish","hentry","no-post-thumbnail"],"yoast_head":"<!-- This site is optimized with the Yoast SEO plugin v27.2 - https:\/\/yoast.com\/product\/yoast-seo-wordpress\/ -->\n<title>Rauland Adventure - Rauland Adventure<\/title>\n<meta name=\"robots\" content=\"noindex, follow, max-snippet:-1, max-image-preview:large, max-video-preview:-1\" \/>\n<meta property=\"og:locale\" content=\"nb_NO\" \/>\n<meta property=\"og:type\" content=\"article\" \/>\n<meta property=\"og:title\" content=\"Rauland Adventure - Rauland Adventure\" \/>\n<meta property=\"og:description\" content=\"Rauland Adventure Rauland Adventure tilbyr opplevelser pakket med fart og spenning. Hos oss har du mulighet til \u00e5 kj\u00f8re egen sn\u00f8scooter sammen med instrukt\u00f8r og guide. Vi tilbyr ogs\u00e5 utleie av sn\u00f8scootere til deg med f\u00f8rerkort klasse S. &nbsp; Utleie av sn\u00f8scooter med l\u00f8yve 3-timers sn\u00f8scootersafari med guide 1-time p\u00e5skesafari p\u00e5 Vierli Book herKontakt oss E-post: raulandadventure@gmail.com Tlf: 95267352Aktuelt Se ... Les Mer\" \/>\n<meta property=\"og:url\" content=\"https:\/\/visitrauland.com\/raulandadventure\/\" \/>\n<meta property=\"og:site_name\" content=\"Rauland Adventure\" \/>\n<meta property=\"article:modified_time\" content=\"2026-03-27T09:32:25+00:00\" \/>\n<meta name=\"twitter:card\" content=\"summary_large_image\" \/>\n<meta name=\"twitter:label1\" content=\"Ansl. lesetid\" \/>\n\t<meta name=\"twitter:data1\" content=\"4 minutter\" \/>\n<script type=\"application\/ld+json\" class=\"yoast-schema-graph\">{\"@context\":\"https:\/\/schema.org\",\"@graph\":[{\"@type\":\"WebPage\",\"@id\":\"https:\/\/visitrauland.com\/raulandadventure\/\",\"url\":\"https:\/\/visitrauland.com\/raulandadventure\/\",\"name\":\"Rauland Adventure - Rauland Adventure\",\"isPartOf\":{\"@id\":\"https:\/\/visitrauland.com\/raulandadventure\/#website\"},\"datePublished\":\"2017-10-30T17:03:03+00:00\",\"dateModified\":\"2026-03-27T09:32:25+00:00\",\"breadcrumb\":{\"@id\":\"https:\/\/visitrauland.com\/raulandadventure\/#breadcrumb\"},\"inLanguage\":\"nb-NO\",\"potentialAction\":[{\"@type\":\"ReadAction\",\"target\":[\"https:\/\/visitrauland.com\/raulandadventure\/\"]}]},{\"@type\":\"BreadcrumbList\",\"@id\":\"https:\/\/visitrauland.com\/raulandadventure\/#breadcrumb\",\"itemListElement\":[{\"@type\":\"ListItem\",\"position\":1,\"name\":\"Hjem\",\"item\":\"https:\/\/visitrauland.com\/raulandadventure\/\"},{\"@type\":\"ListItem\",\"position\":2,\"name\":\"Rauland Adventure\"}]},{\"@type\":\"WebSite\",\"@id\":\"https:\/\/visitrauland.com\/raulandadventure\/#website\",\"url\":\"https:\/\/visitrauland.com\/raulandadventure\/\",\"name\":\"Rauland Adventure\",\"description\":\"Slagord\",\"potentialAction\":[{\"@type\":\"SearchAction\",\"target\":{\"@type\":\"EntryPoint\",\"urlTemplate\":\"https:\/\/visitrauland.com\/raulandadventure\/?s={search_term_string}\"},\"query-input\":{\"@type\":\"PropertyValueSpecification\",\"valueRequired\":true,\"valueName\":\"search_term_string\"}}],\"inLanguage\":\"nb-NO\"}]}<\/script>\n<!-- \/ Yoast SEO plugin. -->","yoast_head_json":{"title":"Rauland Adventure - Rauland Adventure","robots":{"index":"noindex","follow":"follow","max-snippet":"max-snippet:-1","max-image-preview":"max-image-preview:large","max-video-preview":"max-video-preview:-1"},"og_locale":"nb_NO","og_type":"article","og_title":"Rauland Adventure - Rauland Adventure","og_description":"Rauland Adventure Rauland Adventure tilbyr opplevelser pakket med fart og spenning. Hos oss har du mulighet til \u00e5 kj\u00f8re egen sn\u00f8scooter sammen med instrukt\u00f8r og guide. Vi tilbyr ogs\u00e5 utleie av sn\u00f8scootere til deg med f\u00f8rerkort klasse S. &nbsp; Utleie av sn\u00f8scooter med l\u00f8yve 3-timers sn\u00f8scootersafari med guide 1-time p\u00e5skesafari p\u00e5 Vierli Book herKontakt oss E-post: raulandadventure@gmail.com Tlf: 95267352Aktuelt Se ... Les Mer","og_url":"https:\/\/visitrauland.com\/raulandadventure\/","og_site_name":"Rauland Adventure","article_modified_time":"2026-03-27T09:32:25+00:00","twitter_card":"summary_large_image","twitter_misc":{"Ansl. lesetid":"4 minutter"},"schema":{"@context":"https:\/\/schema.org","@graph":[{"@type":"WebPage","@id":"https:\/\/visitrauland.com\/raulandadventure\/","url":"https:\/\/visitrauland.com\/raulandadventure\/","name":"Rauland Adventure - Rauland Adventure","isPartOf":{"@id":"https:\/\/visitrauland.com\/raulandadventure\/#website"},"datePublished":"2017-10-30T17:03:03+00:00","dateModified":"2026-03-27T09:32:25+00:00","breadcrumb":{"@id":"https:\/\/visitrauland.com\/raulandadventure\/#breadcrumb"},"inLanguage":"nb-NO","potentialAction":[{"@type":"ReadAction","target":["https:\/\/visitrauland.com\/raulandadventure\/"]}]},{"@type":"BreadcrumbList","@id":"https:\/\/visitrauland.com\/raulandadventure\/#breadcrumb","itemListElement":[{"@type":"ListItem","position":1,"name":"Hjem","item":"https:\/\/visitrauland.com\/raulandadventure\/"},{"@type":"ListItem","position":2,"name":"Rauland Adventure"}]},{"@type":"WebSite","@id":"https:\/\/visitrauland.com\/raulandadventure\/#website","url":"https:\/\/visitrauland.com\/raulandadventure\/","name":"Rauland Adventure","description":"Slagord","potentialAction":[{"@type":"SearchAction","target":{"@type":"EntryPoint","urlTemplate":"https:\/\/visitrauland.com\/raulandadventure\/?s={search_term_string}"},"query-input":{"@type":"PropertyValueSpecification","valueRequired":true,"valueName":"search_term_string"}}],"inLanguage":"nb-NO"}]}},"_links":{"self":[{"href":"https:\/\/visitrauland.com\/raulandadventure\/wp-json\/wp\/v2\/pages\/339","targetHints":{"allow":["GET"]}}],"collection":[{"href":"https:\/\/visitrauland.com\/raulandadventure\/wp-json\/wp\/v2\/pages"}],"about":[{"href":"https:\/\/visitrauland.com\/raulandadventure\/wp-json\/wp\/v2\/types\/page"}],"author":[{"embeddable":true,"href":"https:\/\/visitrauland.com\/raulandadventure\/wp-json\/wp\/v2\/users\/3"}],"replies":[{"embeddable":true,"href":"https:\/\/visitrauland.com\/raulandadventure\/wp-json\/wp\/v2\/comments?post=339"}],"version-history":[{"count":12,"href":"https:\/\/visitrauland.com\/raulandadventure\/wp-json\/wp\/v2\/pages\/339\/revisions"}],"predecessor-version":[{"id":2032,"href":"https:\/\/visitrauland.com\/raulandadventure\/wp-json\/wp\/v2\/pages\/339\/revisions\/2032"}],"wp:attachment":[{"href":"https:\/\/visitrauland.com\/raulandadventure\/wp-json\/wp\/v2\/media?parent=339"}],"curies":[{"name":"wp","href":"https:\/\/api.w.org\/{rel}","templated":true}]}}