{"id":556,"date":"2017-11-23T08:58:20","date_gmt":"2017-11-23T07:58:20","guid":{"rendered":"https:\/\/visitrauland.com\/rauland-skisenter\/?page_id=556"},"modified":"2023-11-17T12:12:20","modified_gmt":"2023-11-17T11:12:20","slug":"tiur","status":"publish","type":"page","link":"https:\/\/visitrauland.com\/rauland-skisenter\/skiomradene\/tiur\/","title":{"rendered":"Tiur"},"content":{"rendered":"<div id=\"cs-content\" class=\"cs-content\"><\/div>\n","protected":false},"excerpt":{"rendered":"<p>Tiur er familiens klare favoritt med sitt store utvalg nedfarter for barn, ungdom og voksne. Stolheis og skitrekk tar deg til toppen av Rauland! Den f\u00f8rste heisen du m\u00f8ter fra parkeringsplassen er Tilbringeren. Den bringer deg opp til omr\u00e5det utenfor heisene og Tiurstoga.&nbsp;Fra toppen finnes en rekke l\u00f8ypealternativer, og lengste nedfart er over 2 km lang! Du kan ogs\u00e5 bruke &#8230; <\/p>\n<div><a href=\"https:\/\/visitrauland.com\/rauland-skisenter\/skiomradene\/tiur\/\" class=\"more-link\">Les Mer<\/a><\/div>\n","protected":false},"author":1,"featured_media":0,"parent":468,"menu_order":0,"comment_status":"closed","ping_status":"closed","template":"","meta":{"_relevanssi_hide_post":"","_relevanssi_hide_content":"","_relevanssi_pin_for_all":"","_relevanssi_pin_keywords":"","_relevanssi_unpin_keywords":"","_relevanssi_related_keywords":"","_relevanssi_related_include_ids":"","_relevanssi_related_exclude_ids":"","_relevanssi_related_no_append":"","_relevanssi_related_not_related":"","_relevanssi_related_posts":"","_relevanssi_noindex_reason":"","seo_booster_metabox":"","footnotes":""},"class_list":["post-556","page","type-page","status-publish","hentry","no-post-thumbnail"],"yoast_head":"<!-- This site is optimized with the Yoast SEO plugin v27.2 - https:\/\/yoast.com\/product\/yoast-seo-wordpress\/ -->\n<title>Tiur - Rauland Skisenter<\/title>\n<meta name=\"robots\" content=\"index, follow, max-snippet:-1, max-image-preview:large, max-video-preview:-1\" \/>\n<link rel=\"canonical\" href=\"https:\/\/visitrauland.com\/rauland-skisenter\/skiomradene\/tiur\/\" \/>\n<meta property=\"og:locale\" content=\"nb_NO\" \/>\n<meta property=\"og:type\" content=\"article\" \/>\n<meta property=\"og:title\" content=\"Tiur - Rauland Skisenter\" \/>\n<meta property=\"og:description\" content=\"Tiur er familiens klare favoritt med sitt store utvalg nedfarter for barn, ungdom og voksne. Stolheis og skitrekk tar deg til toppen av Rauland! Den f\u00f8rste heisen du m\u00f8ter fra parkeringsplassen er Tilbringeren. Den bringer deg opp til omr\u00e5det utenfor heisene og Tiurstoga.&nbsp;Fra toppen finnes en rekke l\u00f8ypealternativer, og lengste nedfart er over 2 km lang! Du kan ogs\u00e5 bruke ... Les Mer\" \/>\n<meta property=\"og:url\" content=\"https:\/\/visitrauland.com\/rauland-skisenter\/skiomradene\/tiur\/\" \/>\n<meta property=\"og:site_name\" content=\"Rauland Skisenter\" \/>\n<meta property=\"article:modified_time\" content=\"2023-11-17T11:12:20+00:00\" \/>\n<meta name=\"twitter:card\" content=\"summary_large_image\" \/>\n<meta name=\"twitter:label1\" content=\"Ansl. lesetid\" \/>\n\t<meta name=\"twitter:data1\" content=\"2 minutter\" \/>\n<script type=\"application\/ld+json\" class=\"yoast-schema-graph\">{\"@context\":\"https:\/\/schema.org\",\"@graph\":[{\"@type\":\"WebPage\",\"@id\":\"https:\/\/visitrauland.com\/rauland-skisenter\/skiomradene\/tiur\/\",\"url\":\"https:\/\/visitrauland.com\/rauland-skisenter\/skiomradene\/tiur\/\",\"name\":\"Tiur - Rauland Skisenter\",\"isPartOf\":{\"@id\":\"https:\/\/visitrauland.com\/rauland-skisenter\/#website\"},\"datePublished\":\"2017-11-23T07:58:20+00:00\",\"dateModified\":\"2023-11-17T11:12:20+00:00\",\"breadcrumb\":{\"@id\":\"https:\/\/visitrauland.com\/rauland-skisenter\/skiomradene\/tiur\/#breadcrumb\"},\"inLanguage\":\"nb-NO\",\"potentialAction\":[{\"@type\":\"ReadAction\",\"target\":[\"https:\/\/visitrauland.com\/rauland-skisenter\/skiomradene\/tiur\/\"]}]},{\"@type\":\"BreadcrumbList\",\"@id\":\"https:\/\/visitrauland.com\/rauland-skisenter\/skiomradene\/tiur\/#breadcrumb\",\"itemListElement\":[{\"@type\":\"ListItem\",\"position\":1,\"name\":\"Hjem\",\"item\":\"https:\/\/visitrauland.com\/rauland-skisenter\/\"},{\"@type\":\"ListItem\",\"position\":2,\"name\":\"Skistedene\",\"item\":\"https:\/\/visitrauland.com\/rauland-skisenter\/skiomradene\/\"},{\"@type\":\"ListItem\",\"position\":3,\"name\":\"Tiur\"}]},{\"@type\":\"WebSite\",\"@id\":\"https:\/\/visitrauland.com\/rauland-skisenter\/#website\",\"url\":\"https:\/\/visitrauland.com\/rauland-skisenter\/\",\"name\":\"Rauland Skisenter\",\"description\":\"Aktiviteter for hele familien!\",\"potentialAction\":[{\"@type\":\"SearchAction\",\"target\":{\"@type\":\"EntryPoint\",\"urlTemplate\":\"https:\/\/visitrauland.com\/rauland-skisenter\/?s={search_term_string}\"},\"query-input\":{\"@type\":\"PropertyValueSpecification\",\"valueRequired\":true,\"valueName\":\"search_term_string\"}}],\"inLanguage\":\"nb-NO\"}]}<\/script>\n<!-- \/ Yoast SEO plugin. -->","yoast_head_json":{"title":"Tiur - Rauland Skisenter","robots":{"index":"index","follow":"follow","max-snippet":"max-snippet:-1","max-image-preview":"max-image-preview:large","max-video-preview":"max-video-preview:-1"},"canonical":"https:\/\/visitrauland.com\/rauland-skisenter\/skiomradene\/tiur\/","og_locale":"nb_NO","og_type":"article","og_title":"Tiur - Rauland Skisenter","og_description":"Tiur er familiens klare favoritt med sitt store utvalg nedfarter for barn, ungdom og voksne. Stolheis og skitrekk tar deg til toppen av Rauland! Den f\u00f8rste heisen du m\u00f8ter fra parkeringsplassen er Tilbringeren. Den bringer deg opp til omr\u00e5det utenfor heisene og Tiurstoga.&nbsp;Fra toppen finnes en rekke l\u00f8ypealternativer, og lengste nedfart er over 2 km lang! Du kan ogs\u00e5 bruke ... Les Mer","og_url":"https:\/\/visitrauland.com\/rauland-skisenter\/skiomradene\/tiur\/","og_site_name":"Rauland Skisenter","article_modified_time":"2023-11-17T11:12:20+00:00","twitter_card":"summary_large_image","twitter_misc":{"Ansl. lesetid":"2 minutter"},"schema":{"@context":"https:\/\/schema.org","@graph":[{"@type":"WebPage","@id":"https:\/\/visitrauland.com\/rauland-skisenter\/skiomradene\/tiur\/","url":"https:\/\/visitrauland.com\/rauland-skisenter\/skiomradene\/tiur\/","name":"Tiur - Rauland Skisenter","isPartOf":{"@id":"https:\/\/visitrauland.com\/rauland-skisenter\/#website"},"datePublished":"2017-11-23T07:58:20+00:00","dateModified":"2023-11-17T11:12:20+00:00","breadcrumb":{"@id":"https:\/\/visitrauland.com\/rauland-skisenter\/skiomradene\/tiur\/#breadcrumb"},"inLanguage":"nb-NO","potentialAction":[{"@type":"ReadAction","target":["https:\/\/visitrauland.com\/rauland-skisenter\/skiomradene\/tiur\/"]}]},{"@type":"BreadcrumbList","@id":"https:\/\/visitrauland.com\/rauland-skisenter\/skiomradene\/tiur\/#breadcrumb","itemListElement":[{"@type":"ListItem","position":1,"name":"Hjem","item":"https:\/\/visitrauland.com\/rauland-skisenter\/"},{"@type":"ListItem","position":2,"name":"Skistedene","item":"https:\/\/visitrauland.com\/rauland-skisenter\/skiomradene\/"},{"@type":"ListItem","position":3,"name":"Tiur"}]},{"@type":"WebSite","@id":"https:\/\/visitrauland.com\/rauland-skisenter\/#website","url":"https:\/\/visitrauland.com\/rauland-skisenter\/","name":"Rauland Skisenter","description":"Aktiviteter for hele familien!","potentialAction":[{"@type":"SearchAction","target":{"@type":"EntryPoint","urlTemplate":"https:\/\/visitrauland.com\/rauland-skisenter\/?s={search_term_string}"},"query-input":{"@type":"PropertyValueSpecification","valueRequired":true,"valueName":"search_term_string"}}],"inLanguage":"nb-NO"}]}},"publishpress_future_action":{"enabled":false,"date":"2026-04-30 11:53:21","action":"change-status","newStatus":"draft","terms":[],"taxonomy":"","extraData":[]},"publishpress_future_workflow_manual_trigger":{"enabledWorkflows":[]},"_links":{"self":[{"href":"https:\/\/visitrauland.com\/rauland-skisenter\/wp-json\/wp\/v2\/pages\/556","targetHints":{"allow":["GET"]}}],"collection":[{"href":"https:\/\/visitrauland.com\/rauland-skisenter\/wp-json\/wp\/v2\/pages"}],"about":[{"href":"https:\/\/visitrauland.com\/rauland-skisenter\/wp-json\/wp\/v2\/types\/page"}],"author":[{"embeddable":true,"href":"https:\/\/visitrauland.com\/rauland-skisenter\/wp-json\/wp\/v2\/users\/1"}],"replies":[{"embeddable":true,"href":"https:\/\/visitrauland.com\/rauland-skisenter\/wp-json\/wp\/v2\/comments?post=556"}],"version-history":[{"count":17,"href":"https:\/\/visitrauland.com\/rauland-skisenter\/wp-json\/wp\/v2\/pages\/556\/revisions"}],"predecessor-version":[{"id":8718,"href":"https:\/\/visitrauland.com\/rauland-skisenter\/wp-json\/wp\/v2\/pages\/556\/revisions\/8718"}],"up":[{"embeddable":true,"href":"https:\/\/visitrauland.com\/rauland-skisenter\/wp-json\/wp\/v2\/pages\/468"}],"wp:attachment":[{"href":"https:\/\/visitrauland.com\/rauland-skisenter\/wp-json\/wp\/v2\/media?parent=556"}],"curies":[{"name":"wp","href":"https:\/\/api.w.org\/{rel}","templated":true}]}}