{"id":438,"date":"2017-12-07T11:00:53","date_gmt":"2017-12-07T10:00:53","guid":{"rendered":"https:\/\/visitrauland.com\/rauland-skisenter\/?page_id=438"},"modified":"2025-11-19T14:11:58","modified_gmt":"2025-11-19T13:11:58","slug":"stillinger","status":"publish","type":"page","link":"https:\/\/visitrauland.com\/rauland-skisenter\/stillinger\/","title":{"rendered":"Ledige stillinger"},"content":{"rendered":"<div id=\"cs-content\" class=\"cs-content\"><div id=\"x-section-1\" class=\"x-section\" style=\"margin: 0px;padding: 0px; background-color: transparent;\"><div id class=\"x-container\" style=\"margin: 0px auto;padding: 0px;\"><div class=\"x-column x-sm x-1-1\" style=\"padding: 0px;\"><div class=\"x-frame x-frame-video-embed e438-e4 mc6-0 mc6-1\"><div class=\"x-frame-inner\"><div class=\"x-video x-video-embed\"><div class=\"yt-square\">\n  <noscript><iframe src=\"https:\/\/www.youtube-nocookie.com\/embed\/Xqcby0Jd6yk\" frameborder=\"0\"><\/iframe><\/noscript><iframe frameborder=\"0\" data-src=\"https:\/\/www.youtube-nocookie.com\/embed\/Xqcby0Jd6yk\" class=\" lazyload\"><\/iframe>\n<\/div>\n<\/div><\/div><\/div><\/div><\/div><div id class=\"x-container\" style=\"margin: 0px auto;padding: 0px;\"><div class=\"x-column x-sm x-1-1\" style=\"padding: 0px;\"><div id class=\"x-text\" style><h5 class=\"m_-928143146573853963MsoListParagraph\"><b>Liker du \u00e5 jobbe med mennesker, v\u00e6re ute og er glad i vinter? Bli en del av oss i Rauland Skisenter.&nbsp;<u><\/u><\/b><\/h5>\n<p><strong>Om oss:<br>\n<\/strong>Rauland Skisenter AS er en av Telemarks st\u00f8rste reiselivsbedrifter og vi er blant de st\u00f8rre anleggene i Norge. Hos oss legger vi til rette for gode skiopplevelser for hele familien i et sn\u00f8sikkert fjellomr\u00e5de. <br>\nRauland ligger i Vinje Kommune som har lange tradisjoner med reiseliv og turisme. Rauland sentrum er godt utbygget med handel og servering. V\u00e5r virksomhet drives p\u00e5 Vierli, Tiur og i Holtardalen. V\u00e5rt personale er v\u00e5r viktigste ressurs, og i h\u00f8ysesong har nesten 100 ansatte i alle aldre og fra mange land. Vi driver hele \u00e5ret, har virksomhet blant annet innen ski, overnatting, renhold og servering. Rauland Skisenter er ogs\u00e5 Milj\u00f8fyrt\u00e5rn sertifisert.<br>\n<u><\/u><\/p>\n<p><b>Send din s\u00f8knad til: <a href=\"mailto:jobb@raulandskisenter.no\">jobb@raulandskisenter.no<\/a><\/b><\/p>\n<p><strong>Ledige stillinger:<\/strong><\/p>\n<p><strong><a href=\"\/rauland-skisenter\/stillinger\/heisvert\/\">Heisvert<\/a><\/strong><a href=\"\/rauland-skisenter\/stillinger\/maskinforer\/\"><strong><\/strong><\/a><\/p>\n<p><strong><a href=\"\/rauland-skisenter\/stillinger\/skishop\/\">Skiutleiemedarbeider<\/a>- kun deltid ledig!<\/strong><\/p>\n<p><a href=\"\/rauland-skisenter\/stillinger\/kafeteria\/\"><strong>Kafemedarbeider<\/strong><\/a><\/p>\n<p><a href=\"https:\/\/visitrauland.com\/rauland-skisenter\/stillinger\/parkshaper\/\"><strong>Parkshaper<\/strong><\/a><\/p>\n<p><a href=\"\/rauland-skisenter\/stillinger\/maskinforer\/\"><strong>Tr\u00e5kkemaskinf\u00f8rer -<\/strong><\/a><strong><a href=\"\/rauland-skisenter\/stillinger\/skileder\/\"><span style=\"color: #000000\">ingen ledig stilling<\/span><\/a><\/strong><\/p>\n<p><a href=\"\/rauland-skisenter\/stillinger\/skileder\/\"><strong>Leder ski - <span style=\"color: #000000\">ingen ledig stilling<\/span><\/strong><\/a><\/p>\n<p><a href=\"\/rauland-skisenter\/stillinger\/kokk\/\"><strong>Kokk\/matkyndig- <span style=\"color: #000000\">ingen ledig stilling<\/span><\/strong><\/a><\/p>\n<p><a href=\"\/rauland-skisenter\/stillinger\/eventmedarbeider\/\"><strong>Aktivitets- og eventmedarbeider <\/strong><\/a><strong><a href=\"\/rauland-skisenter\/stillinger\/renholder\/\"> <span style=\"color: #000000\">ingen ledig stilling<\/span><\/a><\/strong><\/p>\n<p><strong><a href=\"\/rauland-skisenter\/stillinger\/leder-skipatrulje\/\">Leder skipatrulje <\/a><a href=\"\/rauland-skisenter\/stillinger\/renholder\/\"> <span style=\"color: #000000\">ingen ledig stilling<\/span><\/a><\/strong><\/p>\n<p><strong><a href=\"\/rauland-skisenter\/stillinger\/renholder\/\">Renholder - <span style=\"color: #000000\">ingen ledig stilling<\/span><\/a><\/strong><\/p>\n<p><span style=\"color: #ff6600\"><a href=\"\/rauland-skisenter\/stillinger\/generell\/\" style=\"color: #ff6600\"><strong>\u00c5pen s\u00f8knad<\/strong><\/a><\/span><\/p>\n<p><noscript><img decoding=\"async\" src=\"https:\/\/visitrauland.com\/rauland-skisenter\/wp-content\/uploads\/sites\/18\/2021\/10\/DSC6523-3.jpg\" alt=\"To personer i skiutstyr smiler og g\u00e5r p\u00e5 sn\u00f8dekket bakke foran skihytter.\" width=\"1920\" height=\"1080\" class=\"alignnone size-full wp-image-5480\" srcset=\"https:\/\/visitrauland.com\/rauland-skisenter\/wp-content\/uploads\/sites\/18\/2021\/10\/DSC6523-3.jpg 1920w, https:\/\/visitrauland.com\/rauland-skisenter\/wp-content\/uploads\/sites\/18\/2021\/10\/DSC6523-3-300x169.jpg 300w, https:\/\/visitrauland.com\/rauland-skisenter\/wp-content\/uploads\/sites\/18\/2021\/10\/DSC6523-3-1024x576.jpg 1024w, https:\/\/visitrauland.com\/rauland-skisenter\/wp-content\/uploads\/sites\/18\/2021\/10\/DSC6523-3-768x432.jpg 768w, https:\/\/visitrauland.com\/rauland-skisenter\/wp-content\/uploads\/sites\/18\/2021\/10\/DSC6523-3-1536x864.jpg 1536w, https:\/\/visitrauland.com\/rauland-skisenter\/wp-content\/uploads\/sites\/18\/2021\/10\/DSC6523-3-500x281.jpg 500w, https:\/\/visitrauland.com\/rauland-skisenter\/wp-content\/uploads\/sites\/18\/2021\/10\/DSC6523-3-100x56.jpg 100w, https:\/\/visitrauland.com\/rauland-skisenter\/wp-content\/uploads\/sites\/18\/2021\/10\/DSC6523-3-862x485.jpg 862w, https:\/\/visitrauland.com\/rauland-skisenter\/wp-content\/uploads\/sites\/18\/2021\/10\/DSC6523-3-1200x675.jpg 1200w\" sizes=\"(max-width: 1920px) 100vw, 1920px\"><\/noscript><img decoding=\"async\" src=\"data:image\/svg+xml,%3Csvg%20xmlns%3D%22http%3A%2F%2Fwww.w3.org%2F2000%2Fsvg%22%20viewBox%3D%220%200%201920%201080%22%3E%3C%2Fsvg%3E\" alt=\"To personer i skiutstyr smiler og g\u00e5r p\u00e5 sn\u00f8dekket bakke foran skihytter.\" width=\"1920\" height=\"1080\" class=\"alignnone size-full wp-image-5480 lazyload\" srcset=\"data:image\/svg+xml,%3Csvg%20xmlns%3D%22http%3A%2F%2Fwww.w3.org%2F2000%2Fsvg%22%20viewBox%3D%220%200%201920%201080%22%3E%3C%2Fsvg%3E 1920w\" sizes=\"(max-width: 1920px) 100vw, 1920px\" data-srcset=\"https:\/\/visitrauland.com\/rauland-skisenter\/wp-content\/uploads\/sites\/18\/2021\/10\/DSC6523-3.jpg 1920w, https:\/\/visitrauland.com\/rauland-skisenter\/wp-content\/uploads\/sites\/18\/2021\/10\/DSC6523-3-300x169.jpg 300w, https:\/\/visitrauland.com\/rauland-skisenter\/wp-content\/uploads\/sites\/18\/2021\/10\/DSC6523-3-1024x576.jpg 1024w, https:\/\/visitrauland.com\/rauland-skisenter\/wp-content\/uploads\/sites\/18\/2021\/10\/DSC6523-3-768x432.jpg 768w, https:\/\/visitrauland.com\/rauland-skisenter\/wp-content\/uploads\/sites\/18\/2021\/10\/DSC6523-3-1536x864.jpg 1536w, https:\/\/visitrauland.com\/rauland-skisenter\/wp-content\/uploads\/sites\/18\/2021\/10\/DSC6523-3-500x281.jpg 500w, https:\/\/visitrauland.com\/rauland-skisenter\/wp-content\/uploads\/sites\/18\/2021\/10\/DSC6523-3-100x56.jpg 100w, https:\/\/visitrauland.com\/rauland-skisenter\/wp-content\/uploads\/sites\/18\/2021\/10\/DSC6523-3-862x485.jpg 862w, https:\/\/visitrauland.com\/rauland-skisenter\/wp-content\/uploads\/sites\/18\/2021\/10\/DSC6523-3-1200x675.jpg 1200w\" data-src=\"https:\/\/visitrauland.com\/rauland-skisenter\/wp-content\/uploads\/sites\/18\/2021\/10\/DSC6523-3.jpg\"><\/p>\n<p class=\"m_-928143146573853963MsoListParagraph\">\n<\/p><\/div><\/div><\/div><\/div><\/div>\n","protected":false},"excerpt":{"rendered":"<p>Liker du \u00e5 jobbe med mennesker, v\u00e6re ute og er glad i vinter? Bli en del av oss i Rauland Skisenter.&nbsp; Om oss: Rauland Skisenter AS er en av Telemarks st\u00f8rste reiselivsbedrifter og vi er blant de st\u00f8rre anleggene i Norge. Hos oss legger vi til rette for gode skiopplevelser for hele familien i et sn\u00f8sikkert fjellomr\u00e5de. Rauland ligger i &#8230; <\/p>\n<div><a href=\"https:\/\/visitrauland.com\/rauland-skisenter\/stillinger\/\" class=\"more-link\">Les Mer<\/a><\/div>\n","protected":false},"author":1,"featured_media":0,"parent":0,"menu_order":0,"comment_status":"closed","ping_status":"closed","template":"","meta":{"_relevanssi_hide_post":"","_relevanssi_hide_content":"","_relevanssi_pin_for_all":"","_relevanssi_pin_keywords":"","_relevanssi_unpin_keywords":"","_relevanssi_related_keywords":"","_relevanssi_related_include_ids":"","_relevanssi_related_exclude_ids":"","_relevanssi_related_no_append":"","_relevanssi_related_not_related":"","_relevanssi_related_posts":"10449,9938,9341,5167,9294,10386","_relevanssi_noindex_reason":"","seo_booster_metabox":"","footnotes":""},"class_list":["post-438","page","type-page","status-publish","hentry","no-post-thumbnail"],"yoast_head":"<!-- This site is optimized with the Yoast SEO plugin v27.2 - https:\/\/yoast.com\/product\/yoast-seo-wordpress\/ -->\n<title>Ledige stillinger - Rauland Skisenter<\/title>\n<meta name=\"robots\" content=\"index, follow, max-snippet:-1, max-image-preview:large, max-video-preview:-1\" \/>\n<link rel=\"canonical\" href=\"https:\/\/visitrauland.com\/rauland-skisenter\/stillinger\/\" \/>\n<meta property=\"og:locale\" content=\"nb_NO\" \/>\n<meta property=\"og:type\" content=\"article\" \/>\n<meta property=\"og:title\" content=\"Ledige stillinger - Rauland Skisenter\" \/>\n<meta property=\"og:description\" content=\"Liker du \u00e5 jobbe med mennesker, v\u00e6re ute og er glad i vinter? Bli en del av oss i Rauland Skisenter.&nbsp; Om oss: Rauland Skisenter AS er en av Telemarks st\u00f8rste reiselivsbedrifter og vi er blant de st\u00f8rre anleggene i Norge. Hos oss legger vi til rette for gode skiopplevelser for hele familien i et sn\u00f8sikkert fjellomr\u00e5de. Rauland ligger i ... Les Mer\" \/>\n<meta property=\"og:url\" content=\"https:\/\/visitrauland.com\/rauland-skisenter\/stillinger\/\" \/>\n<meta property=\"og:site_name\" content=\"Rauland Skisenter\" \/>\n<meta property=\"article:modified_time\" content=\"2025-11-19T13:11:58+00:00\" \/>\n<meta property=\"og:image\" content=\"https:\/\/visitrauland.com\/rauland-skisenter\/wp-content\/uploads\/sites\/18\/2021\/10\/DSC6523-3.jpg\" \/>\n\t<meta property=\"og:image:width\" content=\"1920\" \/>\n\t<meta property=\"og:image:height\" content=\"1080\" \/>\n\t<meta property=\"og:image:type\" content=\"image\/jpeg\" \/>\n<meta name=\"twitter:card\" content=\"summary_large_image\" \/>\n<meta name=\"twitter:label1\" content=\"Ansl. lesetid\" \/>\n\t<meta name=\"twitter:data1\" content=\"2 minutter\" \/>\n<script type=\"application\/ld+json\" class=\"yoast-schema-graph\">{\"@context\":\"https:\/\/schema.org\",\"@graph\":[{\"@type\":\"WebPage\",\"@id\":\"https:\/\/visitrauland.com\/rauland-skisenter\/stillinger\/\",\"url\":\"https:\/\/visitrauland.com\/rauland-skisenter\/stillinger\/\",\"name\":\"Ledige stillinger - Rauland Skisenter\",\"isPartOf\":{\"@id\":\"https:\/\/visitrauland.com\/rauland-skisenter\/#website\"},\"primaryImageOfPage\":{\"@id\":\"https:\/\/visitrauland.com\/rauland-skisenter\/stillinger\/#primaryimage\"},\"image\":{\"@id\":\"https:\/\/visitrauland.com\/rauland-skisenter\/stillinger\/#primaryimage\"},\"thumbnailUrl\":\"https:\/\/visitrauland.com\/rauland-skisenter\/wp-content\/uploads\/sites\/18\/2021\/10\/DSC6523-3.jpg\",\"datePublished\":\"2017-12-07T10:00:53+00:00\",\"dateModified\":\"2025-11-19T13:11:58+00:00\",\"breadcrumb\":{\"@id\":\"https:\/\/visitrauland.com\/rauland-skisenter\/stillinger\/#breadcrumb\"},\"inLanguage\":\"nb-NO\",\"potentialAction\":[{\"@type\":\"ReadAction\",\"target\":[\"https:\/\/visitrauland.com\/rauland-skisenter\/stillinger\/\"]}]},{\"@type\":\"ImageObject\",\"inLanguage\":\"nb-NO\",\"@id\":\"https:\/\/visitrauland.com\/rauland-skisenter\/stillinger\/#primaryimage\",\"url\":\"https:\/\/visitrauland.com\/rauland-skisenter\/wp-content\/uploads\/sites\/18\/2021\/10\/DSC6523-3.jpg\",\"contentUrl\":\"https:\/\/visitrauland.com\/rauland-skisenter\/wp-content\/uploads\/sites\/18\/2021\/10\/DSC6523-3.jpg\",\"width\":1920,\"height\":1080,\"caption\":\"To personer i skiutstyr smiler og g\u00e5r p\u00e5 sn\u00f8dekket bakke foran skihytter.\"},{\"@type\":\"BreadcrumbList\",\"@id\":\"https:\/\/visitrauland.com\/rauland-skisenter\/stillinger\/#breadcrumb\",\"itemListElement\":[{\"@type\":\"ListItem\",\"position\":1,\"name\":\"Hjem\",\"item\":\"https:\/\/visitrauland.com\/rauland-skisenter\/\"},{\"@type\":\"ListItem\",\"position\":2,\"name\":\"Ledige stillinger\"}]},{\"@type\":\"WebSite\",\"@id\":\"https:\/\/visitrauland.com\/rauland-skisenter\/#website\",\"url\":\"https:\/\/visitrauland.com\/rauland-skisenter\/\",\"name\":\"Rauland Skisenter\",\"description\":\"Aktiviteter for hele familien!\",\"potentialAction\":[{\"@type\":\"SearchAction\",\"target\":{\"@type\":\"EntryPoint\",\"urlTemplate\":\"https:\/\/visitrauland.com\/rauland-skisenter\/?s={search_term_string}\"},\"query-input\":{\"@type\":\"PropertyValueSpecification\",\"valueRequired\":true,\"valueName\":\"search_term_string\"}}],\"inLanguage\":\"nb-NO\"}]}<\/script>\n<!-- \/ Yoast SEO plugin. -->","yoast_head_json":{"title":"Ledige stillinger - Rauland Skisenter","robots":{"index":"index","follow":"follow","max-snippet":"max-snippet:-1","max-image-preview":"max-image-preview:large","max-video-preview":"max-video-preview:-1"},"canonical":"https:\/\/visitrauland.com\/rauland-skisenter\/stillinger\/","og_locale":"nb_NO","og_type":"article","og_title":"Ledige stillinger - Rauland Skisenter","og_description":"Liker du \u00e5 jobbe med mennesker, v\u00e6re ute og er glad i vinter? Bli en del av oss i Rauland Skisenter.&nbsp; Om oss: Rauland Skisenter AS er en av Telemarks st\u00f8rste reiselivsbedrifter og vi er blant de st\u00f8rre anleggene i Norge. Hos oss legger vi til rette for gode skiopplevelser for hele familien i et sn\u00f8sikkert fjellomr\u00e5de. Rauland ligger i ... Les Mer","og_url":"https:\/\/visitrauland.com\/rauland-skisenter\/stillinger\/","og_site_name":"Rauland Skisenter","article_modified_time":"2025-11-19T13:11:58+00:00","og_image":[{"width":1920,"height":1080,"url":"https:\/\/visitrauland.com\/rauland-skisenter\/wp-content\/uploads\/sites\/18\/2021\/10\/DSC6523-3.jpg","type":"image\/jpeg"}],"twitter_card":"summary_large_image","twitter_misc":{"Ansl. lesetid":"2 minutter"},"schema":{"@context":"https:\/\/schema.org","@graph":[{"@type":"WebPage","@id":"https:\/\/visitrauland.com\/rauland-skisenter\/stillinger\/","url":"https:\/\/visitrauland.com\/rauland-skisenter\/stillinger\/","name":"Ledige stillinger - Rauland Skisenter","isPartOf":{"@id":"https:\/\/visitrauland.com\/rauland-skisenter\/#website"},"primaryImageOfPage":{"@id":"https:\/\/visitrauland.com\/rauland-skisenter\/stillinger\/#primaryimage"},"image":{"@id":"https:\/\/visitrauland.com\/rauland-skisenter\/stillinger\/#primaryimage"},"thumbnailUrl":"https:\/\/visitrauland.com\/rauland-skisenter\/wp-content\/uploads\/sites\/18\/2021\/10\/DSC6523-3.jpg","datePublished":"2017-12-07T10:00:53+00:00","dateModified":"2025-11-19T13:11:58+00:00","breadcrumb":{"@id":"https:\/\/visitrauland.com\/rauland-skisenter\/stillinger\/#breadcrumb"},"inLanguage":"nb-NO","potentialAction":[{"@type":"ReadAction","target":["https:\/\/visitrauland.com\/rauland-skisenter\/stillinger\/"]}]},{"@type":"ImageObject","inLanguage":"nb-NO","@id":"https:\/\/visitrauland.com\/rauland-skisenter\/stillinger\/#primaryimage","url":"https:\/\/visitrauland.com\/rauland-skisenter\/wp-content\/uploads\/sites\/18\/2021\/10\/DSC6523-3.jpg","contentUrl":"https:\/\/visitrauland.com\/rauland-skisenter\/wp-content\/uploads\/sites\/18\/2021\/10\/DSC6523-3.jpg","width":1920,"height":1080,"caption":"To personer i skiutstyr smiler og g\u00e5r p\u00e5 sn\u00f8dekket bakke foran skihytter."},{"@type":"BreadcrumbList","@id":"https:\/\/visitrauland.com\/rauland-skisenter\/stillinger\/#breadcrumb","itemListElement":[{"@type":"ListItem","position":1,"name":"Hjem","item":"https:\/\/visitrauland.com\/rauland-skisenter\/"},{"@type":"ListItem","position":2,"name":"Ledige stillinger"}]},{"@type":"WebSite","@id":"https:\/\/visitrauland.com\/rauland-skisenter\/#website","url":"https:\/\/visitrauland.com\/rauland-skisenter\/","name":"Rauland Skisenter","description":"Aktiviteter for hele familien!","potentialAction":[{"@type":"SearchAction","target":{"@type":"EntryPoint","urlTemplate":"https:\/\/visitrauland.com\/rauland-skisenter\/?s={search_term_string}"},"query-input":{"@type":"PropertyValueSpecification","valueRequired":true,"valueName":"search_term_string"}}],"inLanguage":"nb-NO"}]}},"publishpress_future_action":{"enabled":false,"date":"2026-04-14 13:39:27","action":"change-status","newStatus":"draft","terms":[],"taxonomy":"","extraData":[]},"publishpress_future_workflow_manual_trigger":{"enabledWorkflows":[]},"_links":{"self":[{"href":"https:\/\/visitrauland.com\/rauland-skisenter\/wp-json\/wp\/v2\/pages\/438","targetHints":{"allow":["GET"]}}],"collection":[{"href":"https:\/\/visitrauland.com\/rauland-skisenter\/wp-json\/wp\/v2\/pages"}],"about":[{"href":"https:\/\/visitrauland.com\/rauland-skisenter\/wp-json\/wp\/v2\/types\/page"}],"author":[{"embeddable":true,"href":"https:\/\/visitrauland.com\/rauland-skisenter\/wp-json\/wp\/v2\/users\/1"}],"replies":[{"embeddable":true,"href":"https:\/\/visitrauland.com\/rauland-skisenter\/wp-json\/wp\/v2\/comments?post=438"}],"version-history":[{"count":106,"href":"https:\/\/visitrauland.com\/rauland-skisenter\/wp-json\/wp\/v2\/pages\/438\/revisions"}],"predecessor-version":[{"id":10590,"href":"https:\/\/visitrauland.com\/rauland-skisenter\/wp-json\/wp\/v2\/pages\/438\/revisions\/10590"}],"wp:attachment":[{"href":"https:\/\/visitrauland.com\/rauland-skisenter\/wp-json\/wp\/v2\/media?parent=438"}],"curies":[{"name":"wp","href":"https:\/\/api.w.org\/{rel}","templated":true}]}}