{"id":394,"date":"2017-11-14T00:00:33","date_gmt":"2017-11-13T23:00:33","guid":{"rendered":"https:\/\/visitrauland.com\/rauland-skisenter\/?page_id=394"},"modified":"2026-02-11T14:36:38","modified_gmt":"2026-02-11T13:36:38","slug":"mat-og-drikke","status":"publish","type":"page","link":"https:\/\/visitrauland.com\/rauland-skisenter\/mat-og-drikke\/","title":{"rendered":"Mat og drikke"},"content":{"rendered":"<div id=\"cs-content\" class=\"cs-content\"><div class=\"x-section e394-e1 may-0 may-1 may-2 may-3 hero-2026\"><div class=\"x-bg\" aria-hidden=\"true\"><div class=\"x-bg-layer-lower-image\"><\/div><div class=\"x-bg-layer-upper-color\"><\/div><\/div><div class=\"x-div e394-e2 may-a\"><div class=\"x-text x-text-headline e394-e3 may-b\"><div class=\"x-text-content\"><div class=\"x-text-content-text\"><h1 class=\"x-text-content-text-primary\">Mat og drikke hos <br>Rauland Skisenter<\/h1>\n<\/div><\/div><\/div><\/div><\/div><div id=\"aktiviteter\" class=\"x-section text-24px underhero-text\" style=\"margin: 0px;padding: 45px 0px; background-color: transparent;\"><div id class=\"x-container max width\" style=\"margin: 0px auto;padding: 0px;\"><div class=\"x-column x-sm x-1-1\" style=\"padding: 0px;\"><div class=\"x-text x-content e394-e7 may-c\"><p style=\"text-align: center\"><a href=\"#selskap\"><strong>Selskap<\/strong><\/a>&nbsp;|<strong> <a href=\"#vierli\">Vierli Kafeteria<\/a><\/strong> | <a href=\"#heishuset\"><strong>Heishuset<\/strong><\/a> | <a href=\"#tiurstoga\"><strong>Tiurstoga<\/strong><\/a> | <a href=\"#holtarstua\"><strong>Holtarstua<\/strong><\/a> | <a href=\"#paviljongen\"><strong>Paviljongen<\/strong><\/a><\/p><\/div><hr class=\"x-gap\" style=\"margin: 50px 0 0 0;\"><\/div><\/div><\/div><div class=\"x-section e394-e9 may-0 may-1 may-4 may-5 text-24px underhero-text\"><div class=\"x-row x-container max width e394-e10 may-d may-e may-f\"><div class=\"x-row-inner\"><div class=\"x-col e394-e11 may-n\"><div id class=\"x-text\" style><p>I Rauland Skisenter har hvert spisested sitt s\u00e6rpreg og har variert og god mat p\u00e5 menyen. Hos oss vil du finne noe for alle smaker. Du kan ta med deg maten ut, hvor vi har terrasser med mange sitteplasser og panoramautsikt over Raulandsfjell og Hardangervidda.<\/p>\n<p>Hos oss finner du flere spisesteder med servering av varme og kalde retter og drikkevarer.&nbsp;<b><\/b>Vi har afterski p\u00e5 Heishuset og Paviljongen gjennom vintersesongen.<\/p>\n<p>For mer informasjon eller bestilling av mat\/selskaper utenfor v\u00e5re \u00e5pningstider ta kontakt med oss s\u00e5 hjelper vi deg gjerne.<\/p>\n<p>Kontakt oss: Donata Impoliene -&nbsp;<a href=\"mailto:dc@raulandferiesenter.no\">dc@raulandferiesenter.no <\/a>350 72 300 (valg 3)<\/p>\n<p><strong>Kontantfrie kasser<br>\n<\/strong>Som et ledd i milj\u00f8 og sikkerhet, har Rauland Skisenter innf\u00f8rt flere kontantfrie kasser. Betalingspunktene er tydelig merket.<br>\nVed Vierli Kafeteria kan du betale med kontakter.<\/p>\n<\/div><\/div><\/div><\/div><\/div><div class=\"x-section e394-e14 may-0 may-5 may-6 may-7 text-24px underhero-text\"><div class=\"x-row x-container max width e394-e15 may-d may-e may-g\"><div class=\"x-row-inner\"><div class=\"x-col e394-e16 may-n\"><div id=\"selskap\" class=\"x-text x-content e394-e17 may-c\"><h5><strong>Selskap<\/strong><\/h5>\n<p>Det finns mange gode grunner til \u00e5 feire. Jubileum og fest, gode bedriftsresultat eller samling av ledergruppa. Familiesammenkomster og bursdager, livets gang med d\u00e5p\/navnefest, konfirmasjon eller minnestund.<\/p>\n<p>P\u00e5 Vierli Kafeteria tar vi imot grupper og selskap p\u00e5 inntil 100 personer. For mindre grupper dekker vi p\u00e5 i peisestoga. Her blir det hyggelig og lunt. Vi kan ogs\u00e5 tilby utkj\u00e6ring av mat, og servering utend\u00f8rs i v\u00e5r Lavvo.<\/p>\n<p><a href=\"https:\/\/visitrauland.com\/rauland-skisenter\/wp-content\/uploads\/sites\/18\/2023\/10\/Flyer-Mat-Selskap-Vierli_1696282776.pdf\"><strong>\u00bb Mer informasjon (PDF)<\/strong><\/a><\/p><\/div><\/div><div class=\"x-col e394-e18 may-n\"><span class=\"x-image e394-e19 may-o\"><noscript><img decoding=\"async\" src=\"https:\/\/visitrauland.com\/rauland-skisenter\/wp-content\/uploads\/sites\/18\/2023\/11\/treretter002_1701077882-scaled.jpg\" width=\"1280\" height=\"853\" alt=\"Bord med festm\u00e5ltid: Ovnsstekt kj\u00f8tt, poteter, saus, brokkoli, tulipaner, stearinlys og vinglass i elegant setting.\"><\/noscript><img decoding=\"async\" src=\"data:image\/svg+xml,%3Csvg%20xmlns%3D%22http%3A%2F%2Fwww.w3.org%2F2000%2Fsvg%22%20viewBox%3D%220%200%201280%20853%22%3E%3C%2Fsvg%3E\" width=\"1280\" height=\"853\" alt=\"Bord med festm\u00e5ltid: Ovnsstekt kj\u00f8tt, poteter, saus, brokkoli, tulipaner, stearinlys og vinglass i elegant setting.\" data-src=\"https:\/\/visitrauland.com\/rauland-skisenter\/wp-content\/uploads\/sites\/18\/2023\/11\/treretter002_1701077882-scaled.jpg\" class=\" lazyload\"><\/span><\/div><\/div><\/div><\/div><div class=\"x-section e394-e20 may-0 may-5 may-6 text-24px underhero-text\"><div class=\"x-row x-container max width e394-e21 may-d may-e may-h\"><div class=\"x-row-inner\"><div class=\"x-col e394-e22 may-n\"><div id=\"vierli\" class=\"x-text x-content e394-e23 may-c\"><h5><strong>Vierli Kafeteria<\/strong><\/h5>\n<p>Vi har servert mat til store og sm\u00e5 siden Vierli Fjellstoge \u00e5pnet i 1969. Gjennom tre generasjons drivere har det v\u00e6rt fokus p\u00e5 \u00e5 lage mye av maten vi serverer fra botn av, med lokale r\u00e5varer. <br>\nVierli ligg p\u00e5 1000 m.o.h og har fantastisk utsikt over Raulandsfjell.&nbsp; Lun atmosf\u00e6re med b\u00e5de varme og kalde retter p\u00e5 menyen. Pr\u00f8v v\u00e5r lokale burger med oksekj\u00f8tt fra \u00d8yfjell, eller v\u00e5r hjemmelagde gulasjsuppe.<\/p>\n<p>Gjennom \u00e5ret har vi flere arrangementer p\u00e5 dag og kveldstid. <a href=\"https:\/\/visitrauland.com\/kalender-liste\/\">Se komplett oversikt her.&nbsp;<\/a><\/p>\n<p><strong>\u00c5pningstid:<br>\n<\/strong><\/p>\n<p>\u00c5pent hver dag fra kl 11.00<\/p>\n<p><strong><a href=\"https:\/\/visitrauland.com\/rauland-skisenter\/wp-content\/uploads\/sites\/18\/2024\/12\/Mat-drikke-flyer2024-02_B_1734445601.pdf\">Selskap p\u00e5 Vierli? Se v\u00e5r selskapsmeny her<\/a><\/strong><\/p><\/div><\/div><div class=\"x-col e394-e24 may-n\"><span class=\"x-image e394-e25 may-o\"><noscript><img decoding=\"async\" src=\"https:\/\/visitrauland.com\/rauland-skisenter\/wp-content\/uploads\/sites\/18\/2023\/12\/kafe016_1920_1702921484.jpg\" width=\"960\" height=\"540\" alt=\"Sk\u00e5l med gulasj og ferskt br\u00f8d p\u00e5 tallerken, servert p\u00e5 trebord. Drikkeglass bakgrunn.\"><\/noscript><img decoding=\"async\" src=\"data:image\/svg+xml,%3Csvg%20xmlns%3D%22http%3A%2F%2Fwww.w3.org%2F2000%2Fsvg%22%20viewBox%3D%220%200%20960%20540%22%3E%3C%2Fsvg%3E\" width=\"960\" height=\"540\" alt=\"Sk\u00e5l med gulasj og ferskt br\u00f8d p\u00e5 tallerken, servert p\u00e5 trebord. Drikkeglass bakgrunn.\" data-src=\"https:\/\/visitrauland.com\/rauland-skisenter\/wp-content\/uploads\/sites\/18\/2023\/12\/kafe016_1920_1702921484.jpg\" class=\" lazyload\"><\/span><div class=\"x-text x-content e394-e26 may-c\"><p>Last ned meny her:<br>\n<a href=\"https:\/\/visitrauland.com\/rauland-skisenter\/wp-content\/uploads\/sites\/18\/2025\/12\/Meny-Vierli-Kafeteria-web-vinter.docx_1766140970.pdf\"><strong>Meny Vierli <\/strong><\/a><\/p><\/div><\/div><\/div><\/div><\/div><div class=\"x-section e394-e27 may-0 may-5 may-6 may-7 text-24px underhero-text\"><div class=\"x-row x-container max width e394-e28 may-d may-e may-i\"><div class=\"x-row-inner\"><div class=\"x-col e394-e29 may-n\"><div id=\"heishuset\" class=\"x-text x-content e394-e30 may-c\"><h5><strong>Heishuset<\/strong><\/h5>\n<p>P\u00e5 heishuset har vi Ekte Afterski med dans p\u00e5 bordet og garantert god stemning. <br>\nHeishuset har \u00e5pent hver l\u00f8rdag gjennom vintersesongen. Vi holder ogs\u00e5 \u00e5pent ekstra dager i ferier. Se v\u00e5r event kalender for mer informasjon.&nbsp;<br>\nSkibussen kj\u00f8rer kl. 20.00 fra Heishuset slik at du kommer deg trygt tilbake til hotellet, hytta eller sentrum. <span>Vi tar ingen reservasjoner, kun drop in, f\u00f8rstemann til m\u00f8lla! 18 \u00e5r.&nbsp;<\/span><\/p>\n<p>\u00d8nsker du \u00e5 leie Heishuset? Ta kontakt med oss.<\/p>\n<p><strong>\u00c5pningstid:<\/strong><br>\nHver l\u00f8rdag tom. l\u00f8rdag 4.april.&nbsp; (Ekstra dager i ferier).&nbsp;<br>\nKl 15.30-20.00. Afterskibussen g\u00e5r kl 20.00<\/p><\/div><\/div><div class=\"x-col e394-e31 may-n\"><span class=\"x-image e394-e32 may-o\"><noscript><img decoding=\"async\" src=\"https:\/\/visitrauland.com\/rauland-skisenter\/wp-content\/uploads\/sites\/18\/2023\/10\/DSCF7740_1920_1698145686.jpg\" width=\"960\" height=\"540\" alt=\"Skiboot-basert \u00f8lkran p\u00e5 en trebenk i en rustikk bar med et kassaapparat i bakgrunnen.\"><\/noscript><img decoding=\"async\" src=\"data:image\/svg+xml,%3Csvg%20xmlns%3D%22http%3A%2F%2Fwww.w3.org%2F2000%2Fsvg%22%20viewBox%3D%220%200%20960%20540%22%3E%3C%2Fsvg%3E\" width=\"960\" height=\"540\" alt=\"Skiboot-basert \u00f8lkran p\u00e5 en trebenk i en rustikk bar med et kassaapparat i bakgrunnen.\" data-src=\"https:\/\/visitrauland.com\/rauland-skisenter\/wp-content\/uploads\/sites\/18\/2023\/10\/DSCF7740_1920_1698145686.jpg\" class=\" lazyload\"><\/span><\/div><\/div><\/div><\/div><div class=\"x-section e394-e33 may-0 may-5 may-6 text-24px underhero-text\"><div class=\"x-row x-container max width e394-e34 may-d may-e may-j\"><div class=\"x-row-inner\"><div class=\"x-col e394-e35 may-n\"><div id=\"tiurstoga\" class=\"x-text x-content e394-e36 may-c\"><h5><strong>Tiurstoga<\/strong><\/h5>\n<p>Hyggelig varmestue p\u00e5 Tiur med ski inn\/ski out. Her serverer vi bla. hamburger, p\u00f8lser og annen gatekj\u00f8kkenmat. Kald og varm drikke f\u00e5r du ogs\u00e5 kj\u00f8pt.&nbsp;<br>\nTiurstoga holder \u00e5pent hver dag gjennom vintersesongen.&nbsp;<br>\nMedbrakt mat og drikke kan nytes utenfor. Har har vi ogs\u00e5 egne b\u00e5lpanner som du kan varme maten din p\u00e5.<\/p>\n<p><strong>\u00c5pningstid:<\/strong><br>\nHver dag&nbsp;<br>\nKl 10.00-16.30<\/p><\/div><\/div><div class=\"x-col e394-e37 may-n\"><span class=\"x-image e394-e38 may-o\"><noscript><img decoding=\"async\" src=\"https:\/\/visitrauland.com\/rauland-skisenter\/wp-content\/uploads\/sites\/18\/2024\/12\/Tiur_1734432631-scaled.jpg\" width=\"1280\" height=\"853\" alt=\"Burger med salat, tomat og l\u00f8k, servert med spr\u00f8 pommes frites i metallkopp p\u00e5 fat.\"><\/noscript><img decoding=\"async\" src=\"data:image\/svg+xml,%3Csvg%20xmlns%3D%22http%3A%2F%2Fwww.w3.org%2F2000%2Fsvg%22%20viewBox%3D%220%200%201280%20853%22%3E%3C%2Fsvg%3E\" width=\"1280\" height=\"853\" alt=\"Burger med salat, tomat og l\u00f8k, servert med spr\u00f8 pommes frites i metallkopp p\u00e5 fat.\" data-src=\"https:\/\/visitrauland.com\/rauland-skisenter\/wp-content\/uploads\/sites\/18\/2024\/12\/Tiur_1734432631-scaled.jpg\" class=\" lazyload\"><\/span><\/div><\/div><\/div><\/div><div class=\"x-section e394-e39 may-0 may-5 may-6 may-7 text-24px underhero-text\"><div class=\"x-row x-container max width e394-e40 may-d may-e may-k\"><div class=\"x-row-inner\"><div class=\"x-col e394-e41 may-n\"><div id=\"holtarstua\" class=\"x-text x-content e394-e42 may-c\"><h5><strong>Holtarstua<\/strong><\/h5>\n<p>Varmestue i Holtardalen med ski inn\/ski out. Her serverer vi bla. hamburger, p\u00f8lser og annen gatekj\u00f8kkenmat. Kald og varm drikke f\u00e5r du ogs\u00e5 kj\u00f8pt.&nbsp;<br>\nHoltarstua holder \u00e5pent hver helg og alle dager i ferier.&nbsp;<br>\nMedbrakt mat og drikke kan nytes utenfor. Har har vi ogs\u00e5 egne b\u00e5lpanner som du kan varme maten din p\u00e5.<\/p>\n<p><strong>\u00c5pningstid:<\/strong><br>\n\u00c5pent hver helg (l\u00f8rdag-s\u00f8ndag). Hver dag i ferier (jul\/nytt\u00e5r),uke 7-8 og p\u00e5ske.<br>\nKl 10.00-16.30<br>\n<span style=\"text-decoration: underline\">\u00c5pent som ubetjent varmestue man-fre<\/span><\/p>\n\n<h6><\/h6><\/div><\/div><div class=\"x-col e394-e43 may-n\"><span class=\"x-image e394-e44 may-o\"><noscript><img decoding=\"async\" src=\"https:\/\/visitrauland.com\/rauland-skisenter\/wp-content\/uploads\/sites\/18\/2021\/01\/vierli-kafe-kaffe-1920.jpg\" width=\"960\" height=\"540\" alt=\"Varm sjokolade med marshmallows i en gul kopp p\u00e5 bordet. Perfekt for kalde dager.\"><\/noscript><img decoding=\"async\" src=\"data:image\/svg+xml,%3Csvg%20xmlns%3D%22http%3A%2F%2Fwww.w3.org%2F2000%2Fsvg%22%20viewBox%3D%220%200%20960%20540%22%3E%3C%2Fsvg%3E\" width=\"960\" height=\"540\" alt=\"Varm sjokolade med marshmallows i en gul kopp p\u00e5 bordet. Perfekt for kalde dager.\" data-src=\"https:\/\/visitrauland.com\/rauland-skisenter\/wp-content\/uploads\/sites\/18\/2021\/01\/vierli-kafe-kaffe-1920.jpg\" class=\" lazyload\"><\/span><\/div><\/div><\/div><\/div><div class=\"x-section e394-e45 may-0 may-5 may-6 may-8 text-24px underhero-text\"><div class=\"x-row x-container max width e394-e46 may-d may-e may-l\"><div class=\"x-row-inner\"><div class=\"x-col e394-e47 may-n\"><div id=\"paviljongen\" class=\"x-text x-content e394-e48 may-c\"><h5><strong>Paviljongen<\/strong><\/h5>\n<p>Nederst i Holtarbakken finner du Paviljongen. Her kan du oppleve skikkelig \u00abAlpestemning\u00bb og hyggelig Afterski. <br>\nPaviljongen har \u00e5pent hver l\u00f8rdag og flere&nbsp; dager i ferier.&nbsp; Utservering n\u00e5r v\u00e6ret tillater det. <br>\nHer serverer vi ogs\u00e5 den popul\u00e6re Paviljongburgeren, samt god drikke for b\u00e5de store og sm\u00e5.<\/p>\n<p><strong>\u00c5pningstid:<\/strong><br>\nHver l\u00f8rdag tom. l\u00f8rdag 4.april.&nbsp; (Ekstra dager i ferier).<br>\nFra kl 12.00<\/p><\/div><\/div><div class=\"x-col e394-e49 may-n\"><span class=\"x-image e394-e50 may-o\"><noscript><img decoding=\"async\" src=\"https:\/\/visitrauland.com\/rauland-skisenter\/wp-content\/uploads\/sites\/18\/2018\/12\/Paviljongen-1920.jpg\" width=\"960\" height=\"540\" alt=\"Folk nyter sol og sn\u00f8 p\u00e5 en uteplass ved skianlegg, sn\u00f8dekte fjell i bakgrunnen.\"><\/noscript><img decoding=\"async\" src=\"data:image\/svg+xml,%3Csvg%20xmlns%3D%22http%3A%2F%2Fwww.w3.org%2F2000%2Fsvg%22%20viewBox%3D%220%200%20960%20540%22%3E%3C%2Fsvg%3E\" width=\"960\" height=\"540\" alt=\"Folk nyter sol og sn\u00f8 p\u00e5 en uteplass ved skianlegg, sn\u00f8dekte fjell i bakgrunnen.\" data-src=\"https:\/\/visitrauland.com\/rauland-skisenter\/wp-content\/uploads\/sites\/18\/2018\/12\/Paviljongen-1920.jpg\" class=\" lazyload\"><\/span><\/div><\/div><\/div><\/div><div class=\"x-section e394-e51 may-0 may-3 may-9\"><div class=\"x-bg\" aria-hidden=\"true\"><div class=\"x-bg-layer-lower-image\" data-x-element-bg-layer=\"{&quot;parallaxSize&quot;:&quot;150%&quot;,&quot;parallaxDir&quot;:&quot;v&quot;,&quot;parallaxRev&quot;:false}\"><\/div><\/div><div class=\"x-row x-container max width e394-e52 may-d may-e may-m\"><div class=\"x-row-inner\"><div class=\"x-col e394-e53 may-n\"><\/div><\/div><\/div><\/div><\/div>\n","protected":false},"excerpt":{"rendered":"<p>Mat og drikke hos Rauland Skisenter Selskap&nbsp;| Vierli Kafeteria | Heishuset | Tiurstoga | Holtarstua | PaviljongenI Rauland Skisenter har hvert spisested sitt s\u00e6rpreg og har variert og god mat p\u00e5 menyen. Hos oss vil du finne noe for alle smaker. Du kan ta med deg maten ut, hvor vi har terrasser med mange sitteplasser og panoramautsikt over Raulandsfjell og &#8230; <\/p>\n<div><a href=\"https:\/\/visitrauland.com\/rauland-skisenter\/mat-og-drikke\/\" class=\"more-link\">Les Mer<\/a><\/div>\n","protected":false},"author":1,"featured_media":0,"parent":0,"menu_order":0,"comment_status":"closed","ping_status":"closed","template":"template-blank-4.php","meta":{"_relevanssi_hide_post":"","_relevanssi_hide_content":"","_relevanssi_pin_for_all":"","_relevanssi_pin_keywords":"","_relevanssi_unpin_keywords":"","_relevanssi_related_keywords":"","_relevanssi_related_include_ids":"","_relevanssi_related_exclude_ids":"","_relevanssi_related_no_append":"","_relevanssi_related_not_related":"","_relevanssi_related_posts":"2791,9294,10465,9364,10449,9341","_relevanssi_noindex_reason":"","seo_booster_metabox":"","footnotes":""},"class_list":["post-394","page","type-page","status-publish","hentry","no-post-thumbnail"],"yoast_head":"<!-- This site is optimized with the Yoast SEO plugin v27.2 - https:\/\/yoast.com\/product\/yoast-seo-wordpress\/ -->\n<title>Mat og drikke - Rauland Skisenter<\/title>\n<meta name=\"robots\" content=\"index, follow, max-snippet:-1, max-image-preview:large, max-video-preview:-1\" \/>\n<link rel=\"canonical\" href=\"https:\/\/visitrauland.com\/rauland-skisenter\/mat-og-drikke\/\" \/>\n<meta property=\"og:locale\" content=\"nb_NO\" \/>\n<meta property=\"og:type\" content=\"article\" \/>\n<meta property=\"og:title\" content=\"Mat og drikke - Rauland Skisenter\" \/>\n<meta property=\"og:description\" content=\"Mat og drikke hos Rauland Skisenter Selskap&nbsp;| Vierli Kafeteria | Heishuset | Tiurstoga | Holtarstua | PaviljongenI Rauland Skisenter har hvert spisested sitt s\u00e6rpreg og har variert og god mat p\u00e5 menyen. Hos oss vil du finne noe for alle smaker. Du kan ta med deg maten ut, hvor vi har terrasser med mange sitteplasser og panoramautsikt over Raulandsfjell og ... Les Mer\" \/>\n<meta property=\"og:url\" content=\"https:\/\/visitrauland.com\/rauland-skisenter\/mat-og-drikke\/\" \/>\n<meta property=\"og:site_name\" content=\"Rauland Skisenter\" \/>\n<meta property=\"article:modified_time\" content=\"2026-02-11T13:36:38+00:00\" \/>\n<meta name=\"twitter:card\" content=\"summary_large_image\" \/>\n<meta name=\"twitter:label1\" content=\"Ansl. lesetid\" \/>\n\t<meta name=\"twitter:data1\" content=\"9 minutter\" \/>\n<script type=\"application\/ld+json\" class=\"yoast-schema-graph\">{\"@context\":\"https:\/\/schema.org\",\"@graph\":[{\"@type\":\"WebPage\",\"@id\":\"https:\/\/visitrauland.com\/rauland-skisenter\/mat-og-drikke\/\",\"url\":\"https:\/\/visitrauland.com\/rauland-skisenter\/mat-og-drikke\/\",\"name\":\"Mat og drikke - Rauland Skisenter\",\"isPartOf\":{\"@id\":\"https:\/\/visitrauland.com\/rauland-skisenter\/#website\"},\"datePublished\":\"2017-11-13T23:00:33+00:00\",\"dateModified\":\"2026-02-11T13:36:38+00:00\",\"breadcrumb\":{\"@id\":\"https:\/\/visitrauland.com\/rauland-skisenter\/mat-og-drikke\/#breadcrumb\"},\"inLanguage\":\"nb-NO\",\"potentialAction\":[{\"@type\":\"ReadAction\",\"target\":[\"https:\/\/visitrauland.com\/rauland-skisenter\/mat-og-drikke\/\"]}]},{\"@type\":\"BreadcrumbList\",\"@id\":\"https:\/\/visitrauland.com\/rauland-skisenter\/mat-og-drikke\/#breadcrumb\",\"itemListElement\":[{\"@type\":\"ListItem\",\"position\":1,\"name\":\"Hjem\",\"item\":\"https:\/\/visitrauland.com\/rauland-skisenter\/\"},{\"@type\":\"ListItem\",\"position\":2,\"name\":\"Mat og drikke\"}]},{\"@type\":\"WebSite\",\"@id\":\"https:\/\/visitrauland.com\/rauland-skisenter\/#website\",\"url\":\"https:\/\/visitrauland.com\/rauland-skisenter\/\",\"name\":\"Rauland Skisenter\",\"description\":\"Aktiviteter for hele familien!\",\"potentialAction\":[{\"@type\":\"SearchAction\",\"target\":{\"@type\":\"EntryPoint\",\"urlTemplate\":\"https:\/\/visitrauland.com\/rauland-skisenter\/?s={search_term_string}\"},\"query-input\":{\"@type\":\"PropertyValueSpecification\",\"valueRequired\":true,\"valueName\":\"search_term_string\"}}],\"inLanguage\":\"nb-NO\"}]}<\/script>\n<!-- \/ Yoast SEO plugin. -->","yoast_head_json":{"title":"Mat og drikke - Rauland Skisenter","robots":{"index":"index","follow":"follow","max-snippet":"max-snippet:-1","max-image-preview":"max-image-preview:large","max-video-preview":"max-video-preview:-1"},"canonical":"https:\/\/visitrauland.com\/rauland-skisenter\/mat-og-drikke\/","og_locale":"nb_NO","og_type":"article","og_title":"Mat og drikke - Rauland Skisenter","og_description":"Mat og drikke hos Rauland Skisenter Selskap&nbsp;| Vierli Kafeteria | Heishuset | Tiurstoga | Holtarstua | PaviljongenI Rauland Skisenter har hvert spisested sitt s\u00e6rpreg og har variert og god mat p\u00e5 menyen. Hos oss vil du finne noe for alle smaker. Du kan ta med deg maten ut, hvor vi har terrasser med mange sitteplasser og panoramautsikt over Raulandsfjell og ... Les Mer","og_url":"https:\/\/visitrauland.com\/rauland-skisenter\/mat-og-drikke\/","og_site_name":"Rauland Skisenter","article_modified_time":"2026-02-11T13:36:38+00:00","twitter_card":"summary_large_image","twitter_misc":{"Ansl. lesetid":"9 minutter"},"schema":{"@context":"https:\/\/schema.org","@graph":[{"@type":"WebPage","@id":"https:\/\/visitrauland.com\/rauland-skisenter\/mat-og-drikke\/","url":"https:\/\/visitrauland.com\/rauland-skisenter\/mat-og-drikke\/","name":"Mat og drikke - Rauland Skisenter","isPartOf":{"@id":"https:\/\/visitrauland.com\/rauland-skisenter\/#website"},"datePublished":"2017-11-13T23:00:33+00:00","dateModified":"2026-02-11T13:36:38+00:00","breadcrumb":{"@id":"https:\/\/visitrauland.com\/rauland-skisenter\/mat-og-drikke\/#breadcrumb"},"inLanguage":"nb-NO","potentialAction":[{"@type":"ReadAction","target":["https:\/\/visitrauland.com\/rauland-skisenter\/mat-og-drikke\/"]}]},{"@type":"BreadcrumbList","@id":"https:\/\/visitrauland.com\/rauland-skisenter\/mat-og-drikke\/#breadcrumb","itemListElement":[{"@type":"ListItem","position":1,"name":"Hjem","item":"https:\/\/visitrauland.com\/rauland-skisenter\/"},{"@type":"ListItem","position":2,"name":"Mat og drikke"}]},{"@type":"WebSite","@id":"https:\/\/visitrauland.com\/rauland-skisenter\/#website","url":"https:\/\/visitrauland.com\/rauland-skisenter\/","name":"Rauland Skisenter","description":"Aktiviteter for hele familien!","potentialAction":[{"@type":"SearchAction","target":{"@type":"EntryPoint","urlTemplate":"https:\/\/visitrauland.com\/rauland-skisenter\/?s={search_term_string}"},"query-input":{"@type":"PropertyValueSpecification","valueRequired":true,"valueName":"search_term_string"}}],"inLanguage":"nb-NO"}]}},"publishpress_future_action":{"enabled":false,"date":"2026-04-24 15:39:04","action":"change-status","newStatus":"draft","terms":[],"taxonomy":"","extraData":[]},"publishpress_future_workflow_manual_trigger":{"enabledWorkflows":[]},"_links":{"self":[{"href":"https:\/\/visitrauland.com\/rauland-skisenter\/wp-json\/wp\/v2\/pages\/394","targetHints":{"allow":["GET"]}}],"collection":[{"href":"https:\/\/visitrauland.com\/rauland-skisenter\/wp-json\/wp\/v2\/pages"}],"about":[{"href":"https:\/\/visitrauland.com\/rauland-skisenter\/wp-json\/wp\/v2\/types\/page"}],"author":[{"embeddable":true,"href":"https:\/\/visitrauland.com\/rauland-skisenter\/wp-json\/wp\/v2\/users\/1"}],"replies":[{"embeddable":true,"href":"https:\/\/visitrauland.com\/rauland-skisenter\/wp-json\/wp\/v2\/comments?post=394"}],"version-history":[{"count":147,"href":"https:\/\/visitrauland.com\/rauland-skisenter\/wp-json\/wp\/v2\/pages\/394\/revisions"}],"predecessor-version":[{"id":11049,"href":"https:\/\/visitrauland.com\/rauland-skisenter\/wp-json\/wp\/v2\/pages\/394\/revisions\/11049"}],"wp:attachment":[{"href":"https:\/\/visitrauland.com\/rauland-skisenter\/wp-json\/wp\/v2\/media?parent=394"}],"curies":[{"name":"wp","href":"https:\/\/api.w.org\/{rel}","templated":true}]}}