{"id":10381,"date":"2025-06-16T22:46:56","date_gmt":"2025-06-16T20:46:56","guid":{"rendered":"https:\/\/visitrauland.com\/rauland-skisenter\/?page_id=10381"},"modified":"2025-09-04T12:06:29","modified_gmt":"2025-09-04T10:06:29","slug":"skileder","status":"publish","type":"page","link":"https:\/\/visitrauland.com\/rauland-skisenter\/stillinger\/skileder\/","title":{"rendered":"Ledig stilling &#8211; Leder ski"},"content":{"rendered":"<div id=\"cs-content\" class=\"cs-content\"><div id=\"x-section-1\" class=\"x-section\" style=\"margin: 0px;padding: 0px; background-color: transparent;\"><div id class=\"x-container\" style=\"margin: 0px auto;padding: 0px;\"><div class=\"x-column x-sm x-1-1\" style=\"padding: 0px;\"><noscript><img decoding=\"async\" class=\"x-img x-img-none\" src=\"https:\/\/visitrauland.com\/rauland-skisenter\/wp-content\/uploads\/sites\/18\/2025\/06\/Rauland-skisenter-1_1920_1750106765.jpg\"><\/noscript><img decoding=\"async\" class=\"x-img x-img-none lazyload\" src=\"data:image\/gif;base64,R0lGODlhAQABAIAAAAAAAP\/\/\/yH5BAEAAAAALAAAAAABAAEAAAIBRAA7\" data-src=\"https:\/\/visitrauland.com\/rauland-skisenter\/wp-content\/uploads\/sites\/18\/2025\/06\/Rauland-skisenter-1_1920_1750106765.jpg\"><\/div><\/div><div id class=\"x-container\" style=\"margin: 0px auto;padding: 0px;\"><div class=\"x-column x-sm x-1-1\" style=\"padding: 0px;\"><div id class=\"x-text\" style><p><em>Rauland Skisenter AS er en av Telemarks st\u00f8rste reiselivsbedrifter og vi er blant de st\u00f8rre anleggene i Norge. Hos oss legger vi til rette for gode skiopplevelser for hele familien i et sn\u00f8sikkert fjellomr\u00e5de. Rauland ligger i Vinje Kommune som har lange tradisjoner med reiseliv og turisme. <\/em><\/p>\n<p><em>Rauland sentrum er godt utbygget med handel og servering. V\u00e5r virksomhet drives p\u00e5 Vierli, Tiur og i Holtardalen. V\u00e5rt personale er v\u00e5r viktigste ressurs, og i h\u00f8ysesong har nesten 100 ansatte i alle aldre og fra mange land. Vi driver hele \u00e5ret, har virksomhet blant annet innen ski, overnatting, renhold og servering. Rauland Skisenter er ogs\u00e5 Milj\u00f8fyrt\u00e5rn sertifisert.<\/em><\/p>\n<p>Les mer om oss p\u00e5 <a href=\"https:\/\/raulandskisenter.no\"><strong>www.raulandskisenter.no<\/strong><\/a><\/p>\n<hr>\n<h4><strong>Leder ski<\/strong><\/h4>\n<p>Vi s\u00f8ker etter en ny, viktig medarbeider til v\u00e5rt lag i en 100 % fast stilling. Har du lyst til \u00e5 jobbe med ski, sn\u00f8 og mennesker, da er Rauland Skisenter stedet for deg!<br>\nLeder p\u00e5 skiavdelingen har det overordna ansvaret for v\u00e5re tre skiutleier, utstyrsparken og menneskene som m\u00f8ter gjestene. <br>\nDu jobber i team med de andre lederne, og du tar del i v\u00e5r ledergruppe og utviklingen av skianlegget. De ansatte er en hyggelig gjeng, der latteren sitter l\u00f8st og hvor vi hjelper hverandre for \u00e5 l\u00f8se stort og sm\u00e5tt.<br>\nHos oss er \u00e5ret delt inn i sesonger slik at arbeidsmengden vil variere gjennom \u00e5ret, men du m\u00e5 kunne arbeide i enkelte helger og ferier. Kunden st\u00e5r i fokus, og det \u00e5 \u00f8ke kundeopplevelsen med b\u00e5de mer moderne og s\u00f8ml\u00f8se l\u00f8sninger og motivere gjengen v\u00e5r til \u00e5 ta godt vare p\u00e5 gjestene, er viktig for oss.<\/p>\n<p>Personen vi ser etter har lyst til \u00e5 v\u00e6re med p\u00e5 en spennende hverdag der ingen dag er lik, er uredd og har et \u00f8nske om \u00e5 bidra i utviklingen av Rauland Skisenter. Du trives n\u00e5r det er hektisk og har h\u00f8y gjennomf\u00f8ringskraft. Du er glad i fjell, sn\u00f8 og ski og du kan, eller har veldig lyst til \u00e5 l\u00e6re deg alt om det tekniske rundt ski, sko, s\u00e5ler og sokker.<\/p>\n<p><b>Hvem er du?<\/b><\/p>\n<ul>\n<li>Du er god p\u00e5 kommunikasjon med andre, og er god p\u00e5 \u00e5 samhandle.<\/li>\n<li>Du er opptatt av at kundene v\u00e5re blir godt ivaretatt.<\/li>\n<li>Du trives p\u00e5 en arbeidsplass med stadig nye prosjekter, oppgaver og utfordringer.<\/li>\n<li>Du im\u00f8tekommer utfordringer ved \u00e5 tenke l\u00f8sninger fremfor problemer<\/li>\n<\/ul>\n<p><b>Arbeidsoppgaver<\/b><span style=\"font-weight: 400;\"><\/span><span style=\"font-weight: 400;\"><\/span><\/p>\n<ul>\n<li><span style=\"font-weight: 400;\">Deltakelse i selskapets ledergruppe<\/span><span style=\"font-weight: 400;\"><br>\n<\/span><span style=\"font-weight: 400;\"><\/span><\/li>\n<li><span style=\"font-weight: 400;\">Oppf\u00f8lging, vedlikehold av utleiesystem og skiutstyr<\/span><span style=\"font-weight: 400;\"><br>\n<\/span><span style=\"font-weight: 400;\"><\/span><\/li>\n<li><span style=\"font-weight: 400;\">Lede, og koordinere sesongansatte<\/span><\/li>\n<li><span style=\"font-weight: 400;\">Kundebehandling og kassaansvar<\/span><span style=\"font-weight: 400;\"><br>\n<\/span><span style=\"font-weight: 400;\"><\/span><\/li>\n<li><span style=\"font-weight: 400;\">Diverse driftsarbeid<\/span><\/li>\n<\/ul>\n<p><b>Kompetanse<\/b><\/p>\n<ul>\n<li><span style=\"font-weight: 400;\">Engasjement for opplevelser p\u00e5 ski og sn\u00f8<\/span><\/li>\n<li><span style=\"font-weight: 400;\">Gode kommunikasjonskunnskaper, skriftlig og muntlig<\/span><\/li>\n<li>Kan tilegne deg kunnskap om digitale systemer<\/li>\n<li><span style=\"font-weight: 400;\">\u00d8konomiforst\u00e5else<\/span><\/li>\n<li><span style=\"font-weight: 400;\">Du har f\u00f8rerkort klasse B, tilgang p\u00e5 bil og klasse S. Har du ikke klasse S kan vi organisere kurs for \u00e5 ta dette f\u00f8rerkortet.<\/span><\/li>\n<li>Du er ansvarsfull og l\u00f8sningsorientert<\/li>\n<li>Tidligere erfaringer fra bransjen. andre lignende servicejobber og gode referanser er et stort pluss men ikke avgj\u00f8rende.<\/li>\n<\/ul>\n<p><b>Annen kompetanse kan ogs\u00e5 v\u00e6re veldig spennende og viktig, og vi kan designe stillingen litt i forhold til hvem du er.<\/b><\/p>\n<p><span style=\"font-weight: 400;\"><br>\n<\/span><b>S\u00f8knadsinformasjon&nbsp;<\/b><\/p>\n<p><span style=\"font-weight: 400;\">S\u00f8knadsfrist: 01.10.2025<\/span><span style=\"font-weight: 400;\"><br>\n<\/span><span style=\"font-weight: 400;\">Tiltredelse, betingelser og l\u00f8nn skjer etter avtale.<\/span><\/p>\n<p><span style=\"font-weight: 400;\">Sp\u00f8rsm\u00e5l eller mer informasjon om stillingen kan rettes til Guri Solbu, <\/span><span style=\"font-weight: 400;\">911 52163<\/span><\/p>\n<p><span style=\"font-weight: 400;\">Din s\u00f8knad og CV sendes til <\/span><strong><a href=\"mailto:gs@raulandskisenter.no\">gs@raulandskisenter.no<\/a><\/strong><\/p>\n<\/div><\/div><\/div><\/div><\/div>\n","protected":false},"excerpt":{"rendered":"","protected":false},"author":10,"featured_media":0,"parent":438,"menu_order":0,"comment_status":"closed","ping_status":"closed","template":"","meta":{"_relevanssi_hide_post":"","_relevanssi_hide_content":"","_relevanssi_pin_for_all":"","_relevanssi_pin_keywords":"","_relevanssi_unpin_keywords":"","_relevanssi_related_keywords":"","_relevanssi_related_include_ids":"","_relevanssi_related_exclude_ids":"","_relevanssi_related_no_append":"","_relevanssi_related_not_related":"","_relevanssi_related_posts":"","_relevanssi_noindex_reason":"","seo_booster_metabox":"","footnotes":""},"class_list":["post-10381","page","type-page","status-publish","hentry","no-post-thumbnail"],"yoast_head":"<!-- This site is optimized with the Yoast SEO plugin v27.2 - https:\/\/yoast.com\/product\/yoast-seo-wordpress\/ -->\n<title>Ledig stilling - Leder ski - Rauland Skisenter<\/title>\n<meta name=\"robots\" content=\"index, follow, max-snippet:-1, max-image-preview:large, max-video-preview:-1\" \/>\n<link rel=\"canonical\" href=\"https:\/\/visitrauland.com\/rauland-skisenter\/stillinger\/skileder\/\" \/>\n<meta property=\"og:locale\" content=\"nb_NO\" \/>\n<meta property=\"og:type\" content=\"article\" \/>\n<meta property=\"og:title\" content=\"Ledig stilling - Leder ski - Rauland Skisenter\" \/>\n<meta property=\"og:url\" content=\"https:\/\/visitrauland.com\/rauland-skisenter\/stillinger\/skileder\/\" \/>\n<meta property=\"og:site_name\" content=\"Rauland Skisenter\" \/>\n<meta property=\"article:modified_time\" content=\"2025-09-04T10:06:29+00:00\" \/>\n<meta name=\"twitter:card\" content=\"summary_large_image\" \/>\n<meta name=\"twitter:label1\" content=\"Ansl. lesetid\" \/>\n\t<meta name=\"twitter:data1\" content=\"2 minutter\" \/>\n<script type=\"application\/ld+json\" class=\"yoast-schema-graph\">{\"@context\":\"https:\/\/schema.org\",\"@graph\":[{\"@type\":\"WebPage\",\"@id\":\"https:\/\/visitrauland.com\/rauland-skisenter\/stillinger\/skileder\/\",\"url\":\"https:\/\/visitrauland.com\/rauland-skisenter\/stillinger\/skileder\/\",\"name\":\"Ledig stilling - Leder ski - Rauland Skisenter\",\"isPartOf\":{\"@id\":\"https:\/\/visitrauland.com\/rauland-skisenter\/#website\"},\"datePublished\":\"2025-06-16T20:46:56+00:00\",\"dateModified\":\"2025-09-04T10:06:29+00:00\",\"breadcrumb\":{\"@id\":\"https:\/\/visitrauland.com\/rauland-skisenter\/stillinger\/skileder\/#breadcrumb\"},\"inLanguage\":\"nb-NO\",\"potentialAction\":[{\"@type\":\"ReadAction\",\"target\":[\"https:\/\/visitrauland.com\/rauland-skisenter\/stillinger\/skileder\/\"]}]},{\"@type\":\"BreadcrumbList\",\"@id\":\"https:\/\/visitrauland.com\/rauland-skisenter\/stillinger\/skileder\/#breadcrumb\",\"itemListElement\":[{\"@type\":\"ListItem\",\"position\":1,\"name\":\"Hjem\",\"item\":\"https:\/\/visitrauland.com\/rauland-skisenter\/\"},{\"@type\":\"ListItem\",\"position\":2,\"name\":\"Ledige stillinger\",\"item\":\"https:\/\/visitrauland.com\/rauland-skisenter\/stillinger\/\"},{\"@type\":\"ListItem\",\"position\":3,\"name\":\"Ledig stilling &#8211; Leder ski\"}]},{\"@type\":\"WebSite\",\"@id\":\"https:\/\/visitrauland.com\/rauland-skisenter\/#website\",\"url\":\"https:\/\/visitrauland.com\/rauland-skisenter\/\",\"name\":\"Rauland Skisenter\",\"description\":\"Aktiviteter for hele familien!\",\"potentialAction\":[{\"@type\":\"SearchAction\",\"target\":{\"@type\":\"EntryPoint\",\"urlTemplate\":\"https:\/\/visitrauland.com\/rauland-skisenter\/?s={search_term_string}\"},\"query-input\":{\"@type\":\"PropertyValueSpecification\",\"valueRequired\":true,\"valueName\":\"search_term_string\"}}],\"inLanguage\":\"nb-NO\"}]}<\/script>\n<!-- \/ Yoast SEO plugin. -->","yoast_head_json":{"title":"Ledig stilling - Leder ski - Rauland Skisenter","robots":{"index":"index","follow":"follow","max-snippet":"max-snippet:-1","max-image-preview":"max-image-preview:large","max-video-preview":"max-video-preview:-1"},"canonical":"https:\/\/visitrauland.com\/rauland-skisenter\/stillinger\/skileder\/","og_locale":"nb_NO","og_type":"article","og_title":"Ledig stilling - Leder ski - Rauland Skisenter","og_url":"https:\/\/visitrauland.com\/rauland-skisenter\/stillinger\/skileder\/","og_site_name":"Rauland Skisenter","article_modified_time":"2025-09-04T10:06:29+00:00","twitter_card":"summary_large_image","twitter_misc":{"Ansl. lesetid":"2 minutter"},"schema":{"@context":"https:\/\/schema.org","@graph":[{"@type":"WebPage","@id":"https:\/\/visitrauland.com\/rauland-skisenter\/stillinger\/skileder\/","url":"https:\/\/visitrauland.com\/rauland-skisenter\/stillinger\/skileder\/","name":"Ledig stilling - Leder ski - Rauland Skisenter","isPartOf":{"@id":"https:\/\/visitrauland.com\/rauland-skisenter\/#website"},"datePublished":"2025-06-16T20:46:56+00:00","dateModified":"2025-09-04T10:06:29+00:00","breadcrumb":{"@id":"https:\/\/visitrauland.com\/rauland-skisenter\/stillinger\/skileder\/#breadcrumb"},"inLanguage":"nb-NO","potentialAction":[{"@type":"ReadAction","target":["https:\/\/visitrauland.com\/rauland-skisenter\/stillinger\/skileder\/"]}]},{"@type":"BreadcrumbList","@id":"https:\/\/visitrauland.com\/rauland-skisenter\/stillinger\/skileder\/#breadcrumb","itemListElement":[{"@type":"ListItem","position":1,"name":"Hjem","item":"https:\/\/visitrauland.com\/rauland-skisenter\/"},{"@type":"ListItem","position":2,"name":"Ledige stillinger","item":"https:\/\/visitrauland.com\/rauland-skisenter\/stillinger\/"},{"@type":"ListItem","position":3,"name":"Ledig stilling &#8211; Leder ski"}]},{"@type":"WebSite","@id":"https:\/\/visitrauland.com\/rauland-skisenter\/#website","url":"https:\/\/visitrauland.com\/rauland-skisenter\/","name":"Rauland Skisenter","description":"Aktiviteter for hele familien!","potentialAction":[{"@type":"SearchAction","target":{"@type":"EntryPoint","urlTemplate":"https:\/\/visitrauland.com\/rauland-skisenter\/?s={search_term_string}"},"query-input":{"@type":"PropertyValueSpecification","valueRequired":true,"valueName":"search_term_string"}}],"inLanguage":"nb-NO"}]}},"publishpress_future_action":{"enabled":false,"date":"2026-04-14 15:09:35","action":"change-status","newStatus":"draft","terms":[],"taxonomy":"","extraData":[]},"publishpress_future_workflow_manual_trigger":{"enabledWorkflows":[]},"_links":{"self":[{"href":"https:\/\/visitrauland.com\/rauland-skisenter\/wp-json\/wp\/v2\/pages\/10381","targetHints":{"allow":["GET"]}}],"collection":[{"href":"https:\/\/visitrauland.com\/rauland-skisenter\/wp-json\/wp\/v2\/pages"}],"about":[{"href":"https:\/\/visitrauland.com\/rauland-skisenter\/wp-json\/wp\/v2\/types\/page"}],"author":[{"embeddable":true,"href":"https:\/\/visitrauland.com\/rauland-skisenter\/wp-json\/wp\/v2\/users\/10"}],"replies":[{"embeddable":true,"href":"https:\/\/visitrauland.com\/rauland-skisenter\/wp-json\/wp\/v2\/comments?post=10381"}],"version-history":[{"count":7,"href":"https:\/\/visitrauland.com\/rauland-skisenter\/wp-json\/wp\/v2\/pages\/10381\/revisions"}],"predecessor-version":[{"id":10457,"href":"https:\/\/visitrauland.com\/rauland-skisenter\/wp-json\/wp\/v2\/pages\/10381\/revisions\/10457"}],"up":[{"embeddable":true,"href":"https:\/\/visitrauland.com\/rauland-skisenter\/wp-json\/wp\/v2\/pages\/438"}],"wp:attachment":[{"href":"https:\/\/visitrauland.com\/rauland-skisenter\/wp-json\/wp\/v2\/media?parent=10381"}],"curies":[{"name":"wp","href":"https:\/\/api.w.org\/{rel}","templated":true}]}}