{"id":339,"date":"2017-10-30T18:03:03","date_gmt":"2017-10-30T18:03:03","guid":{"rendered":"https:\/\/visitrauland.com\/trend-rauland-jernvare\/?page_id=339"},"modified":"2026-04-13T14:01:24","modified_gmt":"2026-04-13T12:01:24","slug":"subpage-demo","status":"publish","type":"page","link":"https:\/\/visitrauland.com\/rauland-jernvare\/","title":{"rendered":"Rauland Jernvare"},"content":{"rendered":"<div id=\"cs-content\" class=\"cs-content\"><div id=\"x-section-1\" class=\"x-section\" style=\"margin: 0px;padding: 0px; background-color: transparent;\"><div id class=\"x-container\" style=\"margin: 0px auto;padding: 0px;\"><div class=\"x-column x-sm x-1-1\" style=\"padding: 0px;\">\n\t\t\t<!-- START Trend Rauland REVOLUTION SLIDER 6.7.41 --><p class=\"rs-p-wp-fix\"><\/p>\n\t\t\t<rs-module-wrap id=\"rev_slider_9_1_wrapper\" data-source=\"gallery\" style=\"visibility:hidden;background:transparent;padding:0;margin:0px auto;margin-top:0;margin-bottom:0;\">\n\t\t\t\t<rs-module id=\"rev_slider_9_1\" style data-version=\"6.7.41\">\n\t\t\t\t\t<rs-slides style=\"overflow: hidden; position: absolute;\">\n\t\t\t\t\t\t<rs-slide style=\"position: absolute;\" data-key=\"rs-27\" data-title=\"Feriepakker\" data-invisible=\"true\" data-anim=\"adpr:false;ms:1500;\" data-in=\"o:1;x:(100%);\" data-out=\"a:false;\">\n\t\t\t\t\t\t\t<noscript><img decoding=\"async\" src=\"\/\/visitrauland.com\/rauland-jernvare\/wp-content\/plugins\/revslider\/sr6\/assets\/assets\/dummy.png\" alt=\"Jernvarebutikk med utem\u00f8bler, kl\u00e6r, belysning og peisprodukter. Velkomstskilt og regnbue i bakgrunnen.\" title=\"Jernvare-3_1772544827\" width=\"1920\" height=\"806\" class=\"rev-slidebg tp-rs-img rs-lazyload\" data-lazyload=\"\/\/visitrauland.com\/rauland-jernvare\/wp-content\/uploads\/sites\/27\/2026\/03\/Jernvare-3_1772544827.jpg\" data-parallax=\"10\" data-no-retina><\/noscript><img decoding=\"async\" src=\"data:image\/svg+xml,%3Csvg%20xmlns%3D%22http%3A%2F%2Fwww.w3.org%2F2000%2Fsvg%22%20viewBox%3D%220%200%201920%20806%22%3E%3C%2Fsvg%3E\" alt=\"Jernvarebutikk med utem\u00f8bler, kl\u00e6r, belysning og peisprodukter. Velkomstskilt og regnbue i bakgrunnen.\" title=\"Jernvare-3_1772544827\" width=\"1920\" height=\"806\" class=\"rev-slidebg tp-rs-img rs-lazyload lazyload\" data-lazyload=\"\/\/visitrauland.com\/rauland-jernvare\/wp-content\/uploads\/sites\/27\/2026\/03\/Jernvare-3_1772544827.jpg\" data-parallax=\"10\" data-no-retina data-src=\"\/\/visitrauland.com\/rauland-jernvare\/wp-content\/plugins\/revslider\/sr6\/assets\/assets\/dummy.png\">\n<!---->\t\t\t\t\t<\/rs-slide>\n\t\t\t\t\t<\/rs-slides>\n\t\t\t\t<\/rs-module>\n\t\t\t\t<script>\n\t\t\t\t\tsetREVStartSize({c: 'rev_slider_9_1',rl:[1240,1024,778,480],el:[480,480,480,360],gw:[1230,1024,767,480],gh:[480,480,480,360],type:'standard',justify:'',layout:'fullwidth',mh:\"0\"});if (window.RS_MODULES!==undefined && window.RS_MODULES.modules!==undefined && window.RS_MODULES.modules[\"revslider91\"]!==undefined) {window.RS_MODULES.modules[\"revslider91\"].once = false;window.revapi9 = undefined;if (window.RS_MODULES.checkMinimal!==undefined) window.RS_MODULES.checkMinimal()}\n\t\t\t\t<\/script>\n\t\t\t<\/rs-module-wrap>\n\t\t\t<!-- END REVOLUTION SLIDER -->\n<\/div><\/div><\/div><div id=\"x-section-2\" class=\"x-section\" style=\"margin: 0px;padding: 45px 0px; background-color: transparent;\"><div id class=\"x-container max width\" style=\"margin: 0px auto;padding: 0px;\"><div class=\"x-column x-sm x-1-2\" style=\"padding: 0px;\"><h2 class=\"h-custom-headline h2\"><span>Rauland Jernvare<\/span><\/h2><div id class=\"x-text\" style><p style=\"font-weight: 400;\"><span>Du finn oss ved siden av Rauland Handelshus (Spar)<\/span><\/p>\n<ul>\n<li style=\"font-weight: 400;\"><span>Arbeidskl\u00e6r\/Profilering\/Skilt<br>\n<\/span><span><\/span><\/li>\n<li style=\"font-weight: 400;\"><span>Maling<br>\n<\/span><span><\/span><\/li>\n<li style=\"font-weight: 400;\"><span>Belysning<br>\n<\/span><span><\/span><\/li>\n<li style=\"font-weight: 400;\"><span>Verkt\u00f8y\/Jernvare\/Beslag<\/span><\/li>\n<li style=\"font-weight: 400;\"><span>Hageutstyr\/Snoredskap<br>\n<\/span><span><\/span><\/li>\n<li style=\"font-weight: 400;\"><span>Espegard produkt\/Ved<br>\n<\/span><span><\/span><\/li>\n<li style=\"font-weight: 400;\"><span>Betong\/Byggningsplast mm.<\/span><span> <\/span><\/li>\n<li style=\"font-weight: 400;\">Utleige av golvsliper og tepperenser<\/li>\n<li style=\"font-weight: 400;\"><span>Baderom\/R\u00f8rdelar<br>\n<\/span><span><\/span><\/li>\n<li style=\"font-weight: 400;\"><span>Kj\u00f8kkenutstyr\/Sm\u00e5elektriske <\/span><span>artiklar<\/span><\/li>\n<\/ul>\n<p style=\"font-weight: 400;\"><span>Me skaffar det meste!<\/span><\/p>\n<p><strong><span>Rauland Jernvare har kj\u00f8pt \"Kjeddarn\" p\u00e5 Haukelitunet og flytta utstyret hit til Rauland for \u00e5 videref\u00f8re salg av arbeidskl\u00e6r og profilering av kl\u00e6r, skilt osv. <\/span><\/strong><\/p>\n<p>PS! Me tilbyr no ogs\u00e5 strikkegarn og strikkepinnar<\/p>\n<p style=\"font-weight: 400;\"><span>&nbsp;<\/span><\/p>\n<\/div><\/div><div class=\"x-column x-sm x-1-2\" style=\"padding: 0px;\"><span class=\"x-image e339-e11 m9f-0\"><noscript><img decoding=\"async\" src=\"https:\/\/visitrauland.com\/rauland-jernvare\/wp-content\/uploads\/sites\/27\/2026\/03\/Skjermbilde-2026-03-03-141156_1772544862.png\" width=\"476\" height=\"522\" alt=\"Inngang til Rauland Jernvare AS, en jernvarebutikk med utend\u00f8rs utstilling av varer og skilt i Norge.\"><\/noscript><img decoding=\"async\" src=\"data:image\/svg+xml,%3Csvg%20xmlns%3D%22http%3A%2F%2Fwww.w3.org%2F2000%2Fsvg%22%20viewBox%3D%220%200%20476%20522%22%3E%3C%2Fsvg%3E\" width=\"476\" height=\"522\" alt=\"Inngang til Rauland Jernvare AS, en jernvarebutikk med utend\u00f8rs utstilling av varer og skilt i Norge.\" data-src=\"https:\/\/visitrauland.com\/rauland-jernvare\/wp-content\/uploads\/sites\/27\/2026\/03\/Skjermbilde-2026-03-03-141156_1772544862.png\" class=\" lazyload\"><\/span><h2 class=\"h-custom-headline h3\"><span>\u00c5pningstider<\/span><\/h2><div id class=\"x-text\" style><p>M\u00e5n-fre 09.00 - 16.30<br>\nLaurdag 09.00 - 15.00<\/p>\n<p>Telefon: 35062195<br>\nVakttelefon: 99 33 11 12<br>\nE-post: <a href=\"mailto:tove@rauel.no\">tove@rauel.no<\/a><\/p>\n<\/div><\/div><\/div><\/div><\/div>\n","protected":false},"excerpt":{"rendered":"<p>Rauland JernvareDu finn oss ved siden av Rauland Handelshus (Spar) Arbeidskl\u00e6r\/Profilering\/Skilt Maling Belysning Verkt\u00f8y\/Jernvare\/Beslag Hageutstyr\/Snoredskap Espegard produkt\/Ved Betong\/Byggningsplast mm. Utleige av golvsliper og tepperenser Baderom\/R\u00f8rdelar Kj\u00f8kkenutstyr\/Sm\u00e5elektriske artiklar Me skaffar det meste! Rauland Jernvare har kj\u00f8pt &laquo;Kjeddarn&raquo; p\u00e5 Haukelitunet og flytta utstyret hit til Rauland for \u00e5 videref\u00f8re salg av arbeidskl\u00e6r og profilering av kl\u00e6r, skilt osv. PS! Me tilbyr no &#8230; <\/p>\n<div><a href=\"https:\/\/visitrauland.com\/rauland-jernvare\/\" class=\"more-link\">Les Mer<\/a><\/div>\n","protected":false},"author":3,"featured_media":0,"parent":0,"menu_order":0,"comment_status":"closed","ping_status":"closed","template":"template-sites.php","meta":{"_relevanssi_hide_post":"","_relevanssi_hide_content":"","_relevanssi_pin_for_all":"","_relevanssi_pin_keywords":"","_relevanssi_unpin_keywords":"","_relevanssi_related_keywords":"","_relevanssi_related_include_ids":"","_relevanssi_related_exclude_ids":"","_relevanssi_related_no_append":"","_relevanssi_related_not_related":"","_relevanssi_related_posts":"","_relevanssi_noindex_reason":"","seo_booster_metabox":"","footnotes":""},"class_list":["post-339","page","type-page","status-publish","hentry","no-post-thumbnail"],"yoast_head":"<!-- This site is optimized with the Yoast SEO plugin v27.2 - https:\/\/yoast.com\/product\/yoast-seo-wordpress\/ -->\n<title>Rauland Jernvare<\/title>\n<meta name=\"robots\" content=\"index, follow, max-snippet:-1, max-image-preview:large, max-video-preview:-1\" \/>\n<link rel=\"canonical\" href=\"https:\/\/visitrauland.com\/rauland-jernvare\/\" \/>\n<meta property=\"og:locale\" content=\"nb_NO\" \/>\n<meta property=\"og:type\" content=\"article\" \/>\n<meta property=\"og:title\" content=\"Rauland Jernvare\" \/>\n<meta property=\"og:description\" content=\"Rauland JernvareDu finn oss ved siden av Rauland Handelshus (Spar) Arbeidskl\u00e6r\/Profilering\/Skilt Maling Belysning Verkt\u00f8y\/Jernvare\/Beslag Hageutstyr\/Snoredskap Espegard produkt\/Ved Betong\/Byggningsplast mm. Utleige av golvsliper og tepperenser Baderom\/R\u00f8rdelar Kj\u00f8kkenutstyr\/Sm\u00e5elektriske artiklar Me skaffar det meste! Rauland Jernvare har kj\u00f8pt &quot;Kjeddarn&quot; p\u00e5 Haukelitunet og flytta utstyret hit til Rauland for \u00e5 videref\u00f8re salg av arbeidskl\u00e6r og profilering av kl\u00e6r, skilt osv. PS! Me tilbyr no ... Les Mer\" \/>\n<meta property=\"og:url\" content=\"https:\/\/visitrauland.com\/rauland-jernvare\/\" \/>\n<meta property=\"og:site_name\" content=\"Trend Rauland Jernvare\" \/>\n<meta property=\"article:modified_time\" content=\"2026-04-13T12:01:24+00:00\" \/>\n<meta name=\"twitter:card\" content=\"summary_large_image\" \/>\n<meta name=\"twitter:label1\" content=\"Ansl. lesetid\" \/>\n\t<meta name=\"twitter:data1\" content=\"2 minutter\" \/>\n<script type=\"application\/ld+json\" class=\"yoast-schema-graph\">{\"@context\":\"https:\/\/schema.org\",\"@graph\":[{\"@type\":\"WebPage\",\"@id\":\"https:\/\/visitrauland.com\/rauland-jernvare\/\",\"url\":\"https:\/\/visitrauland.com\/rauland-jernvare\/\",\"name\":\"Rauland Jernvare\",\"isPartOf\":{\"@id\":\"https:\/\/visitrauland.com\/rauland-jernvare\/#website\"},\"datePublished\":\"2017-10-30T18:03:03+00:00\",\"dateModified\":\"2026-04-13T12:01:24+00:00\",\"breadcrumb\":{\"@id\":\"https:\/\/visitrauland.com\/rauland-jernvare\/#breadcrumb\"},\"inLanguage\":\"nb-NO\",\"potentialAction\":[{\"@type\":\"ReadAction\",\"target\":[\"https:\/\/visitrauland.com\/rauland-jernvare\/\"]}]},{\"@type\":\"BreadcrumbList\",\"@id\":\"https:\/\/visitrauland.com\/rauland-jernvare\/#breadcrumb\",\"itemListElement\":[{\"@type\":\"ListItem\",\"position\":1,\"name\":\"Hjem\",\"item\":\"https:\/\/visitrauland.com\/rauland-jernvare\/\"},{\"@type\":\"ListItem\",\"position\":2,\"name\":\"Rauland Jernvare\"}]},{\"@type\":\"WebSite\",\"@id\":\"https:\/\/visitrauland.com\/rauland-jernvare\/#website\",\"url\":\"https:\/\/visitrauland.com\/rauland-jernvare\/\",\"name\":\"Trend Rauland Jernvare\",\"description\":\"Trend Rauland Jernvare\",\"potentialAction\":[{\"@type\":\"SearchAction\",\"target\":{\"@type\":\"EntryPoint\",\"urlTemplate\":\"https:\/\/visitrauland.com\/rauland-jernvare\/?s={search_term_string}\"},\"query-input\":{\"@type\":\"PropertyValueSpecification\",\"valueRequired\":true,\"valueName\":\"search_term_string\"}}],\"inLanguage\":\"nb-NO\"}]}<\/script>\n<!-- \/ Yoast SEO plugin. -->","yoast_head_json":{"title":"Rauland Jernvare","robots":{"index":"index","follow":"follow","max-snippet":"max-snippet:-1","max-image-preview":"max-image-preview:large","max-video-preview":"max-video-preview:-1"},"canonical":"https:\/\/visitrauland.com\/rauland-jernvare\/","og_locale":"nb_NO","og_type":"article","og_title":"Rauland Jernvare","og_description":"Rauland JernvareDu finn oss ved siden av Rauland Handelshus (Spar) Arbeidskl\u00e6r\/Profilering\/Skilt Maling Belysning Verkt\u00f8y\/Jernvare\/Beslag Hageutstyr\/Snoredskap Espegard produkt\/Ved Betong\/Byggningsplast mm. Utleige av golvsliper og tepperenser Baderom\/R\u00f8rdelar Kj\u00f8kkenutstyr\/Sm\u00e5elektriske artiklar Me skaffar det meste! Rauland Jernvare har kj\u00f8pt \"Kjeddarn\" p\u00e5 Haukelitunet og flytta utstyret hit til Rauland for \u00e5 videref\u00f8re salg av arbeidskl\u00e6r og profilering av kl\u00e6r, skilt osv. PS! Me tilbyr no ... Les Mer","og_url":"https:\/\/visitrauland.com\/rauland-jernvare\/","og_site_name":"Trend Rauland Jernvare","article_modified_time":"2026-04-13T12:01:24+00:00","twitter_card":"summary_large_image","twitter_misc":{"Ansl. lesetid":"2 minutter"},"schema":{"@context":"https:\/\/schema.org","@graph":[{"@type":"WebPage","@id":"https:\/\/visitrauland.com\/rauland-jernvare\/","url":"https:\/\/visitrauland.com\/rauland-jernvare\/","name":"Rauland Jernvare","isPartOf":{"@id":"https:\/\/visitrauland.com\/rauland-jernvare\/#website"},"datePublished":"2017-10-30T18:03:03+00:00","dateModified":"2026-04-13T12:01:24+00:00","breadcrumb":{"@id":"https:\/\/visitrauland.com\/rauland-jernvare\/#breadcrumb"},"inLanguage":"nb-NO","potentialAction":[{"@type":"ReadAction","target":["https:\/\/visitrauland.com\/rauland-jernvare\/"]}]},{"@type":"BreadcrumbList","@id":"https:\/\/visitrauland.com\/rauland-jernvare\/#breadcrumb","itemListElement":[{"@type":"ListItem","position":1,"name":"Hjem","item":"https:\/\/visitrauland.com\/rauland-jernvare\/"},{"@type":"ListItem","position":2,"name":"Rauland Jernvare"}]},{"@type":"WebSite","@id":"https:\/\/visitrauland.com\/rauland-jernvare\/#website","url":"https:\/\/visitrauland.com\/rauland-jernvare\/","name":"Trend Rauland Jernvare","description":"Trend Rauland Jernvare","potentialAction":[{"@type":"SearchAction","target":{"@type":"EntryPoint","urlTemplate":"https:\/\/visitrauland.com\/rauland-jernvare\/?s={search_term_string}"},"query-input":{"@type":"PropertyValueSpecification","valueRequired":true,"valueName":"search_term_string"}}],"inLanguage":"nb-NO"}]}},"_links":{"self":[{"href":"https:\/\/visitrauland.com\/rauland-jernvare\/wp-json\/wp\/v2\/pages\/339","targetHints":{"allow":["GET"]}}],"collection":[{"href":"https:\/\/visitrauland.com\/rauland-jernvare\/wp-json\/wp\/v2\/pages"}],"about":[{"href":"https:\/\/visitrauland.com\/rauland-jernvare\/wp-json\/wp\/v2\/types\/page"}],"author":[{"embeddable":true,"href":"https:\/\/visitrauland.com\/rauland-jernvare\/wp-json\/wp\/v2\/users\/3"}],"replies":[{"embeddable":true,"href":"https:\/\/visitrauland.com\/rauland-jernvare\/wp-json\/wp\/v2\/comments?post=339"}],"version-history":[{"count":13,"href":"https:\/\/visitrauland.com\/rauland-jernvare\/wp-json\/wp\/v2\/pages\/339\/revisions"}],"predecessor-version":[{"id":1854,"href":"https:\/\/visitrauland.com\/rauland-jernvare\/wp-json\/wp\/v2\/pages\/339\/revisions\/1854"}],"wp:attachment":[{"href":"https:\/\/visitrauland.com\/rauland-jernvare\/wp-json\/wp\/v2\/media?parent=339"}],"curies":[{"name":"wp","href":"https:\/\/api.w.org\/{rel}","templated":true}]}}