{"id":1762,"date":"2018-01-03T18:15:49","date_gmt":"2018-01-03T17:15:49","guid":{"rendered":"https:\/\/visitrauland.com\/rauland-hyttevelforening\/?page_id=1762"},"modified":"2024-04-17T11:21:42","modified_gmt":"2024-04-17T09:21:42","slug":"styret","status":"publish","type":"page","link":"https:\/\/visitrauland.com\/rauland-hyttevelforening\/styret\/","title":{"rendered":"Styret og kontaktpersoner"},"content":{"rendered":"<div id=\"cs-content\" class=\"cs-content\"><div id=\"x-section-1\" class=\"x-section\" style=\"margin: 0px;padding: 0px; background-color: transparent;\"><div id class=\"x-container\" style=\"margin: 0px auto;padding: 0px;\"><div class=\"x-column x-sm x-1-1\" style=\"padding: 0px;\"><div id class=\"x-text\" style><p>Styret i Rauland hyttevelforening best\u00e5r av 6 faste medlemmer og tre varamedlemmer.<\/p>\n<p>\u00c5rsm\u00f8te en gang i \u00e5ret<\/p>\n<p><strong>Dokumenter:<\/strong><\/p>\n<p><a href=\"https:\/\/visitrauland.com\/rauland-hyttevelforening\/wp-content\/uploads\/sites\/35\/2024\/04\/Rauland-Hyttevelforening-protokoll-fra-arsmotet-signed_1713298451.pdf\"><strong>Les protokoll fra \u00e5rsm\u00f8tet 2024&nbsp; her (PDF)<\/strong><\/a><\/p>\n<p>Medlemmene og varamedlemmer velges p\u00e5 foreningens \u00e5rsm\u00f8te som er foreningens h\u00f8yeste organ. \u00c5rsm\u00f8tet avholdes en gang i \u00e5ret, i Rauland p\u00e5 langfredag, da innrykket av medlemmer naturlig nok er st\u00f8rst.<\/p>\n<p>I foreningens vedtekter finner du flere opplysninger om b\u00e5de Styret og \u00e5rsm\u00f8tet.<\/p>\n<p><strong>Leder<br>\n<\/strong>Dag Ausen<br>\nE-post til leder: <a href=\"mailto:leder@rhvf.no\"><strong>leder@rhvf.no<\/strong><\/a><\/p>\n<p><strong>Nestleder<\/strong><br>\nJostein Engum<\/p>\n<p><strong>Sekret\u00e6r<\/strong><br>\nMarie Bergsli<\/p>\n<p><strong>Kasserer<\/strong><br>\nBerit Myhra<\/p>\n<p><strong>Styremedlemmer:<\/strong><br>\nKnut Barland<br>\nEli Auraaen<\/p>\n<p><strong>Varamedlemmer:<\/strong><br>\n<span>&nbsp;<\/span><span>Unni Hoff Solberg<br>\nHarry Arne Lunde <br>\nEdvard Nesland<\/span><\/p>\n<p><strong><a href=\"https:\/\/visitrauland.com\/rauland-hyttevelforening\/wp-content\/uploads\/sites\/35\/2024\/04\/Styret-rvhf-2024_1713345681.pdf\">Kontaktinfo til styremedlemmer<\/a><\/strong><\/p>\n<\/div><\/div><\/div><div id class=\"x-container\" style=\"margin: 0px auto;padding: 0px;\"><div class=\"x-column x-sm x-1-1\" style=\"padding: 0px;\"><noscript><img decoding=\"async\" class=\"x-img x-img-none\" src=\"https:\/\/visitrauland.com\/rauland-hyttevelforening\/wp-content\/uploads\/sites\/35\/2018\/01\/Holtardalen-1920-1.jpg\"><\/noscript><img decoding=\"async\" class=\"x-img x-img-none lazyload\" src=\"data:image\/gif;base64,R0lGODlhAQABAIAAAAAAAP\/\/\/yH5BAEAAAAALAAAAAABAAEAAAIBRAA7\" data-src=\"https:\/\/visitrauland.com\/rauland-hyttevelforening\/wp-content\/uploads\/sites\/35\/2018\/01\/Holtardalen-1920-1.jpg\"><\/div><\/div><\/div><\/div>\n","protected":false},"excerpt":{"rendered":"","protected":false},"author":1,"featured_media":0,"parent":0,"menu_order":0,"comment_status":"closed","ping_status":"closed","template":"","meta":{"_relevanssi_hide_post":"","_relevanssi_hide_content":"","_relevanssi_pin_for_all":"","_relevanssi_pin_keywords":"","_relevanssi_unpin_keywords":"","_relevanssi_related_keywords":"","_relevanssi_related_include_ids":"","_relevanssi_related_exclude_ids":"","_relevanssi_related_no_append":"","_relevanssi_related_not_related":"","_relevanssi_related_posts":"","_relevanssi_noindex_reason":"","seo_booster_metabox":"","footnotes":""},"class_list":["post-1762","page","type-page","status-publish","hentry","no-post-thumbnail"],"yoast_head":"<!-- This site is optimized with the Yoast SEO plugin v27.2 - https:\/\/yoast.com\/product\/yoast-seo-wordpress\/ -->\n<title>Styret og kontaktpersoner - Rauland Hyttevelforening<\/title>\n<meta name=\"robots\" content=\"index, follow, max-snippet:-1, max-image-preview:large, max-video-preview:-1\" \/>\n<link rel=\"canonical\" href=\"https:\/\/visitrauland.com\/rauland-hyttevelforening\/styret\/\" \/>\n<meta property=\"og:locale\" content=\"nb_NO\" \/>\n<meta property=\"og:type\" content=\"article\" \/>\n<meta property=\"og:title\" content=\"Styret og kontaktpersoner - Rauland Hyttevelforening\" \/>\n<meta property=\"og:url\" content=\"https:\/\/visitrauland.com\/rauland-hyttevelforening\/styret\/\" \/>\n<meta property=\"og:site_name\" content=\"Rauland Hyttevelforening\" \/>\n<meta property=\"article:modified_time\" content=\"2024-04-17T09:21:42+00:00\" \/>\n<meta name=\"twitter:card\" content=\"summary_large_image\" \/>\n<meta name=\"twitter:label1\" content=\"Ansl. lesetid\" \/>\n\t<meta name=\"twitter:data1\" content=\"1 minutt\" \/>\n<script type=\"application\/ld+json\" class=\"yoast-schema-graph\">{\"@context\":\"https:\/\/schema.org\",\"@graph\":[{\"@type\":\"WebPage\",\"@id\":\"https:\/\/visitrauland.com\/rauland-hyttevelforening\/styret\/\",\"url\":\"https:\/\/visitrauland.com\/rauland-hyttevelforening\/styret\/\",\"name\":\"Styret og kontaktpersoner - Rauland Hyttevelforening\",\"isPartOf\":{\"@id\":\"https:\/\/visitrauland.com\/rauland-hyttevelforening\/#website\"},\"datePublished\":\"2018-01-03T17:15:49+00:00\",\"dateModified\":\"2024-04-17T09:21:42+00:00\",\"breadcrumb\":{\"@id\":\"https:\/\/visitrauland.com\/rauland-hyttevelforening\/styret\/#breadcrumb\"},\"inLanguage\":\"nb-NO\",\"potentialAction\":[{\"@type\":\"ReadAction\",\"target\":[\"https:\/\/visitrauland.com\/rauland-hyttevelforening\/styret\/\"]}]},{\"@type\":\"BreadcrumbList\",\"@id\":\"https:\/\/visitrauland.com\/rauland-hyttevelforening\/styret\/#breadcrumb\",\"itemListElement\":[{\"@type\":\"ListItem\",\"position\":1,\"name\":\"Hjem\",\"item\":\"https:\/\/visitrauland.com\/rauland-hyttevelforening\/\"},{\"@type\":\"ListItem\",\"position\":2,\"name\":\"Styret og kontaktpersoner\"}]},{\"@type\":\"WebSite\",\"@id\":\"https:\/\/visitrauland.com\/rauland-hyttevelforening\/#website\",\"url\":\"https:\/\/visitrauland.com\/rauland-hyttevelforening\/\",\"name\":\"Rauland Hyttevelforening\",\"description\":\"En konstruktiv og aktiv samarbeidspartner i Rauland\",\"potentialAction\":[{\"@type\":\"SearchAction\",\"target\":{\"@type\":\"EntryPoint\",\"urlTemplate\":\"https:\/\/visitrauland.com\/rauland-hyttevelforening\/?s={search_term_string}\"},\"query-input\":{\"@type\":\"PropertyValueSpecification\",\"valueRequired\":true,\"valueName\":\"search_term_string\"}}],\"inLanguage\":\"nb-NO\"}]}<\/script>\n<!-- \/ Yoast SEO plugin. -->","yoast_head_json":{"title":"Styret og kontaktpersoner - Rauland Hyttevelforening","robots":{"index":"index","follow":"follow","max-snippet":"max-snippet:-1","max-image-preview":"max-image-preview:large","max-video-preview":"max-video-preview:-1"},"canonical":"https:\/\/visitrauland.com\/rauland-hyttevelforening\/styret\/","og_locale":"nb_NO","og_type":"article","og_title":"Styret og kontaktpersoner - Rauland Hyttevelforening","og_url":"https:\/\/visitrauland.com\/rauland-hyttevelforening\/styret\/","og_site_name":"Rauland Hyttevelforening","article_modified_time":"2024-04-17T09:21:42+00:00","twitter_card":"summary_large_image","twitter_misc":{"Ansl. lesetid":"1 minutt"},"schema":{"@context":"https:\/\/schema.org","@graph":[{"@type":"WebPage","@id":"https:\/\/visitrauland.com\/rauland-hyttevelforening\/styret\/","url":"https:\/\/visitrauland.com\/rauland-hyttevelforening\/styret\/","name":"Styret og kontaktpersoner - Rauland Hyttevelforening","isPartOf":{"@id":"https:\/\/visitrauland.com\/rauland-hyttevelforening\/#website"},"datePublished":"2018-01-03T17:15:49+00:00","dateModified":"2024-04-17T09:21:42+00:00","breadcrumb":{"@id":"https:\/\/visitrauland.com\/rauland-hyttevelforening\/styret\/#breadcrumb"},"inLanguage":"nb-NO","potentialAction":[{"@type":"ReadAction","target":["https:\/\/visitrauland.com\/rauland-hyttevelforening\/styret\/"]}]},{"@type":"BreadcrumbList","@id":"https:\/\/visitrauland.com\/rauland-hyttevelforening\/styret\/#breadcrumb","itemListElement":[{"@type":"ListItem","position":1,"name":"Hjem","item":"https:\/\/visitrauland.com\/rauland-hyttevelforening\/"},{"@type":"ListItem","position":2,"name":"Styret og kontaktpersoner"}]},{"@type":"WebSite","@id":"https:\/\/visitrauland.com\/rauland-hyttevelforening\/#website","url":"https:\/\/visitrauland.com\/rauland-hyttevelforening\/","name":"Rauland Hyttevelforening","description":"En konstruktiv og aktiv samarbeidspartner i Rauland","potentialAction":[{"@type":"SearchAction","target":{"@type":"EntryPoint","urlTemplate":"https:\/\/visitrauland.com\/rauland-hyttevelforening\/?s={search_term_string}"},"query-input":{"@type":"PropertyValueSpecification","valueRequired":true,"valueName":"search_term_string"}}],"inLanguage":"nb-NO"}]}},"_links":{"self":[{"href":"https:\/\/visitrauland.com\/rauland-hyttevelforening\/wp-json\/wp\/v2\/pages\/1762","targetHints":{"allow":["GET"]}}],"collection":[{"href":"https:\/\/visitrauland.com\/rauland-hyttevelforening\/wp-json\/wp\/v2\/pages"}],"about":[{"href":"https:\/\/visitrauland.com\/rauland-hyttevelforening\/wp-json\/wp\/v2\/types\/page"}],"author":[{"embeddable":true,"href":"https:\/\/visitrauland.com\/rauland-hyttevelforening\/wp-json\/wp\/v2\/users\/1"}],"replies":[{"embeddable":true,"href":"https:\/\/visitrauland.com\/rauland-hyttevelforening\/wp-json\/wp\/v2\/comments?post=1762"}],"version-history":[{"count":9,"href":"https:\/\/visitrauland.com\/rauland-hyttevelforening\/wp-json\/wp\/v2\/pages\/1762\/revisions"}],"predecessor-version":[{"id":2610,"href":"https:\/\/visitrauland.com\/rauland-hyttevelforening\/wp-json\/wp\/v2\/pages\/1762\/revisions\/2610"}],"wp:attachment":[{"href":"https:\/\/visitrauland.com\/rauland-hyttevelforening\/wp-json\/wp\/v2\/media?parent=1762"}],"curies":[{"name":"wp","href":"https:\/\/api.w.org\/{rel}","templated":true}]}}