{"id":1760,"date":"2018-01-03T18:13:54","date_gmt":"2018-01-03T17:13:54","guid":{"rendered":"https:\/\/visitrauland.com\/rauland-hyttevelforening\/?page_id=1760"},"modified":"2024-04-16T22:13:06","modified_gmt":"2024-04-16T20:13:06","slug":"om-oss","status":"publish","type":"page","link":"https:\/\/visitrauland.com\/rauland-hyttevelforening\/om-oss\/","title":{"rendered":"Om foreningen"},"content":{"rendered":"<div id=\"cs-content\" class=\"cs-content\"><div id=\"x-section-1\" class=\"x-section\" style=\"margin: 0px;padding: 0px; background-color: transparent;\"><div id class=\"x-container\" style=\"margin: 0px auto;padding: 0px;\"><div class=\"x-column x-sm x-1-1\" style=\"padding: 0px;\"><div id class=\"x-text\" style><p><strong>Rauland Hyttevelforening er ikke bare den st\u00f8rste hyttevelforeningen i Vinje, den har ogs\u00e5 en lang og rik tradisjon ved at den ble etablert allerede i 1983. <\/strong><\/p>\n<p>Rauland hyttevelforening ble stiftet i 1983 og er <span>med sine over 800 medlemmer den st\u00f8rste hyttevelforeningen i Telemark.<\/span> V\u00e5rt virkefelt strekker seg fra Raulandsfjell i vest til Bossnuten i \u00f8st. Styret i hyttevelforeningen best\u00e5r av seks faste medlemmer. Styret velges p\u00e5 \u00e5rsm\u00f8te for to \u00e5r av gangen.<\/p>\n<p><a href=\"https:\/\/www.visitrauland.com\/rauland-hyttevelforening\/wp-content\/uploads\/sites\/35\/2018\/01\/RHVFvedtekter.pdf\"><strong>Les vedtektene v\u00e5re her<\/strong><\/a><\/p>\n<\/div><\/div><\/div><div id class=\"x-container\" style=\"margin: 0px auto;padding: 0px;\"><div class=\"x-column x-sm x-1-1\" style=\"padding: 0px;\"><noscript><img decoding=\"async\" class=\"x-img x-img-none\" src=\"https:\/\/www.visitrauland.com\/rauland-hyttevelforening\/wp-content\/uploads\/sites\/35\/2018\/01\/Hyttter-Vierli-900.jpg\"><\/noscript><img decoding=\"async\" class=\"x-img x-img-none lazyload\" src=\"data:image\/gif;base64,R0lGODlhAQABAIAAAAAAAP\/\/\/yH5BAEAAAAALAAAAAABAAEAAAIBRAA7\" data-src=\"https:\/\/www.visitrauland.com\/rauland-hyttevelforening\/wp-content\/uploads\/sites\/35\/2018\/01\/Hyttter-Vierli-900.jpg\"><\/div><\/div><\/div><div id=\"x-section-2\" class=\"x-section\" style=\"margin: 0px;padding: 0px 0px 10px; background-color: transparent;\"><div id class=\"x-container\" style=\"margin: 0px auto;padding: 0px;\"><div class=\"x-column x-sm x-1-1\" style=\"padding: 0px;\"><div id class=\"x-text\" style><p><strong>Stor utvikling<\/strong><br>\nMye skjer i Rauland. Det har v\u00e6rt en formidabel utbygging i omr\u00e5det og Rauland framst\u00e5r i dag som ett av de mest fortettede hytteomr\u00e5dene i Telemark. Utbyggingstakten er fortsatt h\u00f8y og aktivitetene blir stadig flere. Utfordringene er derfor hele tiden \u00e5 finne den vanskelige balansegangen mellom utvikling og bevaring. Nye utbyggingsplaner, tryggere skil\u00f8yper, sikring av \u201dsluser\u201d ut i friomr\u00e5dene, rennovasjonstjenester, str\u00f8mpriser og hytteeieres rettigheter er bare noen stikkord i denne sammenhengen.<\/p>\n<p><strong>V\u00e5re oppgaver<\/strong><br>\nRauland hyttevelforening har som hovedoppgave \u00e5 ivareta medlemmenes interesser. Det gj\u00f8r vi best ved \u00e5 holde et v\u00e5kent \u00f8ye over de sentrale akt\u00f8rer i omr\u00e5det. God kommunikasjon med instanser som Vinje kommune, Rauland Kraftforsyningslag, grunneiere og utbyggere i Rauland er derfor en forutsetning for at hyttevelforeningen skal gj\u00f8re en nok god jobb. Dette samarbeidet gir oss muligheter til \u00e5 holde oss oppdatert p\u00e5 det som skjer i omr\u00e5det og dessuten mulighet til \u00e5 v\u00e6re med p\u00e5 \u00e5 p\u00e5virke utviklingen.<\/p>\n<\/div><\/div><\/div><\/div><div id=\"x-section-3\" class=\"x-section\" style=\"margin: 0px;padding: 0px; background-color: transparent;\"><div id class=\"x-container\" style=\"margin: 0px auto;padding: 0px;\"><div class=\"x-column x-sm x-1-2\" style=\"padding: 0px;\"><noscript><img decoding=\"async\" class=\"x-img x-img-none\" src=\"https:\/\/www.visitrauland.com\/rauland-hyttevelforening\/wp-content\/uploads\/sites\/35\/2018\/01\/Raulandsfjell-landskap-sommer-4-600.jpg\"><\/noscript><img decoding=\"async\" class=\"x-img x-img-none lazyload\" src=\"data:image\/gif;base64,R0lGODlhAQABAIAAAAAAAP\/\/\/yH5BAEAAAAALAAAAAABAAEAAAIBRAA7\" data-src=\"https:\/\/www.visitrauland.com\/rauland-hyttevelforening\/wp-content\/uploads\/sites\/35\/2018\/01\/Raulandsfjell-landskap-sommer-4-600.jpg\"><\/div><div class=\"x-column x-sm x-1-2\" style=\"padding: 0px;\"><noscript><img decoding=\"async\" class=\"x-img x-img-none\" src=\"https:\/\/www.visitrauland.com\/rauland-hyttevelforening\/wp-content\/uploads\/sites\/35\/2018\/01\/Raulandsfjell-landskap-sommer-600.jpg\"><\/noscript><img decoding=\"async\" class=\"x-img x-img-none lazyload\" src=\"data:image\/gif;base64,R0lGODlhAQABAIAAAAAAAP\/\/\/yH5BAEAAAAALAAAAAABAAEAAAIBRAA7\" data-src=\"https:\/\/www.visitrauland.com\/rauland-hyttevelforening\/wp-content\/uploads\/sites\/35\/2018\/01\/Raulandsfjell-landskap-sommer-600.jpg\"><\/div><\/div><div id class=\"x-container\" style=\"margin: 0px auto;padding: 0px;\"><div class=\"x-column x-sm x-1-1\" style=\"padding: 0px;\"><noscript><img decoding=\"async\" class=\"x-img x-img-none\" src=\"https:\/\/www.visitrauland.com\/rauland-hyttevelforening\/wp-content\/uploads\/sites\/35\/2018\/01\/RHH-Flyfoto-Sommer-1920.jpg\"><\/noscript><img decoding=\"async\" class=\"x-img x-img-none lazyload\" src=\"data:image\/gif;base64,R0lGODlhAQABAIAAAAAAAP\/\/\/yH5BAEAAAAALAAAAAABAAEAAAIBRAA7\" data-src=\"https:\/\/www.visitrauland.com\/rauland-hyttevelforening\/wp-content\/uploads\/sites\/35\/2018\/01\/RHH-Flyfoto-Sommer-1920.jpg\"><\/div><\/div><\/div><div id=\"x-section-4\" class=\"x-section\" style=\"margin: 0px;padding: 0px; background-color: transparent;\"><div id class=\"x-container\" style=\"margin: 0px auto;padding: 0px;\"><div class=\"x-column x-sm x-1-1\" style=\"padding: 0px;\"><div id class=\"x-text\" style><p><strong>Sosiale aktiviteter<\/strong><br>\nEn annen viktig oppgave for Rauland hyttevelforening er \u00e5 skape trivsel for medlemmene gjennom sosiale aktiviteter. Lengst tradisjon har det \u00e5rlige p\u00e5skeskirennet for barn p\u00e5 Vierli som arrangeres umiddelbart etter \u00e5rsm\u00f8tet p\u00e5 langfredag. I tillegg har Hyttevelforeningen etablert som fast tradisjon det s\u00e5kalte H\u00f8stm\u00f8tet, gjerne i sammenheng med skolenes h\u00f8stferie, der vi kombinerer viktig informasjon med sosialt fellesskap og lokale kulturinnslag. <\/p>\n<\/div><\/div><\/div><\/div><div id=\"x-section-5\" class=\"x-section\" style=\"margin: 0px;padding: 0px; background-color: transparent;\"><div id class=\"x-container\" style=\"margin: 0px auto;padding: 0px;\"><div class=\"x-column x-sm x-1-1\" style=\"padding: 0px;\"><noscript><img decoding=\"async\" class=\"x-img x-img-none\" src=\"https:\/\/www.visitrauland.com\/rauland-hyttevelforening\/wp-content\/uploads\/sites\/35\/2018\/01\/Rauland-Vinter-1920.jpg\"><\/noscript><img decoding=\"async\" class=\"x-img x-img-none lazyload\" src=\"data:image\/gif;base64,R0lGODlhAQABAIAAAAAAAP\/\/\/yH5BAEAAAAALAAAAAABAAEAAAIBRAA7\" data-src=\"https:\/\/www.visitrauland.com\/rauland-hyttevelforening\/wp-content\/uploads\/sites\/35\/2018\/01\/Rauland-Vinter-1920.jpg\"><\/div><\/div><\/div><\/div>\n","protected":false},"excerpt":{"rendered":"","protected":false},"author":1,"featured_media":0,"parent":0,"menu_order":0,"comment_status":"closed","ping_status":"closed","template":"","meta":{"_relevanssi_hide_post":"","_relevanssi_hide_content":"","_relevanssi_pin_for_all":"","_relevanssi_pin_keywords":"","_relevanssi_unpin_keywords":"","_relevanssi_related_keywords":"","_relevanssi_related_include_ids":"","_relevanssi_related_exclude_ids":"","_relevanssi_related_no_append":"","_relevanssi_related_not_related":"","_relevanssi_related_posts":"","_relevanssi_noindex_reason":"","seo_booster_metabox":"","footnotes":""},"class_list":["post-1760","page","type-page","status-publish","hentry","no-post-thumbnail"],"yoast_head":"<!-- This site is optimized with the Yoast SEO plugin v27.2 - https:\/\/yoast.com\/product\/yoast-seo-wordpress\/ -->\n<title>Om foreningen - Rauland Hyttevelforening<\/title>\n<meta name=\"robots\" content=\"index, follow, max-snippet:-1, max-image-preview:large, max-video-preview:-1\" \/>\n<link rel=\"canonical\" href=\"https:\/\/visitrauland.com\/rauland-hyttevelforening\/om-oss\/\" \/>\n<meta property=\"og:locale\" content=\"nb_NO\" \/>\n<meta property=\"og:type\" content=\"article\" \/>\n<meta property=\"og:title\" content=\"Om foreningen - Rauland Hyttevelforening\" \/>\n<meta property=\"og:url\" content=\"https:\/\/visitrauland.com\/rauland-hyttevelforening\/om-oss\/\" \/>\n<meta property=\"og:site_name\" content=\"Rauland Hyttevelforening\" \/>\n<meta property=\"article:modified_time\" content=\"2024-04-16T20:13:06+00:00\" \/>\n<meta name=\"twitter:card\" content=\"summary_large_image\" \/>\n<meta name=\"twitter:label1\" content=\"Ansl. lesetid\" \/>\n\t<meta name=\"twitter:data1\" content=\"5 minutter\" \/>\n<script type=\"application\/ld+json\" class=\"yoast-schema-graph\">{\"@context\":\"https:\/\/schema.org\",\"@graph\":[{\"@type\":\"WebPage\",\"@id\":\"https:\/\/visitrauland.com\/rauland-hyttevelforening\/om-oss\/\",\"url\":\"https:\/\/visitrauland.com\/rauland-hyttevelforening\/om-oss\/\",\"name\":\"Om foreningen - Rauland Hyttevelforening\",\"isPartOf\":{\"@id\":\"https:\/\/visitrauland.com\/rauland-hyttevelforening\/#website\"},\"datePublished\":\"2018-01-03T17:13:54+00:00\",\"dateModified\":\"2024-04-16T20:13:06+00:00\",\"breadcrumb\":{\"@id\":\"https:\/\/visitrauland.com\/rauland-hyttevelforening\/om-oss\/#breadcrumb\"},\"inLanguage\":\"nb-NO\",\"potentialAction\":[{\"@type\":\"ReadAction\",\"target\":[\"https:\/\/visitrauland.com\/rauland-hyttevelforening\/om-oss\/\"]}]},{\"@type\":\"BreadcrumbList\",\"@id\":\"https:\/\/visitrauland.com\/rauland-hyttevelforening\/om-oss\/#breadcrumb\",\"itemListElement\":[{\"@type\":\"ListItem\",\"position\":1,\"name\":\"Hjem\",\"item\":\"https:\/\/visitrauland.com\/rauland-hyttevelforening\/\"},{\"@type\":\"ListItem\",\"position\":2,\"name\":\"Om foreningen\"}]},{\"@type\":\"WebSite\",\"@id\":\"https:\/\/visitrauland.com\/rauland-hyttevelforening\/#website\",\"url\":\"https:\/\/visitrauland.com\/rauland-hyttevelforening\/\",\"name\":\"Rauland Hyttevelforening\",\"description\":\"En konstruktiv og aktiv samarbeidspartner i Rauland\",\"potentialAction\":[{\"@type\":\"SearchAction\",\"target\":{\"@type\":\"EntryPoint\",\"urlTemplate\":\"https:\/\/visitrauland.com\/rauland-hyttevelforening\/?s={search_term_string}\"},\"query-input\":{\"@type\":\"PropertyValueSpecification\",\"valueRequired\":true,\"valueName\":\"search_term_string\"}}],\"inLanguage\":\"nb-NO\"}]}<\/script>\n<!-- \/ Yoast SEO plugin. -->","yoast_head_json":{"title":"Om foreningen - Rauland Hyttevelforening","robots":{"index":"index","follow":"follow","max-snippet":"max-snippet:-1","max-image-preview":"max-image-preview:large","max-video-preview":"max-video-preview:-1"},"canonical":"https:\/\/visitrauland.com\/rauland-hyttevelforening\/om-oss\/","og_locale":"nb_NO","og_type":"article","og_title":"Om foreningen - Rauland Hyttevelforening","og_url":"https:\/\/visitrauland.com\/rauland-hyttevelforening\/om-oss\/","og_site_name":"Rauland Hyttevelforening","article_modified_time":"2024-04-16T20:13:06+00:00","twitter_card":"summary_large_image","twitter_misc":{"Ansl. lesetid":"5 minutter"},"schema":{"@context":"https:\/\/schema.org","@graph":[{"@type":"WebPage","@id":"https:\/\/visitrauland.com\/rauland-hyttevelforening\/om-oss\/","url":"https:\/\/visitrauland.com\/rauland-hyttevelforening\/om-oss\/","name":"Om foreningen - Rauland Hyttevelforening","isPartOf":{"@id":"https:\/\/visitrauland.com\/rauland-hyttevelforening\/#website"},"datePublished":"2018-01-03T17:13:54+00:00","dateModified":"2024-04-16T20:13:06+00:00","breadcrumb":{"@id":"https:\/\/visitrauland.com\/rauland-hyttevelforening\/om-oss\/#breadcrumb"},"inLanguage":"nb-NO","potentialAction":[{"@type":"ReadAction","target":["https:\/\/visitrauland.com\/rauland-hyttevelforening\/om-oss\/"]}]},{"@type":"BreadcrumbList","@id":"https:\/\/visitrauland.com\/rauland-hyttevelforening\/om-oss\/#breadcrumb","itemListElement":[{"@type":"ListItem","position":1,"name":"Hjem","item":"https:\/\/visitrauland.com\/rauland-hyttevelforening\/"},{"@type":"ListItem","position":2,"name":"Om foreningen"}]},{"@type":"WebSite","@id":"https:\/\/visitrauland.com\/rauland-hyttevelforening\/#website","url":"https:\/\/visitrauland.com\/rauland-hyttevelforening\/","name":"Rauland Hyttevelforening","description":"En konstruktiv og aktiv samarbeidspartner i Rauland","potentialAction":[{"@type":"SearchAction","target":{"@type":"EntryPoint","urlTemplate":"https:\/\/visitrauland.com\/rauland-hyttevelforening\/?s={search_term_string}"},"query-input":{"@type":"PropertyValueSpecification","valueRequired":true,"valueName":"search_term_string"}}],"inLanguage":"nb-NO"}]}},"_links":{"self":[{"href":"https:\/\/visitrauland.com\/rauland-hyttevelforening\/wp-json\/wp\/v2\/pages\/1760","targetHints":{"allow":["GET"]}}],"collection":[{"href":"https:\/\/visitrauland.com\/rauland-hyttevelforening\/wp-json\/wp\/v2\/pages"}],"about":[{"href":"https:\/\/visitrauland.com\/rauland-hyttevelforening\/wp-json\/wp\/v2\/types\/page"}],"author":[{"embeddable":true,"href":"https:\/\/visitrauland.com\/rauland-hyttevelforening\/wp-json\/wp\/v2\/users\/1"}],"replies":[{"embeddable":true,"href":"https:\/\/visitrauland.com\/rauland-hyttevelforening\/wp-json\/wp\/v2\/comments?post=1760"}],"version-history":[{"count":2,"href":"https:\/\/visitrauland.com\/rauland-hyttevelforening\/wp-json\/wp\/v2\/pages\/1760\/revisions"}],"predecessor-version":[{"id":2595,"href":"https:\/\/visitrauland.com\/rauland-hyttevelforening\/wp-json\/wp\/v2\/pages\/1760\/revisions\/2595"}],"wp:attachment":[{"href":"https:\/\/visitrauland.com\/rauland-hyttevelforening\/wp-json\/wp\/v2\/media?parent=1760"}],"curies":[{"name":"wp","href":"https:\/\/api.w.org\/{rel}","templated":true}]}}