{"id":675,"date":"2017-12-13T12:53:02","date_gmt":"2017-12-13T11:53:02","guid":{"rendered":"https:\/\/visitrauland.com\/rauland-hoegfjellshotell\/?page_id=675"},"modified":"2025-10-21T14:19:25","modified_gmt":"2025-10-21T12:19:25","slug":"vinstoga","status":"publish","type":"page","link":"https:\/\/visitrauland.com\/rauland-hoegfjellshotell\/fasiliteter\/vinstoga\/","title":{"rendered":"Vinstoga"},"content":{"rendered":"<div id=\"cs-content\" class=\"cs-content\"><\/div>\n","protected":false},"excerpt":{"rendered":"","protected":false},"author":1,"featured_media":0,"parent":653,"menu_order":0,"comment_status":"closed","ping_status":"closed","template":"","meta":{"_relevanssi_hide_post":"","_relevanssi_hide_content":"","_relevanssi_pin_for_all":"","_relevanssi_pin_keywords":"","_relevanssi_unpin_keywords":"","_relevanssi_related_keywords":"","_relevanssi_related_include_ids":"","_relevanssi_related_exclude_ids":"","_relevanssi_related_no_append":"","_relevanssi_related_not_related":"","_relevanssi_related_posts":"3662,720,1935,3714,3718,705","_relevanssi_noindex_reason":"","seo_booster_metabox":"","footnotes":""},"class_list":["post-675","page","type-page","status-publish","hentry","no-post-thumbnail"],"yoast_head":"<!-- This site is optimized with the Yoast SEO plugin v27.2 - https:\/\/yoast.com\/product\/yoast-seo-wordpress\/ -->\n<title>En hyggelig kveld i Vinstoga - Rauland H\u00f8gfjellshotell<\/title>\n<meta name=\"description\" content=\"Vinstoga er v\u00e5rt hyggelige festlokale p\u00e5 Rauland H\u00f8gfjellshotell. Her kan gjestene hygge seg i smakfulle omgivelser og med v\u00e5r varierte meny.\" \/>\n<meta name=\"robots\" content=\"index, follow, max-snippet:-1, max-image-preview:large, max-video-preview:-1\" \/>\n<link rel=\"canonical\" href=\"https:\/\/visitrauland.com\/rauland-hoegfjellshotell\/fasiliteter\/vinstoga\/\" \/>\n<meta property=\"og:locale\" content=\"nb_NO\" \/>\n<meta property=\"og:type\" content=\"article\" \/>\n<meta property=\"og:title\" content=\"En hyggelig kveld i Vinstoga - Rauland H\u00f8gfjellshotell\" \/>\n<meta property=\"og:description\" content=\"Vinstoga er v\u00e5rt hyggelige festlokale p\u00e5 Rauland H\u00f8gfjellshotell. Her kan gjestene hygge seg i smakfulle omgivelser og med v\u00e5r varierte meny.\" \/>\n<meta property=\"og:url\" content=\"https:\/\/visitrauland.com\/rauland-hoegfjellshotell\/fasiliteter\/vinstoga\/\" \/>\n<meta property=\"og:site_name\" content=\"Rauland H\u00f8gfjellshotell\" \/>\n<meta property=\"article:modified_time\" content=\"2025-10-21T12:19:25+00:00\" \/>\n<meta name=\"twitter:card\" content=\"summary_large_image\" \/>\n<meta name=\"twitter:label1\" content=\"Ansl. lesetid\" \/>\n\t<meta name=\"twitter:data1\" content=\"2 minutter\" \/>\n<script type=\"application\/ld+json\" class=\"yoast-schema-graph\">{\"@context\":\"https:\/\/schema.org\",\"@graph\":[{\"@type\":\"WebPage\",\"@id\":\"https:\/\/visitrauland.com\/rauland-hoegfjellshotell\/fasiliteter\/vinstoga\/\",\"url\":\"https:\/\/visitrauland.com\/rauland-hoegfjellshotell\/fasiliteter\/vinstoga\/\",\"name\":\"En hyggelig kveld i Vinstoga - Rauland H\u00f8gfjellshotell\",\"isPartOf\":{\"@id\":\"https:\/\/visitrauland.com\/rauland-hoegfjellshotell\/#website\"},\"datePublished\":\"2017-12-13T11:53:02+00:00\",\"dateModified\":\"2025-10-21T12:19:25+00:00\",\"description\":\"Vinstoga er v\u00e5rt hyggelige festlokale p\u00e5 Rauland H\u00f8gfjellshotell. Her kan gjestene hygge seg i smakfulle omgivelser og med v\u00e5r varierte meny.\",\"breadcrumb\":{\"@id\":\"https:\/\/visitrauland.com\/rauland-hoegfjellshotell\/fasiliteter\/vinstoga\/#breadcrumb\"},\"inLanguage\":\"nb-NO\",\"potentialAction\":[{\"@type\":\"ReadAction\",\"target\":[\"https:\/\/visitrauland.com\/rauland-hoegfjellshotell\/fasiliteter\/vinstoga\/\"]}]},{\"@type\":\"BreadcrumbList\",\"@id\":\"https:\/\/visitrauland.com\/rauland-hoegfjellshotell\/fasiliteter\/vinstoga\/#breadcrumb\",\"itemListElement\":[{\"@type\":\"ListItem\",\"position\":1,\"name\":\"Hjem\",\"item\":\"https:\/\/visitrauland.com\/rauland-hoegfjellshotell\/\"},{\"@type\":\"ListItem\",\"position\":2,\"name\":\"Fasiliteter\",\"item\":\"https:\/\/visitrauland.com\/rauland-hoegfjellshotell\/fasiliteter\/\"},{\"@type\":\"ListItem\",\"position\":3,\"name\":\"Vinstoga\"}]},{\"@type\":\"WebSite\",\"@id\":\"https:\/\/visitrauland.com\/rauland-hoegfjellshotell\/#website\",\"url\":\"https:\/\/visitrauland.com\/rauland-hoegfjellshotell\/\",\"name\":\"Rauland H\u00f8gfjellshotell\",\"description\":\"Tradisjonsrikt Telemarkshotell - 1000 meter over havet\",\"potentialAction\":[{\"@type\":\"SearchAction\",\"target\":{\"@type\":\"EntryPoint\",\"urlTemplate\":\"https:\/\/visitrauland.com\/rauland-hoegfjellshotell\/?s={search_term_string}\"},\"query-input\":{\"@type\":\"PropertyValueSpecification\",\"valueRequired\":true,\"valueName\":\"search_term_string\"}}],\"inLanguage\":\"nb-NO\"}]}<\/script>\n<!-- \/ Yoast SEO plugin. -->","yoast_head_json":{"title":"En hyggelig kveld i Vinstoga - Rauland H\u00f8gfjellshotell","description":"Vinstoga er v\u00e5rt hyggelige festlokale p\u00e5 Rauland H\u00f8gfjellshotell. Her kan gjestene hygge seg i smakfulle omgivelser og med v\u00e5r varierte meny.","robots":{"index":"index","follow":"follow","max-snippet":"max-snippet:-1","max-image-preview":"max-image-preview:large","max-video-preview":"max-video-preview:-1"},"canonical":"https:\/\/visitrauland.com\/rauland-hoegfjellshotell\/fasiliteter\/vinstoga\/","og_locale":"nb_NO","og_type":"article","og_title":"En hyggelig kveld i Vinstoga - Rauland H\u00f8gfjellshotell","og_description":"Vinstoga er v\u00e5rt hyggelige festlokale p\u00e5 Rauland H\u00f8gfjellshotell. Her kan gjestene hygge seg i smakfulle omgivelser og med v\u00e5r varierte meny.","og_url":"https:\/\/visitrauland.com\/rauland-hoegfjellshotell\/fasiliteter\/vinstoga\/","og_site_name":"Rauland H\u00f8gfjellshotell","article_modified_time":"2025-10-21T12:19:25+00:00","twitter_card":"summary_large_image","twitter_misc":{"Ansl. lesetid":"2 minutter"},"schema":{"@context":"https:\/\/schema.org","@graph":[{"@type":"WebPage","@id":"https:\/\/visitrauland.com\/rauland-hoegfjellshotell\/fasiliteter\/vinstoga\/","url":"https:\/\/visitrauland.com\/rauland-hoegfjellshotell\/fasiliteter\/vinstoga\/","name":"En hyggelig kveld i Vinstoga - Rauland H\u00f8gfjellshotell","isPartOf":{"@id":"https:\/\/visitrauland.com\/rauland-hoegfjellshotell\/#website"},"datePublished":"2017-12-13T11:53:02+00:00","dateModified":"2025-10-21T12:19:25+00:00","description":"Vinstoga er v\u00e5rt hyggelige festlokale p\u00e5 Rauland H\u00f8gfjellshotell. Her kan gjestene hygge seg i smakfulle omgivelser og med v\u00e5r varierte meny.","breadcrumb":{"@id":"https:\/\/visitrauland.com\/rauland-hoegfjellshotell\/fasiliteter\/vinstoga\/#breadcrumb"},"inLanguage":"nb-NO","potentialAction":[{"@type":"ReadAction","target":["https:\/\/visitrauland.com\/rauland-hoegfjellshotell\/fasiliteter\/vinstoga\/"]}]},{"@type":"BreadcrumbList","@id":"https:\/\/visitrauland.com\/rauland-hoegfjellshotell\/fasiliteter\/vinstoga\/#breadcrumb","itemListElement":[{"@type":"ListItem","position":1,"name":"Hjem","item":"https:\/\/visitrauland.com\/rauland-hoegfjellshotell\/"},{"@type":"ListItem","position":2,"name":"Fasiliteter","item":"https:\/\/visitrauland.com\/rauland-hoegfjellshotell\/fasiliteter\/"},{"@type":"ListItem","position":3,"name":"Vinstoga"}]},{"@type":"WebSite","@id":"https:\/\/visitrauland.com\/rauland-hoegfjellshotell\/#website","url":"https:\/\/visitrauland.com\/rauland-hoegfjellshotell\/","name":"Rauland H\u00f8gfjellshotell","description":"Tradisjonsrikt Telemarkshotell - 1000 meter over havet","potentialAction":[{"@type":"SearchAction","target":{"@type":"EntryPoint","urlTemplate":"https:\/\/visitrauland.com\/rauland-hoegfjellshotell\/?s={search_term_string}"},"query-input":{"@type":"PropertyValueSpecification","valueRequired":true,"valueName":"search_term_string"}}],"inLanguage":"nb-NO"}]}},"publishpress_future_action":{"enabled":false,"date":"2026-04-15 12:31:03","action":"change-status","newStatus":"draft","terms":[],"taxonomy":"","extraData":[]},"publishpress_future_workflow_manual_trigger":{"enabledWorkflows":[]},"_links":{"self":[{"href":"https:\/\/visitrauland.com\/rauland-hoegfjellshotell\/wp-json\/wp\/v2\/pages\/675","targetHints":{"allow":["GET"]}}],"collection":[{"href":"https:\/\/visitrauland.com\/rauland-hoegfjellshotell\/wp-json\/wp\/v2\/pages"}],"about":[{"href":"https:\/\/visitrauland.com\/rauland-hoegfjellshotell\/wp-json\/wp\/v2\/types\/page"}],"author":[{"embeddable":true,"href":"https:\/\/visitrauland.com\/rauland-hoegfjellshotell\/wp-json\/wp\/v2\/users\/1"}],"replies":[{"embeddable":true,"href":"https:\/\/visitrauland.com\/rauland-hoegfjellshotell\/wp-json\/wp\/v2\/comments?post=675"}],"version-history":[{"count":4,"href":"https:\/\/visitrauland.com\/rauland-hoegfjellshotell\/wp-json\/wp\/v2\/pages\/675\/revisions"}],"predecessor-version":[{"id":3318,"href":"https:\/\/visitrauland.com\/rauland-hoegfjellshotell\/wp-json\/wp\/v2\/pages\/675\/revisions\/3318"}],"up":[{"embeddable":true,"href":"https:\/\/visitrauland.com\/rauland-hoegfjellshotell\/wp-json\/wp\/v2\/pages\/653"}],"wp:attachment":[{"href":"https:\/\/visitrauland.com\/rauland-hoegfjellshotell\/wp-json\/wp\/v2\/media?parent=675"}],"curies":[{"name":"wp","href":"https:\/\/api.w.org\/{rel}","templated":true}]}}