{"id":339,"date":"2017-10-30T18:03:03","date_gmt":"2017-10-30T17:03:03","guid":{"rendered":"https:\/\/visitrauland.com\/racing\/?page_id=339"},"modified":"2025-01-29T23:41:01","modified_gmt":"2025-01-29T22:41:01","slug":"racing","status":"publish","type":"page","link":"https:\/\/visitrauland.com\/racing\/","title":{"rendered":"Racing"},"content":{"rendered":"<div id=\"cs-content\" class=\"cs-content\"><div id=\"x-section-1\" class=\"x-section\" style=\"margin: 0px;padding: 0px; background-color: transparent;\"><div id class=\"x-container\" style=\"margin: 0px auto;padding: 0px;\"><div class=\"x-column x-sm x-1-1\" style=\"padding: 0px;\">&nbsp;<\/div><\/div><\/div><div id=\"x-section-2\" class=\"x-section\" style=\"margin: 0px;padding: 45px 0px; background-color: transparent;\"><div id class=\"x-container max width\" style=\"margin: 0px auto;padding: 0px;\"><div class=\"x-column x-sm x-1-2\" style=\"padding: 0px;\"><h2 class=\"h-custom-headline h3\"><span>Bil:<\/span><\/h2><hr class=\"x-line e339-e9 m9f-0\"><div id class=\"x-text\" style>\n<p><strong>Bil:<\/strong> Porsche 991 GT3 Cup<br>\n<strong>\u00c5rsmodell:<\/strong> 2017<br>\n<strong>Effekt:<\/strong> 460 hk<br>\n<strong>Vekt:<\/strong> 1200 kg<br>\n<strong>0-100 km\/t:<\/strong> Ca. 3 sek<\/p>\n<p>Fabrikk bygd l\u00f8psbil fra Porsche Motorsport i Stuttgart og Weissach. Disse bilene kj\u00f8res i forskjellige Carrera Cuper syv forskjellige steder rundt i verden - Tyskland, Asia, Frankrike, Storbritannia, Italia, Japan, Skandinavia og Australia. I tillegg kj\u00f8res bilen i Supercup som f\u00f8lger Formel 1 rundt i verden hvert \u00e5r.<\/p>\n<p>Porsche er den bilprodusenten som har laget rene l\u00f8psbiler fra fabrikk lengst. Carrera Cupen startet allerede i 1990.<\/p>\n<\/div><div class=\"x-flexslider-shortcode-container with-container\"><div class=\"x-flexslider x-flexslider-shortcode x-flexslider-shortcode-1\" data-x-element-slider=\"{&quot;animation&quot;:&quot;slide&quot;,&quot;reverse&quot;:false,&quot;slideTime&quot;:&quot;7000&quot;,&quot;slideSpeed&quot;:&quot;1000&quot;,&quot;controlNav&quot;:false,&quot;prevNextNav&quot;:true,&quot;slideshow&quot;:false,&quot;random&quot;:false,&quot;touch&quot;:true,&quot;pauseOnHover&quot;:false}\"><ul class=\"x-slides\"><li class=\"x-slide\"><p><noscript><img decoding=\"async\" src=\"https:\/\/visitrauland.com\/racing\/wp-content\/uploads\/sites\/80\/2019\/05\/1pccs190504-606.jpg\" alt=\"Oransje Porsche racerbil i fart p\u00e5 grusdekke under l\u00f8p p\u00e5 Rudskogen Motorsenter i Norge.\" width=\"1920\" height=\"1080\" class=\"alignnone size-full wp-image-1827\" srcset=\"https:\/\/visitrauland.com\/racing\/wp-content\/uploads\/sites\/80\/2019\/05\/1pccs190504-606.jpg 1920w, https:\/\/visitrauland.com\/racing\/wp-content\/uploads\/sites\/80\/2019\/05\/1pccs190504-606-300x169.jpg 300w, https:\/\/visitrauland.com\/racing\/wp-content\/uploads\/sites\/80\/2019\/05\/1pccs190504-606-768x432.jpg 768w, https:\/\/visitrauland.com\/racing\/wp-content\/uploads\/sites\/80\/2019\/05\/1pccs190504-606-1024x576.jpg 1024w, https:\/\/visitrauland.com\/racing\/wp-content\/uploads\/sites\/80\/2019\/05\/1pccs190504-606-500x281.jpg 500w, https:\/\/visitrauland.com\/racing\/wp-content\/uploads\/sites\/80\/2019\/05\/1pccs190504-606-100x56.jpg 100w, https:\/\/visitrauland.com\/racing\/wp-content\/uploads\/sites\/80\/2019\/05\/1pccs190504-606-862x485.jpg 862w, https:\/\/visitrauland.com\/racing\/wp-content\/uploads\/sites\/80\/2019\/05\/1pccs190504-606-1200x675.jpg 1200w\" sizes=\"(max-width: 1920px) 100vw, 1920px\"><\/noscript><img decoding=\"async\" src=\"data:image\/svg+xml,%3Csvg%20xmlns%3D%22http%3A%2F%2Fwww.w3.org%2F2000%2Fsvg%22%20viewBox%3D%220%200%201920%201080%22%3E%3C%2Fsvg%3E\" alt=\"Oransje Porsche racerbil i fart p\u00e5 grusdekke under l\u00f8p p\u00e5 Rudskogen Motorsenter i Norge.\" width=\"1920\" height=\"1080\" class=\"alignnone size-full wp-image-1827 lazyload\" srcset=\"data:image\/svg+xml,%3Csvg%20xmlns%3D%22http%3A%2F%2Fwww.w3.org%2F2000%2Fsvg%22%20viewBox%3D%220%200%201920%201080%22%3E%3C%2Fsvg%3E 1920w\" sizes=\"(max-width: 1920px) 100vw, 1920px\" data-srcset=\"https:\/\/visitrauland.com\/racing\/wp-content\/uploads\/sites\/80\/2019\/05\/1pccs190504-606.jpg 1920w, https:\/\/visitrauland.com\/racing\/wp-content\/uploads\/sites\/80\/2019\/05\/1pccs190504-606-300x169.jpg 300w, https:\/\/visitrauland.com\/racing\/wp-content\/uploads\/sites\/80\/2019\/05\/1pccs190504-606-768x432.jpg 768w, https:\/\/visitrauland.com\/racing\/wp-content\/uploads\/sites\/80\/2019\/05\/1pccs190504-606-1024x576.jpg 1024w, https:\/\/visitrauland.com\/racing\/wp-content\/uploads\/sites\/80\/2019\/05\/1pccs190504-606-500x281.jpg 500w, https:\/\/visitrauland.com\/racing\/wp-content\/uploads\/sites\/80\/2019\/05\/1pccs190504-606-100x56.jpg 100w, https:\/\/visitrauland.com\/racing\/wp-content\/uploads\/sites\/80\/2019\/05\/1pccs190504-606-862x485.jpg 862w, https:\/\/visitrauland.com\/racing\/wp-content\/uploads\/sites\/80\/2019\/05\/1pccs190504-606-1200x675.jpg 1200w\" data-src=\"https:\/\/visitrauland.com\/racing\/wp-content\/uploads\/sites\/80\/2019\/05\/1pccs190504-606.jpg\"><\/p>\n<p><\/p><\/li><li class=\"x-slide\"><p><noscript><img decoding=\"async\" src=\"https:\/\/visitrauland.com\/racing\/wp-content\/uploads\/sites\/80\/2019\/05\/IMG_1475_1920.jpg\" alt=\"To bilene svinger p\u00e5 en racerbane, med en oransje bil foran en hvit bil.\" width=\"1920\" height=\"1080\" class=\"alignnone size-full wp-image-1837\" srcset=\"https:\/\/visitrauland.com\/racing\/wp-content\/uploads\/sites\/80\/2019\/05\/IMG_1475_1920.jpg 1920w, https:\/\/visitrauland.com\/racing\/wp-content\/uploads\/sites\/80\/2019\/05\/IMG_1475_1920-300x169.jpg 300w, https:\/\/visitrauland.com\/racing\/wp-content\/uploads\/sites\/80\/2019\/05\/IMG_1475_1920-768x432.jpg 768w, https:\/\/visitrauland.com\/racing\/wp-content\/uploads\/sites\/80\/2019\/05\/IMG_1475_1920-1024x576.jpg 1024w, https:\/\/visitrauland.com\/racing\/wp-content\/uploads\/sites\/80\/2019\/05\/IMG_1475_1920-500x281.jpg 500w, https:\/\/visitrauland.com\/racing\/wp-content\/uploads\/sites\/80\/2019\/05\/IMG_1475_1920-100x56.jpg 100w, https:\/\/visitrauland.com\/racing\/wp-content\/uploads\/sites\/80\/2019\/05\/IMG_1475_1920-862x485.jpg 862w, https:\/\/visitrauland.com\/racing\/wp-content\/uploads\/sites\/80\/2019\/05\/IMG_1475_1920-1200x675.jpg 1200w\" sizes=\"(max-width: 1920px) 100vw, 1920px\"><\/noscript><img decoding=\"async\" src=\"data:image\/svg+xml,%3Csvg%20xmlns%3D%22http%3A%2F%2Fwww.w3.org%2F2000%2Fsvg%22%20viewBox%3D%220%200%201920%201080%22%3E%3C%2Fsvg%3E\" alt=\"To bilene svinger p\u00e5 en racerbane, med en oransje bil foran en hvit bil.\" width=\"1920\" height=\"1080\" class=\"alignnone size-full wp-image-1837 lazyload\" srcset=\"data:image\/svg+xml,%3Csvg%20xmlns%3D%22http%3A%2F%2Fwww.w3.org%2F2000%2Fsvg%22%20viewBox%3D%220%200%201920%201080%22%3E%3C%2Fsvg%3E 1920w\" sizes=\"(max-width: 1920px) 100vw, 1920px\" data-srcset=\"https:\/\/visitrauland.com\/racing\/wp-content\/uploads\/sites\/80\/2019\/05\/IMG_1475_1920.jpg 1920w, https:\/\/visitrauland.com\/racing\/wp-content\/uploads\/sites\/80\/2019\/05\/IMG_1475_1920-300x169.jpg 300w, https:\/\/visitrauland.com\/racing\/wp-content\/uploads\/sites\/80\/2019\/05\/IMG_1475_1920-768x432.jpg 768w, https:\/\/visitrauland.com\/racing\/wp-content\/uploads\/sites\/80\/2019\/05\/IMG_1475_1920-1024x576.jpg 1024w, https:\/\/visitrauland.com\/racing\/wp-content\/uploads\/sites\/80\/2019\/05\/IMG_1475_1920-500x281.jpg 500w, https:\/\/visitrauland.com\/racing\/wp-content\/uploads\/sites\/80\/2019\/05\/IMG_1475_1920-100x56.jpg 100w, https:\/\/visitrauland.com\/racing\/wp-content\/uploads\/sites\/80\/2019\/05\/IMG_1475_1920-862x485.jpg 862w, https:\/\/visitrauland.com\/racing\/wp-content\/uploads\/sites\/80\/2019\/05\/IMG_1475_1920-1200x675.jpg 1200w\" data-src=\"https:\/\/visitrauland.com\/racing\/wp-content\/uploads\/sites\/80\/2019\/05\/IMG_1475_1920.jpg\"><\/p><\/li><li class=\"x-slide\"><p><noscript><img decoding=\"async\" src=\"https:\/\/visitrauland.com\/racing\/wp-content\/uploads\/sites\/80\/2019\/05\/2pccs190519-077.jpg\" alt=\"Bilrace p\u00e5 v\u00e5t bane med flere sportsvogner i fart, omgitt av gr\u00f8nn skog.\" width=\"1920\" height=\"1080\" class=\"alignnone size-full wp-image-1831\" srcset=\"https:\/\/visitrauland.com\/racing\/wp-content\/uploads\/sites\/80\/2019\/05\/2pccs190519-077.jpg 1920w, https:\/\/visitrauland.com\/racing\/wp-content\/uploads\/sites\/80\/2019\/05\/2pccs190519-077-300x169.jpg 300w, https:\/\/visitrauland.com\/racing\/wp-content\/uploads\/sites\/80\/2019\/05\/2pccs190519-077-768x432.jpg 768w, https:\/\/visitrauland.com\/racing\/wp-content\/uploads\/sites\/80\/2019\/05\/2pccs190519-077-1024x576.jpg 1024w, https:\/\/visitrauland.com\/racing\/wp-content\/uploads\/sites\/80\/2019\/05\/2pccs190519-077-500x281.jpg 500w, https:\/\/visitrauland.com\/racing\/wp-content\/uploads\/sites\/80\/2019\/05\/2pccs190519-077-100x56.jpg 100w, https:\/\/visitrauland.com\/racing\/wp-content\/uploads\/sites\/80\/2019\/05\/2pccs190519-077-862x485.jpg 862w, https:\/\/visitrauland.com\/racing\/wp-content\/uploads\/sites\/80\/2019\/05\/2pccs190519-077-1200x675.jpg 1200w\" sizes=\"(max-width: 1920px) 100vw, 1920px\"><\/noscript><img decoding=\"async\" src=\"data:image\/svg+xml,%3Csvg%20xmlns%3D%22http%3A%2F%2Fwww.w3.org%2F2000%2Fsvg%22%20viewBox%3D%220%200%201920%201080%22%3E%3C%2Fsvg%3E\" alt=\"Bilrace p\u00e5 v\u00e5t bane med flere sportsvogner i fart, omgitt av gr\u00f8nn skog.\" width=\"1920\" height=\"1080\" class=\"alignnone size-full wp-image-1831 lazyload\" srcset=\"data:image\/svg+xml,%3Csvg%20xmlns%3D%22http%3A%2F%2Fwww.w3.org%2F2000%2Fsvg%22%20viewBox%3D%220%200%201920%201080%22%3E%3C%2Fsvg%3E 1920w\" sizes=\"(max-width: 1920px) 100vw, 1920px\" data-srcset=\"https:\/\/visitrauland.com\/racing\/wp-content\/uploads\/sites\/80\/2019\/05\/2pccs190519-077.jpg 1920w, https:\/\/visitrauland.com\/racing\/wp-content\/uploads\/sites\/80\/2019\/05\/2pccs190519-077-300x169.jpg 300w, https:\/\/visitrauland.com\/racing\/wp-content\/uploads\/sites\/80\/2019\/05\/2pccs190519-077-768x432.jpg 768w, https:\/\/visitrauland.com\/racing\/wp-content\/uploads\/sites\/80\/2019\/05\/2pccs190519-077-1024x576.jpg 1024w, https:\/\/visitrauland.com\/racing\/wp-content\/uploads\/sites\/80\/2019\/05\/2pccs190519-077-500x281.jpg 500w, https:\/\/visitrauland.com\/racing\/wp-content\/uploads\/sites\/80\/2019\/05\/2pccs190519-077-100x56.jpg 100w, https:\/\/visitrauland.com\/racing\/wp-content\/uploads\/sites\/80\/2019\/05\/2pccs190519-077-862x485.jpg 862w, https:\/\/visitrauland.com\/racing\/wp-content\/uploads\/sites\/80\/2019\/05\/2pccs190519-077-1200x675.jpg 1200w\" data-src=\"https:\/\/visitrauland.com\/racing\/wp-content\/uploads\/sites\/80\/2019\/05\/2pccs190519-077.jpg\"><\/p><\/li><\/ul><\/div><\/div><\/div><div class=\"x-column x-sm x-1-2\" style=\"padding: 0px;\"><h2 class=\"h-custom-headline h3\"><span>Eier og f\u00f8rer:<\/span><\/h2><div id class=\"x-text\" style><p><noscript><img decoding=\"async\" src=\"https:\/\/visitrauland.com\/racing\/wp-content\/uploads\/sites\/80\/2019\/05\/hermansen.jpg\" alt=\"Beklager, jeg kan ikke identifisere personer i bilder, men jeg kan hjelpe med \u00e5 lage en generell alt-tekst for bildet:Person if\u00f8rt krans og drakt med norsk flagg i bakgrunnen.\" width=\"205\" class=\"size-full wp-image-1839 alignright\" srcset=\"https:\/\/visitrauland.com\/racing\/wp-content\/uploads\/sites\/80\/2019\/05\/hermansen.jpg 285w, https:\/\/visitrauland.com\/racing\/wp-content\/uploads\/sites\/80\/2019\/05\/hermansen-220x300.jpg 220w, https:\/\/visitrauland.com\/racing\/wp-content\/uploads\/sites\/80\/2019\/05\/hermansen-100x136.jpg 100w\" sizes=\"(max-width: 285px) 100vw, 285px\"><\/noscript><img decoding=\"async\" src=\"data:image\/gif;base64,R0lGODlhAQABAIAAAAAAAP\/\/\/yH5BAEAAAAALAAAAAABAAEAAAIBRAA7\" alt=\"Beklager, jeg kan ikke identifisere personer i bilder, men jeg kan hjelpe med \u00e5 lage en generell alt-tekst for bildet:Person if\u00f8rt krans og drakt med norsk flagg i bakgrunnen.\" width=\"205\" class=\"size-full wp-image-1839 alignright lazyload\" srcset=\"data:image\/gif;base64,R0lGODlhAQABAIAAAAAAAP\/\/\/yH5BAEAAAAALAAAAAABAAEAAAIBRAA7 205w\" sizes=\"(max-width: 285px) 100vw, 285px\" data-srcset=\"https:\/\/visitrauland.com\/racing\/wp-content\/uploads\/sites\/80\/2019\/05\/hermansen.jpg 285w, https:\/\/visitrauland.com\/racing\/wp-content\/uploads\/sites\/80\/2019\/05\/hermansen-220x300.jpg 220w, https:\/\/visitrauland.com\/racing\/wp-content\/uploads\/sites\/80\/2019\/05\/hermansen-100x136.jpg 100w\" data-src=\"https:\/\/visitrauland.com\/racing\/wp-content\/uploads\/sites\/80\/2019\/05\/hermansen.jpg\"><\/p>\n<p><strong>Navn:<\/strong> Roger Hermansen<br>\n<strong>Alder:<\/strong> 43 \u00e5r.<br>\n<strong>Erfaring:<\/strong> Kj\u00f8rt racing med Porsche i 18 \u00e5r.<br>\n<strong>Meritter:<\/strong> 3 x Norgesmester - 2008, 2010 og 2013.<br>\n3 x Norgescupmester - 2008, 2009 og 2010.<br>\n1 x NM s\u00f8lv - 2012.<br>\n1 x NC s\u00f8lv - 2011.<br>\n3 x NM bronsje - 2005, 2009 og 2011.<br>\n1 x NC bronsje - 2006.<\/p>\n<p>Kj\u00f8rer Carrera Cup Scandianvia sammen med to andre f\u00f8rere og biler som representerer Norge. Deltok for f\u00f8rste gang i fjor etter noen \u00e5rs opphold i racing - det endte med en sammelagt 3. plass i Carrera Cup Scandinavia Approved, noe vi er veldig godt forn\u00f8yd med. Stiller p\u00e5 nytt i \u00e5r med samme bil og team - g\u00e5r for seier!!<\/p>\n<p>I og med jeg n\u00e6rmest er oppvokst p\u00e5 ski i Rauland og driver med utvikling og bygging av hytter her og har gjort i 15 \u00e5r ser jeg veldig frem til samarbeid med visitrauland.com, visittelemark.no, Rauland Skisenter, Rauland H\u00f8gfjellshotel, Raulandsfjell, Rauland Invest og skiin.no denne racingsesongen! \ud83d\ude42<\/p>\n<\/div><hr class=\"x-gap\" style=\"margin: 50px 0 0 0;\"><\/div><\/div><\/div><style>.lazy-loader-background-element-1.lazyloaded{ background-image: url(https:\/\/visitrauland.com\/racing\/wp-content\/uploads\/sites\/80\/2019\/05\/powerclimb-6_1920.jpg); background-color: hsla(14, 87%, 55%, 0); }<\/style><noscript><style>.lazy-loader-background-element-1.lazyload{ background-image: url(https:\/\/visitrauland.com\/racing\/wp-content\/uploads\/sites\/80\/2019\/05\/powerclimb-6_1920.jpg); background-color: hsla(14, 87%, 55%, 0); }<\/style><\/noscript><div id=\"x-section-3\" class=\"x-section bg-image parallax lazyload lazy-loader-background-element-1 \" style=\"margin: 0px;padding: 25px 0px 65px;  \" data-x-element=\"section\" data-x-params=\"{&quot;type&quot;:&quot;image&quot;,&quot;parallax&quot;:true}\"><div id class=\"x-container max width\" style=\"margin: 0px auto;padding: 0px;\"><div class=\"x-column x-sm x-1-1\" style=\"padding: 0px;\"><hr class=\"x-gap\" style=\"margin: 400px 0 0 0;\"><\/div><\/div><\/div><div id=\"x-section-4\" class=\"x-section\" style=\"margin: 0px;padding: 45px 0px; background-color: transparent;\"><div id class=\"x-container max width\" style=\"margin: 0px auto;padding: 0px;\"><div class=\"x-column x-sm x-1-1\" style=\"padding: 0px;\"><h2 class=\"h-custom-headline h3\"><span>Aktuelt<\/span><\/h2><hr class=\"x-gap\" style=\"margin: 50px 0 0 0;\"><!-- The Grid Plugin Version 2.8.1 --><div class=\"tg-error-msg\" data-grid-name=\"Aktuelt - forside\">Ikke noe nytt \u00e5 vise akkurat n\u00e5.\n<\/div><\/div><\/div><\/div><\/div>\n","protected":false},"excerpt":{"rendered":"<p>&nbsp;Bil: Bil: Porsche 991 GT3 Cup \u00c5rsmodell: 2017 Effekt: 460 hk Vekt: 1200 kg 0-100 km\/t: Ca. 3 sek Fabrikk bygd l\u00f8psbil fra Porsche Motorsport i Stuttgart og Weissach. Disse bilene kj\u00f8res i forskjellige Carrera Cuper syv forskjellige steder rundt i verden &#8211; Tyskland, Asia, Frankrike, Storbritannia, Italia, Japan, Skandinavia og Australia. I tillegg kj\u00f8res bilen i Supercup som f\u00f8lger &#8230; <\/p>\n<div><a href=\"https:\/\/visitrauland.com\/racing\/\" class=\"more-link\">Les Mer<\/a><\/div>\n","protected":false},"author":3,"featured_media":0,"parent":0,"menu_order":0,"comment_status":"closed","ping_status":"closed","template":"template-sites.php","meta":{"_relevanssi_hide_post":"","_relevanssi_hide_content":"","_relevanssi_pin_for_all":"","_relevanssi_pin_keywords":"","_relevanssi_unpin_keywords":"","_relevanssi_related_keywords":"","_relevanssi_related_include_ids":"","_relevanssi_related_exclude_ids":"","_relevanssi_related_no_append":"","_relevanssi_related_not_related":"","_relevanssi_related_posts":"","_relevanssi_noindex_reason":"","seo_booster_metabox":"","footnotes":""},"class_list":["post-339","page","type-page","status-publish","hentry","no-post-thumbnail"],"yoast_head":"<!-- This site is optimized with the Yoast SEO plugin v27.5 - https:\/\/yoast.com\/product\/yoast-seo-wordpress\/ -->\n<title>Racing - Rauland + Racing = Sant!<\/title>\n<meta name=\"robots\" content=\"index, follow, max-snippet:-1, max-image-preview:large, max-video-preview:-1\" \/>\n<link rel=\"canonical\" href=\"https:\/\/visitrauland.com\/racing\/\" \/>\n<meta property=\"og:locale\" content=\"nb_NO\" \/>\n<meta property=\"og:type\" content=\"article\" \/>\n<meta property=\"og:title\" content=\"Racing - Rauland + Racing = Sant!\" \/>\n<meta property=\"og:description\" content=\"&nbsp;Bil: Bil: Porsche 991 GT3 Cup \u00c5rsmodell: 2017 Effekt: 460 hk Vekt: 1200 kg 0-100 km\/t: Ca. 3 sek Fabrikk bygd l\u00f8psbil fra Porsche Motorsport i Stuttgart og Weissach. Disse bilene kj\u00f8res i forskjellige Carrera Cuper syv forskjellige steder rundt i verden - Tyskland, Asia, Frankrike, Storbritannia, Italia, Japan, Skandinavia og Australia. I tillegg kj\u00f8res bilen i Supercup som f\u00f8lger ... Les Mer\" \/>\n<meta property=\"og:url\" content=\"https:\/\/visitrauland.com\/racing\/\" \/>\n<meta property=\"og:site_name\" content=\"Rauland + Racing = Sant!\" \/>\n<meta property=\"article:modified_time\" content=\"2025-01-29T22:41:01+00:00\" \/>\n<meta property=\"og:image\" content=\"https:\/\/visitrauland.com\/racing\/wp-content\/uploads\/sites\/80\/2019\/05\/1pccs190504-606.jpg\" \/>\n\t<meta property=\"og:image:width\" content=\"1920\" \/>\n\t<meta property=\"og:image:height\" content=\"1080\" \/>\n\t<meta property=\"og:image:type\" content=\"image\/jpeg\" \/>\n<meta name=\"twitter:card\" content=\"summary_large_image\" \/>\n<meta name=\"twitter:label1\" content=\"Ansl. lesetid\" \/>\n\t<meta name=\"twitter:data1\" content=\"4 minutter\" \/>\n<script type=\"application\/ld+json\" class=\"yoast-schema-graph\">{\"@context\":\"https:\\\/\\\/schema.org\",\"@graph\":[{\"@type\":\"WebPage\",\"@id\":\"https:\\\/\\\/visitrauland.com\\\/racing\\\/\",\"url\":\"https:\\\/\\\/visitrauland.com\\\/racing\\\/\",\"name\":\"Racing - Rauland + Racing = Sant!\",\"isPartOf\":{\"@id\":\"https:\\\/\\\/visitrauland.com\\\/racing\\\/#website\"},\"primaryImageOfPage\":{\"@id\":\"https:\\\/\\\/visitrauland.com\\\/racing\\\/#primaryimage\"},\"image\":{\"@id\":\"https:\\\/\\\/visitrauland.com\\\/racing\\\/#primaryimage\"},\"thumbnailUrl\":\"https:\\\/\\\/visitrauland.com\\\/racing\\\/wp-content\\\/uploads\\\/sites\\\/80\\\/2019\\\/05\\\/1pccs190504-606.jpg\",\"datePublished\":\"2017-10-30T17:03:03+00:00\",\"dateModified\":\"2025-01-29T22:41:01+00:00\",\"breadcrumb\":{\"@id\":\"https:\\\/\\\/visitrauland.com\\\/racing\\\/#breadcrumb\"},\"inLanguage\":\"nb-NO\",\"potentialAction\":[{\"@type\":\"ReadAction\",\"target\":[\"https:\\\/\\\/visitrauland.com\\\/racing\\\/\"]}]},{\"@type\":\"ImageObject\",\"inLanguage\":\"nb-NO\",\"@id\":\"https:\\\/\\\/visitrauland.com\\\/racing\\\/#primaryimage\",\"url\":\"https:\\\/\\\/visitrauland.com\\\/racing\\\/wp-content\\\/uploads\\\/sites\\\/80\\\/2019\\\/05\\\/1pccs190504-606.jpg\",\"contentUrl\":\"https:\\\/\\\/visitrauland.com\\\/racing\\\/wp-content\\\/uploads\\\/sites\\\/80\\\/2019\\\/05\\\/1pccs190504-606.jpg\",\"width\":1920,\"height\":1080,\"caption\":\"Oransje Porsche racerbil i fart p\u00e5 grusdekke under l\u00f8p p\u00e5 Rudskogen Motorsenter i Norge.\"},{\"@type\":\"BreadcrumbList\",\"@id\":\"https:\\\/\\\/visitrauland.com\\\/racing\\\/#breadcrumb\",\"itemListElement\":[{\"@type\":\"ListItem\",\"position\":1,\"name\":\"Hjem\",\"item\":\"https:\\\/\\\/visitrauland.com\\\/racing\\\/\"},{\"@type\":\"ListItem\",\"position\":2,\"name\":\"Racing\"}]},{\"@type\":\"WebSite\",\"@id\":\"https:\\\/\\\/visitrauland.com\\\/racing\\\/#website\",\"url\":\"https:\\\/\\\/visitrauland.com\\\/racing\\\/\",\"name\":\"Rauland + Racing = Sant!\",\"description\":\"3 hytter med flott utsikt over Lognvikvatn\",\"potentialAction\":[{\"@type\":\"SearchAction\",\"target\":{\"@type\":\"EntryPoint\",\"urlTemplate\":\"https:\\\/\\\/visitrauland.com\\\/racing\\\/?s={search_term_string}\"},\"query-input\":{\"@type\":\"PropertyValueSpecification\",\"valueRequired\":true,\"valueName\":\"search_term_string\"}}],\"inLanguage\":\"nb-NO\"}]}<\/script>\n<!-- \/ Yoast SEO plugin. -->","yoast_head_json":{"title":"Racing - Rauland + Racing = Sant!","robots":{"index":"index","follow":"follow","max-snippet":"max-snippet:-1","max-image-preview":"max-image-preview:large","max-video-preview":"max-video-preview:-1"},"canonical":"https:\/\/visitrauland.com\/racing\/","og_locale":"nb_NO","og_type":"article","og_title":"Racing - Rauland + Racing = Sant!","og_description":"&nbsp;Bil: Bil: Porsche 991 GT3 Cup \u00c5rsmodell: 2017 Effekt: 460 hk Vekt: 1200 kg 0-100 km\/t: Ca. 3 sek Fabrikk bygd l\u00f8psbil fra Porsche Motorsport i Stuttgart og Weissach. Disse bilene kj\u00f8res i forskjellige Carrera Cuper syv forskjellige steder rundt i verden - Tyskland, Asia, Frankrike, Storbritannia, Italia, Japan, Skandinavia og Australia. I tillegg kj\u00f8res bilen i Supercup som f\u00f8lger ... Les Mer","og_url":"https:\/\/visitrauland.com\/racing\/","og_site_name":"Rauland + Racing = Sant!","article_modified_time":"2025-01-29T22:41:01+00:00","og_image":[{"width":1920,"height":1080,"url":"https:\/\/visitrauland.com\/racing\/wp-content\/uploads\/sites\/80\/2019\/05\/1pccs190504-606.jpg","type":"image\/jpeg"}],"twitter_card":"summary_large_image","twitter_misc":{"Ansl. lesetid":"4 minutter"},"schema":{"@context":"https:\/\/schema.org","@graph":[{"@type":"WebPage","@id":"https:\/\/visitrauland.com\/racing\/","url":"https:\/\/visitrauland.com\/racing\/","name":"Racing - Rauland + Racing = Sant!","isPartOf":{"@id":"https:\/\/visitrauland.com\/racing\/#website"},"primaryImageOfPage":{"@id":"https:\/\/visitrauland.com\/racing\/#primaryimage"},"image":{"@id":"https:\/\/visitrauland.com\/racing\/#primaryimage"},"thumbnailUrl":"https:\/\/visitrauland.com\/racing\/wp-content\/uploads\/sites\/80\/2019\/05\/1pccs190504-606.jpg","datePublished":"2017-10-30T17:03:03+00:00","dateModified":"2025-01-29T22:41:01+00:00","breadcrumb":{"@id":"https:\/\/visitrauland.com\/racing\/#breadcrumb"},"inLanguage":"nb-NO","potentialAction":[{"@type":"ReadAction","target":["https:\/\/visitrauland.com\/racing\/"]}]},{"@type":"ImageObject","inLanguage":"nb-NO","@id":"https:\/\/visitrauland.com\/racing\/#primaryimage","url":"https:\/\/visitrauland.com\/racing\/wp-content\/uploads\/sites\/80\/2019\/05\/1pccs190504-606.jpg","contentUrl":"https:\/\/visitrauland.com\/racing\/wp-content\/uploads\/sites\/80\/2019\/05\/1pccs190504-606.jpg","width":1920,"height":1080,"caption":"Oransje Porsche racerbil i fart p\u00e5 grusdekke under l\u00f8p p\u00e5 Rudskogen Motorsenter i Norge."},{"@type":"BreadcrumbList","@id":"https:\/\/visitrauland.com\/racing\/#breadcrumb","itemListElement":[{"@type":"ListItem","position":1,"name":"Hjem","item":"https:\/\/visitrauland.com\/racing\/"},{"@type":"ListItem","position":2,"name":"Racing"}]},{"@type":"WebSite","@id":"https:\/\/visitrauland.com\/racing\/#website","url":"https:\/\/visitrauland.com\/racing\/","name":"Rauland + Racing = Sant!","description":"3 hytter med flott utsikt over Lognvikvatn","potentialAction":[{"@type":"SearchAction","target":{"@type":"EntryPoint","urlTemplate":"https:\/\/visitrauland.com\/racing\/?s={search_term_string}"},"query-input":{"@type":"PropertyValueSpecification","valueRequired":true,"valueName":"search_term_string"}}],"inLanguage":"nb-NO"}]}},"_links":{"self":[{"href":"https:\/\/visitrauland.com\/racing\/wp-json\/wp\/v2\/pages\/339","targetHints":{"allow":["GET"]}}],"collection":[{"href":"https:\/\/visitrauland.com\/racing\/wp-json\/wp\/v2\/pages"}],"about":[{"href":"https:\/\/visitrauland.com\/racing\/wp-json\/wp\/v2\/types\/page"}],"author":[{"embeddable":true,"href":"https:\/\/visitrauland.com\/racing\/wp-json\/wp\/v2\/users\/3"}],"replies":[{"embeddable":true,"href":"https:\/\/visitrauland.com\/racing\/wp-json\/wp\/v2\/comments?post=339"}],"version-history":[{"count":8,"href":"https:\/\/visitrauland.com\/racing\/wp-json\/wp\/v2\/pages\/339\/revisions"}],"predecessor-version":[{"id":1936,"href":"https:\/\/visitrauland.com\/racing\/wp-json\/wp\/v2\/pages\/339\/revisions\/1936"}],"wp:attachment":[{"href":"https:\/\/visitrauland.com\/racing\/wp-json\/wp\/v2\/media?parent=339"}],"curies":[{"name":"wp","href":"https:\/\/api.w.org\/{rel}","templated":true}]}}