{"id":339,"date":"2017-10-30T18:03:03","date_gmt":"2017-10-30T17:03:03","guid":{"rendered":"https:\/\/visitrauland.com\/lega\/?page_id=339"},"modified":"2026-02-11T14:42:44","modified_gmt":"2026-02-11T13:42:44","slug":"lega","status":"publish","type":"page","link":"https:\/\/visitrauland.com\/lega\/","title":{"rendered":"Lega Ysteri og Bakeri"},"content":{"rendered":"<div id=\"cs-content\" class=\"cs-content\"><div class=\"x-section e339-e1 m9f-0 m9f-1 m9f-2 m9f-3 hero-2026\"><div class=\"x-bg\" aria-hidden=\"true\"><div class=\"x-bg-layer-lower-image\"><\/div><div class=\"x-bg-layer-upper-color\"><\/div><\/div><div class=\"x-div e339-e2 m9f-a m9f-b m9f-c m9f-d\"><div class=\"x-text x-text-headline e339-e3 m9f-h m9f-i m9f-j\"><div class=\"x-text-content\"><div class=\"x-text-content-text\"><h1 class=\"x-text-content-text-primary\">Lega Ysteri og Bakeri<\/h1>\n<\/div><\/div><\/div><\/div><\/div><div id=\"x-section-1\" class=\"x-section\" style=\"margin: 0px;padding: 45px 0px; background-color: transparent;\"><div id class=\"x-container max width\" style=\"margin: 0px auto;padding: 0px;\"><div class=\"x-column x-sm x-2-3\" style=\"padding: 0px;\"><div id class=\"x-text text-24px underhero-text\" style><h5 class=\"av-special-heading-tag \" itemprop=\"headline\">LEGA YSTERI, BAKERI OG KAF\u00c9 P\u00c5 RAULAND<\/h5>\n<div class=\"av-subheading av-subheading_below \">\n<p><span>Ekte brun geitost, kvit vellagra geitost, prim, flatbr\u00f8d og v\u00e5r bestselgar \u201cPizzabotn\" er noko av det du finn hj\u00e5 oss! Alt blir laga i nye flotte lokaler. Velkomen til v\u00e5r vesle butikk og kafe p\u00e5 Rauland.<\/span><\/p>\n<h6 class=\"av-special-heading-tag \" itemprop=\"headline\">Butikkutsal Rauland<\/h6>\n<div class=\"av-subheading av-subheading_below \">\n<p>Linutvegen 2<br>\nN-3864 Rauland<\/p>\n<p>Telefon 402 90 160<\/p>\n<p><span style=\"color: #ff6600;\"><strong><a href=\"mailto:gro@lega.no\" style=\"color: #ff6600;\">gro@lega.no<\/a><\/strong><\/span><\/p>\n<p><span style=\"color: #ff6600;\"><a href=\"https:\/\/lega.no\" style=\"color: #ff6600;\"><strong>\u00bb Bes\u00f8k heimeside<\/strong><\/a><\/span><\/p>\n<\/div>\n<\/div>\n<\/div><\/div><div class=\"x-column x-sm x-1-3\" style=\"padding: 0px 0px 45px;\"><noscript><img decoding=\"async\" class=\"x-img x-img-none\" src=\"https:\/\/visitrauland.com\/lega\/wp-content\/uploads\/sites\/102\/2022\/06\/gjengen-1920.jpg\"><\/noscript><img decoding=\"async\" class=\"x-img x-img-none lazyload\" src=\"data:image\/gif;base64,R0lGODlhAQABAIAAAAAAAP\/\/\/yH5BAEAAAAALAAAAAABAAEAAAIBRAA7\" data-src=\"https:\/\/visitrauland.com\/lega\/wp-content\/uploads\/sites\/102\/2022\/06\/gjengen-1920.jpg\"><noscript><img decoding=\"async\" class=\"x-img x-img-none\" src=\"https:\/\/visitrauland.com\/lega\/wp-content\/uploads\/sites\/102\/2022\/06\/lega4.jpg\"><\/noscript><img decoding=\"async\" class=\"x-img x-img-none lazyload\" src=\"data:image\/gif;base64,R0lGODlhAQABAIAAAAAAAP\/\/\/yH5BAEAAAAALAAAAAABAAEAAAIBRAA7\" data-src=\"https:\/\/visitrauland.com\/lega\/wp-content\/uploads\/sites\/102\/2022\/06\/lega4.jpg\"><\/div><\/div><\/div><div class=\"x-section e339-e11 m9f-0 m9f-2 m9f-4 m9f-5\"><div class=\"x-row e339-e12 m9f-m m9f-n m9f-o m9f-s overflow-scroll-title\"><div class=\"x-row-inner\"><div class=\"x-col e339-e13 m9f-x\"><div class=\"x-text x-text-headline e339-e14 m9f-i m9f-j m9f-k\"><div class=\"x-text-content\"><div class=\"x-text-content-text\"><h3 class=\"x-text-content-text-primary\">Siste nytt<\/h3>\n<\/div><\/div><\/div><\/div><\/div><\/div><div class=\"x-row e339-e19 m9f-m m9f-o m9f-p m9f-q m9f-t m9f-u overflow-scroll-wrapper\"><div class=\"x-row-inner\"><div class=\"x-col e339-e20 m9f-x overflow-scroll\" id=\"posts-1\"><div class=\"x-row e339-e21 m9f-m m9f-p m9f-r m9f-v overflow-scroll-posts\"><div class=\"x-row-inner\"><a class=\"x-col e339-e22 m9f-x m9f-y m9f-10 m9f-7 m9f-8 overflow-scroll-post\" href=\"https:\/\/visitrauland.com\/lega\/lega-til-topps-i-wales\/\"><figure class=\"x-div e339-e23 m9f-c m9f-d m9f-e m9f-f\"><span class=\"x-image e339-e24 m9f-15\"><noscript><img decoding=\"async\" src=\"https:\/\/visitrauland.com\/lega\/wp-content\/uploads\/sites\/102\/2022\/11\/313123114_3736166899943017_2938932559786048536_n_1920.jpg\" width=\"960\" height=\"540\" alt=\"Featured image for \u201cLEGA til topps i Wales\u201d\"><\/noscript><img decoding=\"async\" src=\"data:image\/svg+xml,%3Csvg%20xmlns%3D%22http%3A%2F%2Fwww.w3.org%2F2000%2Fsvg%22%20viewBox%3D%220%200%20960%20540%22%3E%3C%2Fsvg%3E\" width=\"960\" height=\"540\" alt=\"Featured image for \u201cLEGA til topps i Wales\u201d\" data-src=\"https:\/\/visitrauland.com\/lega\/wp-content\/uploads\/sites\/102\/2022\/11\/313123114_3736166899943017_2938932559786048536_n_1920.jpg\" class=\" lazyload\"><\/span><\/figure><article class=\"x-div e339-e25 m9f-a m9f-d m9f-f m9f-g\"><div class=\"x-text x-text-headline e339-e26 m9f-j m9f-l m9f-7 m9f-9 max-2-lines force-inter\"><div class=\"x-text-content\"><div class=\"x-text-content-text\"><h2 class=\"x-text-content-text-primary\">LEGA til topps i Wales<\/h2>\n<\/div><\/div><\/div><div class=\"x-text x-content e339-e27 m9f-13 m9f-14\">Hvert \u00e5r arrangerer den britiske stiftelsen \u00abGuild of fine food\u00bb et ostemesterskap de kaller World Cheese Awards. Her var LEGA&hellip;<\/div><\/article><\/a><a class=\"x-col e339-e22 m9f-x m9f-y m9f-10 m9f-7 m9f-8 overflow-scroll-post\" href=\"https:\/\/visitrauland.com\/lega\/vinsmaking-fra-moldova-med-smaksrike-rettar\/\"><figure class=\"x-div e339-e23 m9f-c m9f-d m9f-e m9f-f\"><span class=\"x-image e339-e24 m9f-15\"><noscript><img decoding=\"async\" src=\"https:\/\/visitrauland.com\/lega\/wp-content\/uploads\/sites\/102\/2023\/01\/IMG_2922_1920.jpg\" width=\"960\" height=\"540\" alt=\"Featured image for \u201cVinsmaking fr\u00e5 Moldova med smaksrike rettar\u201d\"><\/noscript><img decoding=\"async\" src=\"data:image\/svg+xml,%3Csvg%20xmlns%3D%22http%3A%2F%2Fwww.w3.org%2F2000%2Fsvg%22%20viewBox%3D%220%200%20960%20540%22%3E%3C%2Fsvg%3E\" width=\"960\" height=\"540\" alt=\"Featured image for \u201cVinsmaking fr\u00e5 Moldova med smaksrike rettar\u201d\" data-src=\"https:\/\/visitrauland.com\/lega\/wp-content\/uploads\/sites\/102\/2023\/01\/IMG_2922_1920.jpg\" class=\" lazyload\"><\/span><\/figure><article class=\"x-div e339-e25 m9f-a m9f-d m9f-f m9f-g\"><div class=\"x-text x-text-headline e339-e26 m9f-j m9f-l m9f-7 m9f-9 max-2-lines force-inter\"><div class=\"x-text-content\"><div class=\"x-text-content-text\"><h2 class=\"x-text-content-text-primary\">Vinsmaking fr\u00e5 Moldova med smaksrike rettar<\/h2>\n<\/div><\/div><\/div><div class=\"x-text x-content e339-e27 m9f-13 m9f-14\">I samarbeid med Nina Kittilskaas arrangerer me vinsmaking med forskjellig type rettar som anti pasti og pizza quattro formaggi inntil.&hellip;<\/div><\/article><\/a><a class=\"x-col e339-e22 m9f-x m9f-y m9f-10 m9f-7 m9f-8 overflow-scroll-post\" href=\"https:\/\/visitrauland.com\/lega\/sja-var-nye-meny-lega-bakeri-ysteri\/\"><figure class=\"x-div e339-e23 m9f-c m9f-d m9f-e m9f-f\"><span class=\"x-image e339-e24 m9f-15\"><noscript><img decoding=\"async\" src=\"https:\/\/visitrauland.com\/lega\/wp-content\/uploads\/sites\/102\/2022\/06\/pizza-vin_1920.jpg\" width=\"960\" height=\"540\" alt=\"Featured image for \u201cSj\u00e5 v\u00e5r nye meny &#8211; Lega Bakeri &#038; Ysteri\u201d\"><\/noscript><img decoding=\"async\" src=\"data:image\/svg+xml,%3Csvg%20xmlns%3D%22http%3A%2F%2Fwww.w3.org%2F2000%2Fsvg%22%20viewBox%3D%220%200%20960%20540%22%3E%3C%2Fsvg%3E\" width=\"960\" height=\"540\" alt=\"Featured image for \u201cSj\u00e5 v\u00e5r nye meny &#8211; Lega Bakeri &#038; Ysteri\u201d\" data-src=\"https:\/\/visitrauland.com\/lega\/wp-content\/uploads\/sites\/102\/2022\/06\/pizza-vin_1920.jpg\" class=\" lazyload\"><\/span><\/figure><article class=\"x-div e339-e25 m9f-a m9f-d m9f-f m9f-g\"><div class=\"x-text x-text-headline e339-e26 m9f-j m9f-l m9f-7 m9f-9 max-2-lines force-inter\"><div class=\"x-text-content\"><div class=\"x-text-content-text\"><h2 class=\"x-text-content-text-primary\">Sj\u00e5 v\u00e5r nye meny &#8211; Lega Bakeri &#038; Ysteri<\/h2>\n<\/div><\/div><\/div><div class=\"x-text x-content e339-e27 m9f-13 m9f-14\">Meny Lega 2023&hellip;<\/div><\/article><\/a><\/div><\/div><\/div><div class=\"x-col e339-e28 m9f-x\"><div id=\"post-1-progress-bar\"><\/div><\/div><\/div><\/div><\/div><div class=\"x-section e339-e30 m9f-0 m9f-3 m9f-4 m9f-6\"><div class=\"x-bg\" aria-hidden=\"true\"><div class=\"x-bg-layer-lower-image\" data-x-element-bg-layer=\"{&quot;parallaxSize&quot;:&quot;150%&quot;,&quot;parallaxDir&quot;:&quot;v&quot;,&quot;parallaxRev&quot;:false}\"><\/div><\/div><div class=\"x-row x-container max width e339-e31 m9f-m m9f-o m9f-p m9f-q m9f-t m9f-w\"><div class=\"x-row-inner\"><div class=\"x-col e339-e32 m9f-x\"><\/div><\/div><\/div><\/div><\/div>\n","protected":false},"excerpt":{"rendered":"<p>Lega Ysteri og Bakeri LEGA YSTERI, BAKERI OG KAF\u00c9 P\u00c5 RAULAND Ekte brun geitost, kvit vellagra geitost, prim, flatbr\u00f8d og v\u00e5r bestselgar \u201cPizzabotn&raquo; er noko av det du finn hj\u00e5 oss! Alt blir laga i nye flotte lokaler. Velkomen til v\u00e5r vesle butikk og kafe p\u00e5 Rauland. Butikkutsal Rauland Linutvegen 2 N-3864 Rauland Telefon 402 90 160 gro@lega.no \u00bb Bes\u00f8k &#8230; <\/p>\n<div><a href=\"https:\/\/visitrauland.com\/lega\/\" class=\"more-link\">Les Mer<\/a><\/div>\n","protected":false},"author":3,"featured_media":0,"parent":0,"menu_order":0,"comment_status":"closed","ping_status":"closed","template":"template-sites.php","meta":{"_relevanssi_hide_post":"","_relevanssi_hide_content":"","_relevanssi_pin_for_all":"","_relevanssi_pin_keywords":"","_relevanssi_unpin_keywords":"","_relevanssi_related_keywords":"","_relevanssi_related_include_ids":"","_relevanssi_related_exclude_ids":"","_relevanssi_related_no_append":"","_relevanssi_related_not_related":"","_relevanssi_related_posts":"2030,2003,2024","_relevanssi_noindex_reason":"","seo_booster_metabox":"","footnotes":""},"class_list":["post-339","page","type-page","status-publish","hentry","no-post-thumbnail"],"yoast_head":"<!-- This site is optimized with the Yoast SEO plugin v27.2 - https:\/\/yoast.com\/product\/yoast-seo-wordpress\/ -->\n<title>Lega Ysteri og Bakeri - Lega Ysteri og bakeri<\/title>\n<meta name=\"description\" content=\"Ekte geitost, prim, flatbr\u00f8d og pizzabotn er noko av det du finn hj\u00e5 oss.\" \/>\n<meta name=\"robots\" content=\"index, follow, max-snippet:-1, max-image-preview:large, max-video-preview:-1\" \/>\n<link rel=\"canonical\" href=\"https:\/\/visitrauland.com\/lega\/\" \/>\n<meta property=\"og:locale\" content=\"nb_NO\" \/>\n<meta property=\"og:type\" content=\"article\" \/>\n<meta property=\"og:title\" content=\"Lega Ysteri og Bakeri - Lega Ysteri og bakeri\" \/>\n<meta property=\"og:description\" content=\"Ekte geitost, prim, flatbr\u00f8d og pizzabotn er noko av det du finn hj\u00e5 oss.\" \/>\n<meta property=\"og:url\" content=\"https:\/\/visitrauland.com\/lega\/\" \/>\n<meta property=\"og:site_name\" content=\"Lega Ysteri og bakeri\" \/>\n<meta property=\"article:modified_time\" content=\"2026-02-11T13:42:44+00:00\" \/>\n<meta name=\"twitter:card\" content=\"summary_large_image\" \/>\n<meta name=\"twitter:label1\" content=\"Ansl. lesetid\" \/>\n\t<meta name=\"twitter:data1\" content=\"4 minutter\" \/>\n<script type=\"application\/ld+json\" class=\"yoast-schema-graph\">{\"@context\":\"https:\/\/schema.org\",\"@graph\":[{\"@type\":\"WebPage\",\"@id\":\"https:\/\/visitrauland.com\/lega\/\",\"url\":\"https:\/\/visitrauland.com\/lega\/\",\"name\":\"Lega Ysteri og Bakeri - Lega Ysteri og bakeri\",\"isPartOf\":{\"@id\":\"https:\/\/visitrauland.com\/lega\/#website\"},\"datePublished\":\"2017-10-30T17:03:03+00:00\",\"dateModified\":\"2026-02-11T13:42:44+00:00\",\"description\":\"Ekte geitost, prim, flatbr\u00f8d og pizzabotn er noko av det du finn hj\u00e5 oss.\",\"breadcrumb\":{\"@id\":\"https:\/\/visitrauland.com\/lega\/#breadcrumb\"},\"inLanguage\":\"nb-NO\",\"potentialAction\":[{\"@type\":\"ReadAction\",\"target\":[\"https:\/\/visitrauland.com\/lega\/\"]}]},{\"@type\":\"BreadcrumbList\",\"@id\":\"https:\/\/visitrauland.com\/lega\/#breadcrumb\",\"itemListElement\":[{\"@type\":\"ListItem\",\"position\":1,\"name\":\"Hjem\",\"item\":\"https:\/\/visitrauland.com\/lega\/\"},{\"@type\":\"ListItem\",\"position\":2,\"name\":\"Lega Ysteri og Bakeri\"}]},{\"@type\":\"WebSite\",\"@id\":\"https:\/\/visitrauland.com\/lega\/#website\",\"url\":\"https:\/\/visitrauland.com\/lega\/\",\"name\":\"Lega Ysteri og bakeri\",\"description\":\"3 hytter med flott utsikt over Lognvikvatn\",\"potentialAction\":[{\"@type\":\"SearchAction\",\"target\":{\"@type\":\"EntryPoint\",\"urlTemplate\":\"https:\/\/visitrauland.com\/lega\/?s={search_term_string}\"},\"query-input\":{\"@type\":\"PropertyValueSpecification\",\"valueRequired\":true,\"valueName\":\"search_term_string\"}}],\"inLanguage\":\"nb-NO\"}]}<\/script>\n<!-- \/ Yoast SEO plugin. -->","yoast_head_json":{"title":"Lega Ysteri og Bakeri - Lega Ysteri og bakeri","description":"Ekte geitost, prim, flatbr\u00f8d og pizzabotn er noko av det du finn hj\u00e5 oss.","robots":{"index":"index","follow":"follow","max-snippet":"max-snippet:-1","max-image-preview":"max-image-preview:large","max-video-preview":"max-video-preview:-1"},"canonical":"https:\/\/visitrauland.com\/lega\/","og_locale":"nb_NO","og_type":"article","og_title":"Lega Ysteri og Bakeri - Lega Ysteri og bakeri","og_description":"Ekte geitost, prim, flatbr\u00f8d og pizzabotn er noko av det du finn hj\u00e5 oss.","og_url":"https:\/\/visitrauland.com\/lega\/","og_site_name":"Lega Ysteri og bakeri","article_modified_time":"2026-02-11T13:42:44+00:00","twitter_card":"summary_large_image","twitter_misc":{"Ansl. lesetid":"4 minutter"},"schema":{"@context":"https:\/\/schema.org","@graph":[{"@type":"WebPage","@id":"https:\/\/visitrauland.com\/lega\/","url":"https:\/\/visitrauland.com\/lega\/","name":"Lega Ysteri og Bakeri - Lega Ysteri og bakeri","isPartOf":{"@id":"https:\/\/visitrauland.com\/lega\/#website"},"datePublished":"2017-10-30T17:03:03+00:00","dateModified":"2026-02-11T13:42:44+00:00","description":"Ekte geitost, prim, flatbr\u00f8d og pizzabotn er noko av det du finn hj\u00e5 oss.","breadcrumb":{"@id":"https:\/\/visitrauland.com\/lega\/#breadcrumb"},"inLanguage":"nb-NO","potentialAction":[{"@type":"ReadAction","target":["https:\/\/visitrauland.com\/lega\/"]}]},{"@type":"BreadcrumbList","@id":"https:\/\/visitrauland.com\/lega\/#breadcrumb","itemListElement":[{"@type":"ListItem","position":1,"name":"Hjem","item":"https:\/\/visitrauland.com\/lega\/"},{"@type":"ListItem","position":2,"name":"Lega Ysteri og Bakeri"}]},{"@type":"WebSite","@id":"https:\/\/visitrauland.com\/lega\/#website","url":"https:\/\/visitrauland.com\/lega\/","name":"Lega Ysteri og bakeri","description":"3 hytter med flott utsikt over Lognvikvatn","potentialAction":[{"@type":"SearchAction","target":{"@type":"EntryPoint","urlTemplate":"https:\/\/visitrauland.com\/lega\/?s={search_term_string}"},"query-input":{"@type":"PropertyValueSpecification","valueRequired":true,"valueName":"search_term_string"}}],"inLanguage":"nb-NO"}]}},"_links":{"self":[{"href":"https:\/\/visitrauland.com\/lega\/wp-json\/wp\/v2\/pages\/339","targetHints":{"allow":["GET"]}}],"collection":[{"href":"https:\/\/visitrauland.com\/lega\/wp-json\/wp\/v2\/pages"}],"about":[{"href":"https:\/\/visitrauland.com\/lega\/wp-json\/wp\/v2\/types\/page"}],"author":[{"embeddable":true,"href":"https:\/\/visitrauland.com\/lega\/wp-json\/wp\/v2\/users\/3"}],"replies":[{"embeddable":true,"href":"https:\/\/visitrauland.com\/lega\/wp-json\/wp\/v2\/comments?post=339"}],"version-history":[{"count":25,"href":"https:\/\/visitrauland.com\/lega\/wp-json\/wp\/v2\/pages\/339\/revisions"}],"predecessor-version":[{"id":2063,"href":"https:\/\/visitrauland.com\/lega\/wp-json\/wp\/v2\/pages\/339\/revisions\/2063"}],"wp:attachment":[{"href":"https:\/\/visitrauland.com\/lega\/wp-json\/wp\/v2\/media?parent=339"}],"curies":[{"name":"wp","href":"https:\/\/api.w.org\/{rel}","templated":true}]}}