{"id":339,"date":"2017-10-30T18:03:03","date_gmt":"2017-10-30T17:03:03","guid":{"rendered":"https:\/\/visitrauland.com\/krossenpub\/?page_id=339"},"modified":"2026-02-11T13:42:18","modified_gmt":"2026-02-11T12:42:18","slug":"krossenpub-2","status":"publish","type":"page","link":"https:\/\/visitrauland.com\/krossenpub\/","title":{"rendered":"Krossen Pub"},"content":{"rendered":"<div id=\"cs-content\" class=\"cs-content\"><div class=\"x-section e339-e1 m9f-0 m9f-1 hero-2026\"><div class=\"x-bg\" aria-hidden=\"true\"><div class=\"x-bg-layer-lower-image\"><\/div><div class=\"x-bg-layer-upper-color\"><\/div><\/div><div class=\"x-div e339-e2 m9f-6 m9f-7 m9f-8 m9f-9\"><div class=\"x-text x-text-headline e339-e3 m9f-d m9f-e m9f-f\"><div class=\"x-text-content\"><div class=\"x-text-content-text\"><h1 class=\"x-text-content-text-primary\">Krossen Pub i nye lokaler<\/h1>\n<\/div><\/div><\/div><\/div><\/div><div id=\"x-section-1\" class=\"x-section text-24px underhero-text\" style=\"margin: 0px;padding: 45px 0px; background-color: transparent;\"><div id class=\"x-container max width\" style=\"margin: 0px auto;padding: 0px;\"><div class=\"x-column x-sm x-1-2\" style=\"padding: 0px;\"><div id class=\"x-text\" style><p><strong>Velkommen til Krossen Pub!<\/strong><\/p>\n<p><a href=\"https:\/\/www.facebook.com\/KrossenPub\/about_profile_transparency?locale=nb_NO\" target=\"_blank\" rel=\"noopener\"><strong>Sj\u00e5 v\u00e5re \u00e5pningstider<\/strong><\/a><\/p>\n<p>Med har tilgjengelig vors- og nachbilen, som henter gjester og bringer dei heim att i nattetimane. Me k\u00f8yrer sentralt i Rauland (Raulandsgrend, Vierli, Nesland, Austb\u00f8 etc.)<\/p>\n<p><strong>Kontaktinformasjon<\/strong><\/p>\n<p>Tlf. 910 07 413&nbsp;<br>\nAdresse: Setali 3, 3864 Rauland<\/p>\n<p><a href=\"https:\/\/www.facebook.com\/KrossenPub\"><strong>F\u00f8lg oss p\u00e5 Facebook<\/strong><\/a><\/p>\n<\/div><\/div><div class=\"x-column x-sm x-1-2\" style=\"padding: 0px;\"><hr class=\"x-gap\" style=\"margin: 50px 0 0 0;\"><div id class=\"x-text\" style><p><noscript><img decoding=\"async\" src=\"https:\/\/visitrauland.com\/krossenpub\/wp-content\/uploads\/sites\/84\/2019\/12\/78573273_2542140542534313_2957461093582110720_o.jpg\" alt=\"Koselig treinteri\u00f8r med peis i skandinavisk design, lyssetting og trepanel.\" width=\"1536\" height=\"2048\" class=\"alignnone size-full wp-image-1868\" srcset=\"https:\/\/visitrauland.com\/krossenpub\/wp-content\/uploads\/sites\/84\/2019\/12\/78573273_2542140542534313_2957461093582110720_o.jpg 1536w, https:\/\/visitrauland.com\/krossenpub\/wp-content\/uploads\/sites\/84\/2019\/12\/78573273_2542140542534313_2957461093582110720_o-225x300.jpg 225w, https:\/\/visitrauland.com\/krossenpub\/wp-content\/uploads\/sites\/84\/2019\/12\/78573273_2542140542534313_2957461093582110720_o-768x1024.jpg 768w, https:\/\/visitrauland.com\/krossenpub\/wp-content\/uploads\/sites\/84\/2019\/12\/78573273_2542140542534313_2957461093582110720_o-1152x1536.jpg 1152w, https:\/\/visitrauland.com\/krossenpub\/wp-content\/uploads\/sites\/84\/2019\/12\/78573273_2542140542534313_2957461093582110720_o-500x667.jpg 500w, https:\/\/visitrauland.com\/krossenpub\/wp-content\/uploads\/sites\/84\/2019\/12\/78573273_2542140542534313_2957461093582110720_o-100x133.jpg 100w, https:\/\/visitrauland.com\/krossenpub\/wp-content\/uploads\/sites\/84\/2019\/12\/78573273_2542140542534313_2957461093582110720_o-862x1149.jpg 862w, https:\/\/visitrauland.com\/krossenpub\/wp-content\/uploads\/sites\/84\/2019\/12\/78573273_2542140542534313_2957461093582110720_o-1200x1600.jpg 1200w\" sizes=\"(max-width: 1536px) 100vw, 1536px\"><\/noscript><img decoding=\"async\" src=\"data:image\/svg+xml,%3Csvg%20xmlns%3D%22http%3A%2F%2Fwww.w3.org%2F2000%2Fsvg%22%20viewBox%3D%220%200%201536%202048%22%3E%3C%2Fsvg%3E\" alt=\"Koselig treinteri\u00f8r med peis i skandinavisk design, lyssetting og trepanel.\" width=\"1536\" height=\"2048\" class=\"alignnone size-full wp-image-1868 lazyload\" srcset=\"data:image\/svg+xml,%3Csvg%20xmlns%3D%22http%3A%2F%2Fwww.w3.org%2F2000%2Fsvg%22%20viewBox%3D%220%200%201536%202048%22%3E%3C%2Fsvg%3E 1536w\" sizes=\"(max-width: 1536px) 100vw, 1536px\" data-srcset=\"https:\/\/visitrauland.com\/krossenpub\/wp-content\/uploads\/sites\/84\/2019\/12\/78573273_2542140542534313_2957461093582110720_o.jpg 1536w, https:\/\/visitrauland.com\/krossenpub\/wp-content\/uploads\/sites\/84\/2019\/12\/78573273_2542140542534313_2957461093582110720_o-225x300.jpg 225w, https:\/\/visitrauland.com\/krossenpub\/wp-content\/uploads\/sites\/84\/2019\/12\/78573273_2542140542534313_2957461093582110720_o-768x1024.jpg 768w, https:\/\/visitrauland.com\/krossenpub\/wp-content\/uploads\/sites\/84\/2019\/12\/78573273_2542140542534313_2957461093582110720_o-1152x1536.jpg 1152w, https:\/\/visitrauland.com\/krossenpub\/wp-content\/uploads\/sites\/84\/2019\/12\/78573273_2542140542534313_2957461093582110720_o-500x667.jpg 500w, https:\/\/visitrauland.com\/krossenpub\/wp-content\/uploads\/sites\/84\/2019\/12\/78573273_2542140542534313_2957461093582110720_o-100x133.jpg 100w, https:\/\/visitrauland.com\/krossenpub\/wp-content\/uploads\/sites\/84\/2019\/12\/78573273_2542140542534313_2957461093582110720_o-862x1149.jpg 862w, https:\/\/visitrauland.com\/krossenpub\/wp-content\/uploads\/sites\/84\/2019\/12\/78573273_2542140542534313_2957461093582110720_o-1200x1600.jpg 1200w\" data-src=\"https:\/\/visitrauland.com\/krossenpub\/wp-content\/uploads\/sites\/84\/2019\/12\/78573273_2542140542534313_2957461093582110720_o.jpg\"><\/p>\n<\/div><hr class=\"x-gap\" style=\"margin: 50px 0 0 0;\"><\/div><\/div><\/div><div class=\"x-section e339-e12 m9f-0 m9f-2\"><div class=\"x-row e339-e13 m9f-i m9f-j m9f-k m9f-o overflow-scroll-title\"><div class=\"x-row-inner\"><div class=\"x-col e339-e14 m9f-r\"><div class=\"x-text x-text-headline e339-e15 m9f-e m9f-f m9f-g\"><div class=\"x-text-content\"><div class=\"x-text-content-text\"><h3 class=\"x-text-content-text-primary\">Siste nytt<\/h3>\n<\/div><\/div><\/div><\/div><\/div><\/div><div class=\"x-row e339-e20 m9f-i m9f-k m9f-l m9f-m m9f-p overflow-scroll-wrapper\"><div class=\"x-row-inner\"><div class=\"x-col e339-e21 m9f-r overflow-scroll\" id=\"posts-1\"><div class=\"x-row e339-e22 m9f-i m9f-l m9f-n m9f-q overflow-scroll-posts\"><div class=\"x-row-inner\"><a class=\"x-col e339-e23 m9f-r m9f-s m9f-u m9f-3 m9f-4 overflow-scroll-post\" href=\"https:\/\/visitrauland.com\/krossenpub\/steinar-sandes-invisible-band-live-pa-krossen-pub\/\"><figure class=\"x-div e339-e24 m9f-8 m9f-9 m9f-a m9f-b\"><span class=\"x-image e339-e25 m9f-z\"><noscript><img decoding=\"async\" src=\"https:\/\/visitrauland.com\/krossenpub\/wp-content\/uploads\/sites\/84\/2025\/09\/Sande1_1920_1758142596-862x485_1758720482.jpg\" width=\"431\" height=\"242\" alt=\"Featured image for \u201cSteinar Sandes Invisible Band live p\u00e5 Krossen Pub\u201d\"><\/noscript><img decoding=\"async\" src=\"data:image\/svg+xml,%3Csvg%20xmlns%3D%22http%3A%2F%2Fwww.w3.org%2F2000%2Fsvg%22%20viewBox%3D%220%200%20431%20242%22%3E%3C%2Fsvg%3E\" width=\"431\" height=\"242\" alt=\"Featured image for \u201cSteinar Sandes Invisible Band live p\u00e5 Krossen Pub\u201d\" data-src=\"https:\/\/visitrauland.com\/krossenpub\/wp-content\/uploads\/sites\/84\/2025\/09\/Sande1_1920_1758142596-862x485_1758720482.jpg\" class=\" lazyload\"><\/span><\/figure><article class=\"x-div e339-e26 m9f-6 m9f-9 m9f-b m9f-c\"><div class=\"x-text x-text-headline e339-e27 m9f-f m9f-h m9f-3 m9f-5 max-2-lines force-inter\"><div class=\"x-text-content\"><div class=\"x-text-content-text\"><h2 class=\"x-text-content-text-primary\">Steinar Sandes Invisible Band live p\u00e5 Krossen Pub<\/h2>\n<\/div><\/div><\/div><div class=\"x-text x-content e339-e28 m9f-x m9f-y\">L\u00f8rdag 4. oktober inviterer Krossen Pub i Rauland til en kveld med trubadur og underholdning fra Steinar Sandes Invisible Band.\u2026<\/div><\/article><\/a><\/div><\/div><\/div><div class=\"x-col e339-e29 m9f-r\"><div id=\"post-1-progress-bar\"><\/div><\/div><\/div><\/div><\/div><\/div>\n","protected":false},"excerpt":{"rendered":"<p>Krossen Pub i nye lokaler Velkommen til Krossen Pub! Sj\u00e5 v\u00e5re \u00e5pningstider Med har tilgjengelig vors- og nachbilen, som henter gjester og bringer dei heim att i nattetimane. Me k\u00f8yrer sentralt i Rauland (Raulandsgrend, Vierli, Nesland, Austb\u00f8 etc.) Kontaktinformasjon Tlf. 910 07 413&nbsp; Adresse: Setali 3, 3864 Rauland F\u00f8lg oss p\u00e5 Facebook Siste nytt Steinar Sandes Invisible Band live p\u00e5 &#8230; <\/p>\n<div><a href=\"https:\/\/visitrauland.com\/krossenpub\/\" class=\"more-link\">Les Mer<\/a><\/div>\n","protected":false},"author":3,"featured_media":0,"parent":0,"menu_order":0,"comment_status":"closed","ping_status":"closed","template":"template-sites.php","meta":{"_relevanssi_hide_post":"","_relevanssi_hide_content":"","_relevanssi_pin_for_all":"","_relevanssi_pin_keywords":"","_relevanssi_unpin_keywords":"","_relevanssi_related_keywords":"","_relevanssi_related_include_ids":"","_relevanssi_related_exclude_ids":"","_relevanssi_related_no_append":"","_relevanssi_related_not_related":"","_relevanssi_related_posts":"1973,1,1889","_relevanssi_noindex_reason":"","seo_booster_metabox":"","footnotes":""},"class_list":["post-339","page","type-page","status-publish","hentry","no-post-thumbnail"],"yoast_head":"<!-- This site is optimized with the Yoast SEO plugin v27.2 - https:\/\/yoast.com\/product\/yoast-seo-wordpress\/ -->\n<title>Krossen Pub - Krossen Pub<\/title>\n<meta name=\"robots\" content=\"index, follow, max-snippet:-1, max-image-preview:large, max-video-preview:-1\" \/>\n<link rel=\"canonical\" href=\"https:\/\/visitrauland.com\/krossenpub\/\" \/>\n<meta property=\"og:locale\" content=\"nb_NO\" \/>\n<meta property=\"og:type\" content=\"article\" \/>\n<meta property=\"og:title\" content=\"Krossen Pub - Krossen Pub\" \/>\n<meta property=\"og:description\" content=\"Krossen Pub i nye lokaler Velkommen til Krossen Pub! Sj\u00e5 v\u00e5re \u00e5pningstider Med har tilgjengelig vors- og nachbilen, som henter gjester og bringer dei heim att i nattetimane. Me k\u00f8yrer sentralt i Rauland (Raulandsgrend, Vierli, Nesland, Austb\u00f8 etc.) Kontaktinformasjon Tlf. 910 07 413&nbsp; Adresse: Setali 3, 3864 Rauland F\u00f8lg oss p\u00e5 Facebook Siste nytt Steinar Sandes Invisible Band live p\u00e5 ... Les Mer\" \/>\n<meta property=\"og:url\" content=\"https:\/\/visitrauland.com\/krossenpub\/\" \/>\n<meta property=\"og:site_name\" content=\"Krossen Pub\" \/>\n<meta property=\"article:modified_time\" content=\"2026-02-11T12:42:18+00:00\" \/>\n<meta property=\"og:image\" content=\"https:\/\/visitrauland.com\/krossenpub\/wp-content\/uploads\/sites\/84\/2019\/12\/78573273_2542140542534313_2957461093582110720_o.jpg\" \/>\n\t<meta property=\"og:image:width\" content=\"1536\" \/>\n\t<meta property=\"og:image:height\" content=\"2048\" \/>\n\t<meta property=\"og:image:type\" content=\"image\/jpeg\" \/>\n<meta name=\"twitter:card\" content=\"summary_large_image\" \/>\n<meta name=\"twitter:label1\" content=\"Ansl. lesetid\" \/>\n\t<meta name=\"twitter:data1\" content=\"2 minutter\" \/>\n<script type=\"application\/ld+json\" class=\"yoast-schema-graph\">{\"@context\":\"https:\/\/schema.org\",\"@graph\":[{\"@type\":\"WebPage\",\"@id\":\"https:\/\/visitrauland.com\/krossenpub\/\",\"url\":\"https:\/\/visitrauland.com\/krossenpub\/\",\"name\":\"Krossen Pub - Krossen Pub\",\"isPartOf\":{\"@id\":\"https:\/\/visitrauland.com\/krossenpub\/#website\"},\"primaryImageOfPage\":{\"@id\":\"https:\/\/visitrauland.com\/krossenpub\/#primaryimage\"},\"image\":{\"@id\":\"https:\/\/visitrauland.com\/krossenpub\/#primaryimage\"},\"thumbnailUrl\":\"https:\/\/visitrauland.com\/krossenpub\/wp-content\/uploads\/sites\/84\/2019\/12\/78573273_2542140542534313_2957461093582110720_o.jpg\",\"datePublished\":\"2017-10-30T17:03:03+00:00\",\"dateModified\":\"2026-02-11T12:42:18+00:00\",\"breadcrumb\":{\"@id\":\"https:\/\/visitrauland.com\/krossenpub\/#breadcrumb\"},\"inLanguage\":\"nb-NO\",\"potentialAction\":[{\"@type\":\"ReadAction\",\"target\":[\"https:\/\/visitrauland.com\/krossenpub\/\"]}]},{\"@type\":\"ImageObject\",\"inLanguage\":\"nb-NO\",\"@id\":\"https:\/\/visitrauland.com\/krossenpub\/#primaryimage\",\"url\":\"https:\/\/visitrauland.com\/krossenpub\/wp-content\/uploads\/sites\/84\/2019\/12\/78573273_2542140542534313_2957461093582110720_o.jpg\",\"contentUrl\":\"https:\/\/visitrauland.com\/krossenpub\/wp-content\/uploads\/sites\/84\/2019\/12\/78573273_2542140542534313_2957461093582110720_o.jpg\",\"width\":1536,\"height\":2048,\"caption\":\"Koselig treinteri\u00f8r med peis i skandinavisk design, lyssetting og trepanel.\"},{\"@type\":\"BreadcrumbList\",\"@id\":\"https:\/\/visitrauland.com\/krossenpub\/#breadcrumb\",\"itemListElement\":[{\"@type\":\"ListItem\",\"position\":1,\"name\":\"Hjem\",\"item\":\"https:\/\/visitrauland.com\/krossenpub\/\"},{\"@type\":\"ListItem\",\"position\":2,\"name\":\"Krossen Pub\"}]},{\"@type\":\"WebSite\",\"@id\":\"https:\/\/visitrauland.com\/krossenpub\/#website\",\"url\":\"https:\/\/visitrauland.com\/krossenpub\/\",\"name\":\"Krossen Pub\",\"description\":\"3 hytter med flott utsikt over Lognvikvatn\",\"potentialAction\":[{\"@type\":\"SearchAction\",\"target\":{\"@type\":\"EntryPoint\",\"urlTemplate\":\"https:\/\/visitrauland.com\/krossenpub\/?s={search_term_string}\"},\"query-input\":{\"@type\":\"PropertyValueSpecification\",\"valueRequired\":true,\"valueName\":\"search_term_string\"}}],\"inLanguage\":\"nb-NO\"}]}<\/script>\n<!-- \/ Yoast SEO plugin. -->","yoast_head_json":{"title":"Krossen Pub - Krossen Pub","robots":{"index":"index","follow":"follow","max-snippet":"max-snippet:-1","max-image-preview":"max-image-preview:large","max-video-preview":"max-video-preview:-1"},"canonical":"https:\/\/visitrauland.com\/krossenpub\/","og_locale":"nb_NO","og_type":"article","og_title":"Krossen Pub - Krossen Pub","og_description":"Krossen Pub i nye lokaler Velkommen til Krossen Pub! Sj\u00e5 v\u00e5re \u00e5pningstider Med har tilgjengelig vors- og nachbilen, som henter gjester og bringer dei heim att i nattetimane. Me k\u00f8yrer sentralt i Rauland (Raulandsgrend, Vierli, Nesland, Austb\u00f8 etc.) Kontaktinformasjon Tlf. 910 07 413&nbsp; Adresse: Setali 3, 3864 Rauland F\u00f8lg oss p\u00e5 Facebook Siste nytt Steinar Sandes Invisible Band live p\u00e5 ... Les Mer","og_url":"https:\/\/visitrauland.com\/krossenpub\/","og_site_name":"Krossen Pub","article_modified_time":"2026-02-11T12:42:18+00:00","og_image":[{"width":1536,"height":2048,"url":"https:\/\/visitrauland.com\/krossenpub\/wp-content\/uploads\/sites\/84\/2019\/12\/78573273_2542140542534313_2957461093582110720_o.jpg","type":"image\/jpeg"}],"twitter_card":"summary_large_image","twitter_misc":{"Ansl. lesetid":"2 minutter"},"schema":{"@context":"https:\/\/schema.org","@graph":[{"@type":"WebPage","@id":"https:\/\/visitrauland.com\/krossenpub\/","url":"https:\/\/visitrauland.com\/krossenpub\/","name":"Krossen Pub - Krossen Pub","isPartOf":{"@id":"https:\/\/visitrauland.com\/krossenpub\/#website"},"primaryImageOfPage":{"@id":"https:\/\/visitrauland.com\/krossenpub\/#primaryimage"},"image":{"@id":"https:\/\/visitrauland.com\/krossenpub\/#primaryimage"},"thumbnailUrl":"https:\/\/visitrauland.com\/krossenpub\/wp-content\/uploads\/sites\/84\/2019\/12\/78573273_2542140542534313_2957461093582110720_o.jpg","datePublished":"2017-10-30T17:03:03+00:00","dateModified":"2026-02-11T12:42:18+00:00","breadcrumb":{"@id":"https:\/\/visitrauland.com\/krossenpub\/#breadcrumb"},"inLanguage":"nb-NO","potentialAction":[{"@type":"ReadAction","target":["https:\/\/visitrauland.com\/krossenpub\/"]}]},{"@type":"ImageObject","inLanguage":"nb-NO","@id":"https:\/\/visitrauland.com\/krossenpub\/#primaryimage","url":"https:\/\/visitrauland.com\/krossenpub\/wp-content\/uploads\/sites\/84\/2019\/12\/78573273_2542140542534313_2957461093582110720_o.jpg","contentUrl":"https:\/\/visitrauland.com\/krossenpub\/wp-content\/uploads\/sites\/84\/2019\/12\/78573273_2542140542534313_2957461093582110720_o.jpg","width":1536,"height":2048,"caption":"Koselig treinteri\u00f8r med peis i skandinavisk design, lyssetting og trepanel."},{"@type":"BreadcrumbList","@id":"https:\/\/visitrauland.com\/krossenpub\/#breadcrumb","itemListElement":[{"@type":"ListItem","position":1,"name":"Hjem","item":"https:\/\/visitrauland.com\/krossenpub\/"},{"@type":"ListItem","position":2,"name":"Krossen Pub"}]},{"@type":"WebSite","@id":"https:\/\/visitrauland.com\/krossenpub\/#website","url":"https:\/\/visitrauland.com\/krossenpub\/","name":"Krossen Pub","description":"3 hytter med flott utsikt over Lognvikvatn","potentialAction":[{"@type":"SearchAction","target":{"@type":"EntryPoint","urlTemplate":"https:\/\/visitrauland.com\/krossenpub\/?s={search_term_string}"},"query-input":{"@type":"PropertyValueSpecification","valueRequired":true,"valueName":"search_term_string"}}],"inLanguage":"nb-NO"}]}},"_links":{"self":[{"href":"https:\/\/visitrauland.com\/krossenpub\/wp-json\/wp\/v2\/pages\/339","targetHints":{"allow":["GET"]}}],"collection":[{"href":"https:\/\/visitrauland.com\/krossenpub\/wp-json\/wp\/v2\/pages"}],"about":[{"href":"https:\/\/visitrauland.com\/krossenpub\/wp-json\/wp\/v2\/types\/page"}],"author":[{"embeddable":true,"href":"https:\/\/visitrauland.com\/krossenpub\/wp-json\/wp\/v2\/users\/3"}],"replies":[{"embeddable":true,"href":"https:\/\/visitrauland.com\/krossenpub\/wp-json\/wp\/v2\/comments?post=339"}],"version-history":[{"count":16,"href":"https:\/\/visitrauland.com\/krossenpub\/wp-json\/wp\/v2\/pages\/339\/revisions"}],"predecessor-version":[{"id":1983,"href":"https:\/\/visitrauland.com\/krossenpub\/wp-json\/wp\/v2\/pages\/339\/revisions\/1983"}],"wp:attachment":[{"href":"https:\/\/visitrauland.com\/krossenpub\/wp-json\/wp\/v2\/media?parent=339"}],"curies":[{"name":"wp","href":"https:\/\/api.w.org\/{rel}","templated":true}]}}