{"id":2220,"date":"2021-02-14T17:48:48","date_gmt":"2021-02-14T16:48:48","guid":{"rendered":"https:\/\/visitrauland.com\/holtardalen\/?page_id=2220"},"modified":"2021-02-18T17:40:26","modified_gmt":"2021-02-18T16:40:26","slug":"aktiviteter","status":"publish","type":"page","link":"https:\/\/visitrauland.com\/holtardalen\/aktiviteter\/","title":{"rendered":"Aktiviteter"},"content":{"rendered":"<div id=\"cs-content\" class=\"cs-content\"><\/div>\n","protected":false},"excerpt":{"rendered":"<p>Aktiviteter i Holtardalen&nbsp;Holtardalen tilbyr ikke bare glitrende l\u00f8yper &#8211; her er en rekke aktiviteter for store og sm\u00e5 b\u00e5de i h\u00f8ysesong og ellers i \u00e5ret. Aktivitetene spenner vidt fra tradisjonelle ski- og vinteraktiviteter, til konserter og st\u00f8rre arrangementer som Rauland PowerClimb &#8211; en folkefest av de sjeldne i Holtarbakken! FOR BARNA Aktiviteter for de minste og mellomste i familien. Les &#8230; <\/p>\n<div><a href=\"https:\/\/visitrauland.com\/holtardalen\/aktiviteter\/\" class=\"more-link\">Les Mer<\/a><\/div>\n","protected":false},"author":10,"featured_media":0,"parent":0,"menu_order":0,"comment_status":"closed","ping_status":"closed","template":"template-blank-4.php","meta":{"_relevanssi_hide_post":"","_relevanssi_hide_content":"","_relevanssi_pin_for_all":"","_relevanssi_pin_keywords":"","_relevanssi_unpin_keywords":"","_relevanssi_related_keywords":"","_relevanssi_related_include_ids":"","_relevanssi_related_exclude_ids":"","_relevanssi_related_no_append":"","_relevanssi_related_not_related":"","_relevanssi_related_posts":"","_relevanssi_noindex_reason":"","seo_booster_metabox":"","footnotes":""},"class_list":["post-2220","page","type-page","status-publish","hentry","no-post-thumbnail"],"yoast_head":"<!-- This site is optimized with the Yoast SEO plugin v27.2 - https:\/\/yoast.com\/product\/yoast-seo-wordpress\/ -->\n<title>Aktiviteter - Holtardalen<\/title>\n<meta name=\"robots\" content=\"index, follow, max-snippet:-1, max-image-preview:large, max-video-preview:-1\" \/>\n<link rel=\"canonical\" href=\"https:\/\/visitrauland.com\/holtardalen\/aktiviteter\/\" \/>\n<meta property=\"og:locale\" content=\"nb_NO\" \/>\n<meta property=\"og:type\" content=\"article\" \/>\n<meta property=\"og:title\" content=\"Aktiviteter - Holtardalen\" \/>\n<meta property=\"og:description\" content=\"Aktiviteter i Holtardalen&nbsp;Holtardalen tilbyr ikke bare glitrende l\u00f8yper - her er en rekke aktiviteter for store og sm\u00e5 b\u00e5de i h\u00f8ysesong og ellers i \u00e5ret. Aktivitetene spenner vidt fra tradisjonelle ski- og vinteraktiviteter, til konserter og st\u00f8rre arrangementer som Rauland PowerClimb - en folkefest av de sjeldne i Holtarbakken! FOR BARNA Aktiviteter for de minste og mellomste i familien. Les ... Les Mer\" \/>\n<meta property=\"og:url\" content=\"https:\/\/visitrauland.com\/holtardalen\/aktiviteter\/\" \/>\n<meta property=\"og:site_name\" content=\"Holtardalen\" \/>\n<meta property=\"article:modified_time\" content=\"2021-02-18T16:40:26+00:00\" \/>\n<meta name=\"twitter:card\" content=\"summary_large_image\" \/>\n<meta name=\"twitter:label1\" content=\"Ansl. lesetid\" \/>\n\t<meta name=\"twitter:data1\" content=\"8 minutter\" \/>\n<script type=\"application\/ld+json\" class=\"yoast-schema-graph\">{\"@context\":\"https:\/\/schema.org\",\"@graph\":[{\"@type\":\"WebPage\",\"@id\":\"https:\/\/visitrauland.com\/holtardalen\/aktiviteter\/\",\"url\":\"https:\/\/visitrauland.com\/holtardalen\/aktiviteter\/\",\"name\":\"Aktiviteter - Holtardalen\",\"isPartOf\":{\"@id\":\"https:\/\/visitrauland.com\/holtardalen\/#website\"},\"datePublished\":\"2021-02-14T16:48:48+00:00\",\"dateModified\":\"2021-02-18T16:40:26+00:00\",\"breadcrumb\":{\"@id\":\"https:\/\/visitrauland.com\/holtardalen\/aktiviteter\/#breadcrumb\"},\"inLanguage\":\"nb-NO\",\"potentialAction\":[{\"@type\":\"ReadAction\",\"target\":[\"https:\/\/visitrauland.com\/holtardalen\/aktiviteter\/\"]}]},{\"@type\":\"BreadcrumbList\",\"@id\":\"https:\/\/visitrauland.com\/holtardalen\/aktiviteter\/#breadcrumb\",\"itemListElement\":[{\"@type\":\"ListItem\",\"position\":1,\"name\":\"Hjem\",\"item\":\"https:\/\/visitrauland.com\/holtardalen\/\"},{\"@type\":\"ListItem\",\"position\":2,\"name\":\"Aktiviteter\"}]},{\"@type\":\"WebSite\",\"@id\":\"https:\/\/visitrauland.com\/holtardalen\/#website\",\"url\":\"https:\/\/visitrauland.com\/holtardalen\/\",\"name\":\"Holtardalen\",\"description\":\"3 hytter med flott utsikt over Lognvikvatn\",\"potentialAction\":[{\"@type\":\"SearchAction\",\"target\":{\"@type\":\"EntryPoint\",\"urlTemplate\":\"https:\/\/visitrauland.com\/holtardalen\/?s={search_term_string}\"},\"query-input\":{\"@type\":\"PropertyValueSpecification\",\"valueRequired\":true,\"valueName\":\"search_term_string\"}}],\"inLanguage\":\"nb-NO\"}]}<\/script>\n<!-- \/ Yoast SEO plugin. -->","yoast_head_json":{"title":"Aktiviteter - Holtardalen","robots":{"index":"index","follow":"follow","max-snippet":"max-snippet:-1","max-image-preview":"max-image-preview:large","max-video-preview":"max-video-preview:-1"},"canonical":"https:\/\/visitrauland.com\/holtardalen\/aktiviteter\/","og_locale":"nb_NO","og_type":"article","og_title":"Aktiviteter - Holtardalen","og_description":"Aktiviteter i Holtardalen&nbsp;Holtardalen tilbyr ikke bare glitrende l\u00f8yper - her er en rekke aktiviteter for store og sm\u00e5 b\u00e5de i h\u00f8ysesong og ellers i \u00e5ret. Aktivitetene spenner vidt fra tradisjonelle ski- og vinteraktiviteter, til konserter og st\u00f8rre arrangementer som Rauland PowerClimb - en folkefest av de sjeldne i Holtarbakken! FOR BARNA Aktiviteter for de minste og mellomste i familien. Les ... Les Mer","og_url":"https:\/\/visitrauland.com\/holtardalen\/aktiviteter\/","og_site_name":"Holtardalen","article_modified_time":"2021-02-18T16:40:26+00:00","twitter_card":"summary_large_image","twitter_misc":{"Ansl. lesetid":"8 minutter"},"schema":{"@context":"https:\/\/schema.org","@graph":[{"@type":"WebPage","@id":"https:\/\/visitrauland.com\/holtardalen\/aktiviteter\/","url":"https:\/\/visitrauland.com\/holtardalen\/aktiviteter\/","name":"Aktiviteter - Holtardalen","isPartOf":{"@id":"https:\/\/visitrauland.com\/holtardalen\/#website"},"datePublished":"2021-02-14T16:48:48+00:00","dateModified":"2021-02-18T16:40:26+00:00","breadcrumb":{"@id":"https:\/\/visitrauland.com\/holtardalen\/aktiviteter\/#breadcrumb"},"inLanguage":"nb-NO","potentialAction":[{"@type":"ReadAction","target":["https:\/\/visitrauland.com\/holtardalen\/aktiviteter\/"]}]},{"@type":"BreadcrumbList","@id":"https:\/\/visitrauland.com\/holtardalen\/aktiviteter\/#breadcrumb","itemListElement":[{"@type":"ListItem","position":1,"name":"Hjem","item":"https:\/\/visitrauland.com\/holtardalen\/"},{"@type":"ListItem","position":2,"name":"Aktiviteter"}]},{"@type":"WebSite","@id":"https:\/\/visitrauland.com\/holtardalen\/#website","url":"https:\/\/visitrauland.com\/holtardalen\/","name":"Holtardalen","description":"3 hytter med flott utsikt over Lognvikvatn","potentialAction":[{"@type":"SearchAction","target":{"@type":"EntryPoint","urlTemplate":"https:\/\/visitrauland.com\/holtardalen\/?s={search_term_string}"},"query-input":{"@type":"PropertyValueSpecification","valueRequired":true,"valueName":"search_term_string"}}],"inLanguage":"nb-NO"}]}},"_links":{"self":[{"href":"https:\/\/visitrauland.com\/holtardalen\/wp-json\/wp\/v2\/pages\/2220","targetHints":{"allow":["GET"]}}],"collection":[{"href":"https:\/\/visitrauland.com\/holtardalen\/wp-json\/wp\/v2\/pages"}],"about":[{"href":"https:\/\/visitrauland.com\/holtardalen\/wp-json\/wp\/v2\/types\/page"}],"author":[{"embeddable":true,"href":"https:\/\/visitrauland.com\/holtardalen\/wp-json\/wp\/v2\/users\/10"}],"replies":[{"embeddable":true,"href":"https:\/\/visitrauland.com\/holtardalen\/wp-json\/wp\/v2\/comments?post=2220"}],"version-history":[{"count":16,"href":"https:\/\/visitrauland.com\/holtardalen\/wp-json\/wp\/v2\/pages\/2220\/revisions"}],"predecessor-version":[{"id":2683,"href":"https:\/\/visitrauland.com\/holtardalen\/wp-json\/wp\/v2\/pages\/2220\/revisions\/2683"}],"wp:attachment":[{"href":"https:\/\/visitrauland.com\/holtardalen\/wp-json\/wp\/v2\/media?parent=2220"}],"curies":[{"name":"wp","href":"https:\/\/api.w.org\/{rel}","templated":true}]}}