{"id":339,"date":"2017-10-30T18:03:03","date_gmt":"2017-10-30T17:03:03","guid":{"rendered":"https:\/\/visitrauland.com\/arabu\/?page_id=339"},"modified":"2026-02-11T13:31:58","modified_gmt":"2026-02-11T12:31:58","slug":"arabu-hyttegrend","status":"publish","type":"page","link":"https:\/\/visitrauland.com\/arabu\/","title":{"rendered":"Arabu Hyttegrend"},"content":{"rendered":"<div id=\"cs-content\" class=\"cs-content\"><div class=\"x-section e339-e1 m9f-0 m9f-1 m9f-2 hero-2026\"><div class=\"x-bg\" aria-hidden=\"true\"><div class=\"x-bg-layer-lower-image\"><\/div><div class=\"x-bg-layer-upper-color\"><\/div><\/div><div class=\"x-div e339-e2 m9f-9 m9f-a m9f-b m9f-c m9f-d m9f-e m9f-f\"><div class=\"x-text x-text-headline e339-e3 m9f-q m9f-r m9f-s m9f-t m9f-u m9f-v\"><div class=\"x-text-content\"><div class=\"x-text-content-text\"><h1 class=\"x-text-content-text-primary\">Arabu Hyttegrend<\/h1>\n<\/div><\/div><\/div><\/div><\/div><div id=\"x-section-1\" class=\"x-section text-24px underhero-text\" style=\"margin: 0px;padding: 45px 0px; background-color: transparent;\"><div id class=\"x-container max width\" style=\"margin: 0px auto;padding: 0px;\"><div class=\"x-column x-sm x-2-3\" style=\"padding: 0px;\"><div id class=\"x-text\" style><p><b>Velkommen til Arabu Hyttegrend<\/b><\/p>\n<p><span>Arabu h\u00f8yrer til dei f\u00e5 stader som kan tilby eit n\u00e6r uavgrensa omr\u00e5de for turskil\u00f8yparar med heile Hardangervidda \u00e5 ta av. Me har utvikla v\u00e5rt eige l\u00f8ypenett som er kopla saman med resten av det omfattande l\u00f8ypenettet i Raulandsomr\u00e5det. Ein m\u00e5 derfor bu lenge p\u00e5 Arabu f\u00f8r ein treng \u00e5 g\u00e5 same turen om att!<\/span><\/p>\n<h6><strong>Kontakt oss<\/strong><\/h6>\n<p><span class>Telefon: 476 74 929<span>&nbsp;<\/span>-&nbsp; 90974340<br>\n<\/span><span class>Adresse: <\/span><span class>Varlandsvegen 146, <\/span><span class>3864 Rauland<br>\n<a href=\"mailto:post@arabu.no\"><strong>E-post&nbsp;<\/strong><\/a><\/span><\/p>\n<\/div><\/div><div class=\"x-column x-sm x-1-3\" style=\"padding: 0px 0px 45px;\"><noscript><img decoding=\"async\" class=\"x-img x-img-none\" src=\"https:\/\/visitrauland.com\/arabu\/wp-content\/uploads\/sites\/105\/2023\/02\/dji_fly_20230225_091954_12_1677313213466_photo_optimized_1920.jpg\" alt=\"Vinterlandskap med skil\u00f8yper og fjell bak en sn\u00f8dekt innsj\u00f8 under bl\u00e5 himmel.\"><\/noscript><img decoding=\"async\" class=\"x-img x-img-none lazyload\" src=\"data:image\/gif;base64,R0lGODlhAQABAIAAAAAAAP\/\/\/yH5BAEAAAAALAAAAAABAAEAAAIBRAA7\" alt=\"Vinterlandskap med skil\u00f8yper og fjell bak en sn\u00f8dekt innsj\u00f8 under bl\u00e5 himmel.\" data-src=\"https:\/\/visitrauland.com\/arabu\/wp-content\/uploads\/sites\/105\/2023\/02\/dji_fly_20230225_091954_12_1677313213466_photo_optimized_1920.jpg\"><\/div><\/div><\/div><div class=\"x-section e339-e10 m9f-0 m9f-3 m9f-4 filter-looper\"><div class=\"x-row e339-e11 m9f-10 m9f-11 m9f-12 m9f-16 overflow-scroll-title\"><div class=\"x-row-inner\"><div class=\"x-col e339-e12 m9f-1b m9f-1c m9f-1d\"><div class=\"x-text x-text-headline e339-e13 m9f-s m9f-t m9f-u m9f-v m9f-w m9f-x\"><div class=\"x-text-content\"><div class=\"x-text-content-text\"><h2 class=\"x-text-content-text-primary\">Overnatting<\/h2>\n<\/div><\/div><\/div><\/div><\/div><\/div><div class=\"x-row e339-e20 m9f-10 m9f-12 m9f-13 m9f-14 m9f-17 m9f-18 overflow-scroll-wrapper\"><div class=\"x-row-inner\"><div class=\"x-col e339-e21 m9f-1b m9f-1d overflow-scroll\" id=\"overnatting-1\"><div class=\"x-row e339-e22 m9f-10 m9f-13 m9f-15 m9f-19 overflow-scroll-posts\"><div class=\"x-row-inner\"><a class=\"x-col e339-e23 m9f-1b m9f-1d m9f-1e m9f-1g m9f-6 m9f-7 overflow-scroll-post filter-post\" href=\"https:\/\/visitrauland.com\/arabu\/ved-innfallsporten-til-hardangervidda\/\"><figure class=\"x-div e339-e24 m9f-e m9f-f m9f-j m9f-k m9f-l\"><span class=\"x-image e339-e25 m9f-1i\"><noscript><img decoding=\"async\" src=\"https:\/\/visitrauland.com\/arabu\/wp-content\/uploads\/sites\/105\/2023\/02\/dji_fly_20230225_092104_16_1677313272597_photo_optimized_1920.jpg\" width=\"960\" height=\"540\" alt=\"Featured image for \u201cVed innfallsporten til Hardangervidda\u201d\"><\/noscript><img decoding=\"async\" src=\"data:image\/svg+xml,%3Csvg%20xmlns%3D%22http%3A%2F%2Fwww.w3.org%2F2000%2Fsvg%22%20viewBox%3D%220%200%20960%20540%22%3E%3C%2Fsvg%3E\" width=\"960\" height=\"540\" alt=\"Featured image for \u201cVed innfallsporten til Hardangervidda\u201d\" data-src=\"https:\/\/visitrauland.com\/arabu\/wp-content\/uploads\/sites\/105\/2023\/02\/dji_fly_20230225_092104_16_1677313272597_photo_optimized_1920.jpg\" class=\" lazyload\"><\/span><\/figure><article class=\"x-div e339-e26 m9f-9 m9f-a m9f-c m9f-d m9f-f m9f-h m9f-j m9f-m\"><div class=\"x-text x-text-headline e339-e27 m9f-s m9f-t m9f-w m9f-y m9f-6 m9f-8 max-2-lines force-inter\"><div class=\"x-text-content\"><div class=\"x-text-content-text\"><h2 class=\"x-text-content-text-primary\">Ved innfallsporten til Hardangervidda<\/h2>\n<\/div><\/div><\/div><div class=\"x-text x-content e339-e28 m9f-1j m9f-1k m9f-1l\">Arabu Hyttegrend ligg p\u00e5 950 moh og best\u00e5r av sju hytter som ligg 200 meter fr\u00e5 M\u00f8svatn og dermed ved\u2026<\/div><\/article><div class=\"x-div x-hide-lg x-hide-md x-hide-sm x-hide-xl x-hide-xs e339-e29 m9f-9 m9f-d m9f-e m9f-f m9f-g m9f-h m9f-j m9f-k m9f-n m9f-o\"><div class=\"x-div e339-e30 m9f-9 m9f-d m9f-e m9f-f m9f-g m9f-h m9f-j m9f-k m9f-p\"><div class=\"x-div e339-e31 m9f-9 m9f-e m9f-f m9f-g m9f-h m9f-j m9f-k m9f-n\"><div class=\"x-text x-content e339-e32 m9f-1k m9f-1m m9f-1n item-filter\">Aktuelt<\/div><\/div><\/div><\/div><\/a><a class=\"x-col e339-e23 m9f-1b m9f-1d m9f-1e m9f-1g m9f-6 m9f-7 overflow-scroll-post filter-post\" href=\"https:\/\/visitrauland.com\/arabu\/arabu-hyttegrend-mosstrond-rauland-elbillader-og-wifi-ved-foten-av-bossnuten\/\"><figure class=\"x-div e339-e24 m9f-e m9f-f m9f-j m9f-k m9f-l\"><span class=\"x-image e339-e25 m9f-1i\"><noscript><img decoding=\"async\" src=\"https:\/\/visitrauland.com\/arabu\/wp-content\/uploads\/sites\/105\/2023\/02\/dji_fly_20230225_092104_16_1677313272597_photo_optimized_1920.jpg\" width=\"960\" height=\"540\" alt=\"Featured image for \u201cArabu Hyttegrend -M\u00f8sstrond\/Rauland. Elbillader og Wifi. Ved foten av Bossnuten.\u201d\"><\/noscript><img decoding=\"async\" src=\"data:image\/svg+xml,%3Csvg%20xmlns%3D%22http%3A%2F%2Fwww.w3.org%2F2000%2Fsvg%22%20viewBox%3D%220%200%20960%20540%22%3E%3C%2Fsvg%3E\" width=\"960\" height=\"540\" alt=\"Featured image for \u201cArabu Hyttegrend -M\u00f8sstrond\/Rauland. Elbillader og Wifi. Ved foten av Bossnuten.\u201d\" data-src=\"https:\/\/visitrauland.com\/arabu\/wp-content\/uploads\/sites\/105\/2023\/02\/dji_fly_20230225_092104_16_1677313272597_photo_optimized_1920.jpg\" class=\" lazyload\"><\/span><\/figure><article class=\"x-div e339-e26 m9f-9 m9f-a m9f-c m9f-d m9f-f m9f-h m9f-j m9f-m\"><div class=\"x-text x-text-headline e339-e27 m9f-s m9f-t m9f-w m9f-y m9f-6 m9f-8 max-2-lines force-inter\"><div class=\"x-text-content\"><div class=\"x-text-content-text\"><h2 class=\"x-text-content-text-primary\">Arabu Hyttegrend -M\u00f8sstrond\/Rauland. Elbillader og Wifi. Ved foten av Bossnuten.<\/h2>\n<\/div><\/div><\/div><div class=\"x-text x-content e339-e28 m9f-1j m9f-1k m9f-1l\">Arabu Hyttegrend ligg p\u00e5 950 moh og best\u00e5r av sju hytter som ligg 200 meter fr\u00e5 M\u00f8svatn og dermed ved\u2026<\/div><\/article><div class=\"x-div x-hide-lg x-hide-md x-hide-sm x-hide-xl x-hide-xs e339-e29 m9f-9 m9f-d m9f-e m9f-f m9f-g m9f-h m9f-j m9f-k m9f-n m9f-o\"><div class=\"x-div e339-e30 m9f-9 m9f-d m9f-e m9f-f m9f-g m9f-h m9f-j m9f-k m9f-p\"><div class=\"x-div e339-e31 m9f-9 m9f-e m9f-f m9f-g m9f-h m9f-j m9f-k m9f-n\"><div class=\"x-text x-content e339-e32 m9f-1k m9f-1m m9f-1n item-filter\">Aktuelt<\/div><\/div><\/div><\/div><\/a><a class=\"x-col e339-e23 m9f-1b m9f-1d m9f-1e m9f-1g m9f-6 m9f-7 overflow-scroll-post filter-post\" href=\"https:\/\/visitrauland.com\/arabu\/arabu-hyttegrend-2-rauland-mosvatn\/\"><figure class=\"x-div e339-e24 m9f-e m9f-f m9f-j m9f-k m9f-l\"><span class=\"x-image e339-e25 m9f-1i\"><noscript><img decoding=\"async\" src=\"https:\/\/visitrauland.com\/arabu\/wp-content\/uploads\/sites\/105\/2023\/01\/Sommer-arabu_1920.jpg\" width=\"450\" height=\"253\" alt=\"Featured image for \u201cArabu Hyttegrend 2 \u2013 Rauland\/M\u00f8svatn \u2013 Elbillader\u201d\"><\/noscript><img decoding=\"async\" src=\"data:image\/svg+xml,%3Csvg%20xmlns%3D%22http%3A%2F%2Fwww.w3.org%2F2000%2Fsvg%22%20viewBox%3D%220%200%20450%20253%22%3E%3C%2Fsvg%3E\" width=\"450\" height=\"253\" alt=\"Featured image for \u201cArabu Hyttegrend 2 \u2013 Rauland\/M\u00f8svatn \u2013 Elbillader\u201d\" data-src=\"https:\/\/visitrauland.com\/arabu\/wp-content\/uploads\/sites\/105\/2023\/01\/Sommer-arabu_1920.jpg\" class=\" lazyload\"><\/span><\/figure><article class=\"x-div e339-e26 m9f-9 m9f-a m9f-c m9f-d m9f-f m9f-h m9f-j m9f-m\"><div class=\"x-text x-text-headline e339-e27 m9f-s m9f-t m9f-w m9f-y m9f-6 m9f-8 max-2-lines force-inter\"><div class=\"x-text-content\"><div class=\"x-text-content-text\"><h2 class=\"x-text-content-text-primary\">Arabu Hyttegrend 2 \u2013 Rauland\/M\u00f8svatn \u2013 Elbillader<\/h2>\n<\/div><\/div><\/div><div class=\"x-text x-content e339-e28 m9f-1j m9f-1k m9f-1l\">Arabu Hyttegrend ligg p\u00e5 950 moh og best\u00e5r av sju hytter som ligg 200 meter fr\u00e5 M\u00f8svatn og dermed ved\u2026<\/div><\/article><div class=\"x-div x-hide-lg x-hide-md x-hide-sm x-hide-xl x-hide-xs e339-e29 m9f-9 m9f-d m9f-e m9f-f m9f-g m9f-h m9f-j m9f-k m9f-n m9f-o\"><div class=\"x-div e339-e30 m9f-9 m9f-d m9f-e m9f-f m9f-g m9f-h m9f-j m9f-k m9f-p\"><div class=\"x-div e339-e31 m9f-9 m9f-e m9f-f m9f-g m9f-h m9f-j m9f-k m9f-n\"><div class=\"x-text x-content e339-e32 m9f-1k m9f-1m m9f-1n item-filter\">Aktuelt<\/div><\/div><\/div><\/div><\/a><a class=\"x-col e339-e23 m9f-1b m9f-1d m9f-1e m9f-1g m9f-6 m9f-7 overflow-scroll-post filter-post\" href=\"https:\/\/visitrauland.com\/arabu\/arabu-hyttegrend-1-mosstrond-rauland-elbillader-pa-hytteveggen\/\"><figure class=\"x-div e339-e24 m9f-e m9f-f m9f-j m9f-k m9f-l\"><span class=\"x-image e339-e25 m9f-1i\"><noscript><img decoding=\"async\" src=\"https:\/\/visitrauland.com\/arabu\/wp-content\/uploads\/sites\/105\/2023\/02\/IMG_5096_1920-1.jpg\" width=\"960\" height=\"540\" alt=\"Featured image for \u201cArabu Hyttegrend 1 \u2013 M\u00f8sstrond\/Rauland \u2013 Elbillader\u201d\"><\/noscript><img decoding=\"async\" src=\"data:image\/svg+xml,%3Csvg%20xmlns%3D%22http%3A%2F%2Fwww.w3.org%2F2000%2Fsvg%22%20viewBox%3D%220%200%20960%20540%22%3E%3C%2Fsvg%3E\" width=\"960\" height=\"540\" alt=\"Featured image for \u201cArabu Hyttegrend 1 \u2013 M\u00f8sstrond\/Rauland \u2013 Elbillader\u201d\" data-src=\"https:\/\/visitrauland.com\/arabu\/wp-content\/uploads\/sites\/105\/2023\/02\/IMG_5096_1920-1.jpg\" class=\" lazyload\"><\/span><\/figure><article class=\"x-div e339-e26 m9f-9 m9f-a m9f-c m9f-d m9f-f m9f-h m9f-j m9f-m\"><div class=\"x-text x-text-headline e339-e27 m9f-s m9f-t m9f-w m9f-y m9f-6 m9f-8 max-2-lines force-inter\"><div class=\"x-text-content\"><div class=\"x-text-content-text\"><h2 class=\"x-text-content-text-primary\">Arabu Hyttegrend 1 \u2013 M\u00f8sstrond\/Rauland \u2013 Elbillader<\/h2>\n<\/div><\/div><\/div><div class=\"x-text x-content e339-e28 m9f-1j m9f-1k m9f-1l\">Arabu Hyttegrend ligg p\u00e5 950 moh og best\u00e5r av sju hytter som ligg 200 meter fr\u00e5 M\u00f8svatn og dermed ved\u2026<\/div><\/article><div class=\"x-div x-hide-lg x-hide-md x-hide-sm x-hide-xl x-hide-xs e339-e29 m9f-9 m9f-d m9f-e m9f-f m9f-g m9f-h m9f-j m9f-k m9f-n m9f-o\"><div class=\"x-div e339-e30 m9f-9 m9f-d m9f-e m9f-f m9f-g m9f-h m9f-j m9f-k m9f-p\"><div class=\"x-div e339-e31 m9f-9 m9f-e m9f-f m9f-g m9f-h m9f-j m9f-k m9f-n\"><div class=\"x-text x-content e339-e32 m9f-1k m9f-1m m9f-1n item-filter\">Aktuelt<\/div><\/div><\/div><\/div><\/a><\/div><\/div><\/div><div class=\"x-col e339-e33 m9f-1b m9f-1d\"><div id=\"overnatting-1-progress-bar\"><\/div><\/div><\/div><\/div><\/div><div class=\"x-section e339-e35 m9f-0 m9f-2 m9f-3 m9f-5\"><div class=\"x-bg\"><div class=\"x-bg-layer-lower-img\" data-x-element-bg-layer=\"{&quot;parallaxSize&quot;:&quot;150%&quot;,&quot;parallaxDir&quot;:&quot;v&quot;,&quot;parallaxRev&quot;:false}\"><noscript><img decoding=\"async\" src=\"https:\/\/visitrauland.com\/arabu\/wp-content\/uploads\/sites\/105\/2023\/02\/dji_fly_20230225_091834_6_1677313121233_photo_optimized_1920.jpg\" alt=\"Sn\u00f8dekte hytter i et vinterlandskap med tr\u00e6r og fjell i bakgrunnen, bl\u00e5 himmel.\"><\/noscript><img decoding=\"async\" src=\"data:image\/gif;base64,R0lGODlhAQABAIAAAAAAAP\/\/\/yH5BAEAAAAALAAAAAABAAEAAAIBRAA7\" alt=\"Sn\u00f8dekte hytter i et vinterlandskap med tr\u00e6r og fjell i bakgrunnen, bl\u00e5 himmel.\" data-src=\"https:\/\/visitrauland.com\/arabu\/wp-content\/uploads\/sites\/105\/2023\/02\/dji_fly_20230225_091834_6_1677313121233_photo_optimized_1920.jpg\" class=\" lazyload\"><\/div><\/div><div class=\"x-row x-container max width e339-e36 m9f-10 m9f-12 m9f-13 m9f-14 m9f-17 m9f-1a\"><div class=\"x-row-inner\"><div class=\"x-col e339-e37 m9f-1b m9f-1d\"><\/div><\/div><\/div><\/div><div id=\"x-section-2\" class=\"x-section\" style=\"margin: 0px;padding: 0 0px; background-color: #E03B22;\"><div id class=\"x-container max width\" style=\"margin: 0px auto;padding: 0px;\"><div class=\"x-column x-sm x-1-1\" style=\"padding: 0px;\"><div class=\"x-text x-text-headline e339-e41 m9f-r m9f-s m9f-u m9f-z\"><div class=\"x-text-content\"><div class=\"x-text-content-text\"><h2 class=\"x-text-content-text-primary\">V\u00c5RE HYTTER<\/h2>\n<\/div><\/div><\/div><div class=\"x-text x-content e339-e42 m9f-1k m9f-1l m9f-1n m9f-1o\">Me har sju hytter p\u00e5 72m2, tre soverom,eitt med dobbeltseng,to med brei underk\u00f8ye - i alt \u00e5tte senger.<br>\nDusj, Wc, badstoge. Komfyr med steikeomn, kj\u00f8leskap m\/liten fryser, kaffetrakter, micro, vannkoker, oppvaskmaskin.<br>\nOppvarming i alle golv, og stoge med peisomn og TV. Tr\u00e5dlaust internett. Eloppvarming elles, vedskjul og uttak for motorvarmarar.<\/div><hr class=\"x-line e339-e44 m9f-1q\"><\/div><\/div><\/div><\/div>\n","protected":false},"excerpt":{"rendered":"<p>Arabu Hyttegrend Velkommen til Arabu Hyttegrend Arabu h\u00f8yrer til dei f\u00e5 stader som kan tilby eit n\u00e6r uavgrensa omr\u00e5de for turskil\u00f8yparar med heile Hardangervidda \u00e5 ta av. Me har utvikla v\u00e5rt eige l\u00f8ypenett som er kopla saman med resten av det omfattande l\u00f8ypenettet i Raulandsomr\u00e5det. Ein m\u00e5 derfor bu lenge p\u00e5 Arabu f\u00f8r ein treng \u00e5 g\u00e5 same turen om &#8230; <\/p>\n<div><a href=\"https:\/\/visitrauland.com\/arabu\/\" class=\"more-link\">Les Mer<\/a><\/div>\n","protected":false},"author":3,"featured_media":0,"parent":0,"menu_order":0,"comment_status":"closed","ping_status":"closed","template":"template-sites.php","meta":{"_relevanssi_hide_post":"","_relevanssi_hide_content":"","_relevanssi_pin_for_all":"","_relevanssi_pin_keywords":"","_relevanssi_unpin_keywords":"","_relevanssi_related_keywords":"","_relevanssi_related_include_ids":"","_relevanssi_related_exclude_ids":"","_relevanssi_related_no_append":"","_relevanssi_related_not_related":"","_relevanssi_related_posts":"1958,1964,1,1960,1967","_relevanssi_noindex_reason":"","seo_booster_metabox":"","footnotes":""},"class_list":["post-339","page","type-page","status-publish","hentry","no-post-thumbnail"],"yoast_head":"<!-- This site is optimized with the Yoast SEO plugin v27.2 - https:\/\/yoast.com\/product\/yoast-seo-wordpress\/ -->\n<title>Arabu Hyttegrend - Visit Rauland<\/title>\n<meta name=\"robots\" content=\"index, follow, max-snippet:-1, max-image-preview:large, max-video-preview:-1\" \/>\n<link rel=\"canonical\" href=\"https:\/\/visitrauland.com\/arabu\/\" \/>\n<meta property=\"og:locale\" content=\"nb_NO\" \/>\n<meta property=\"og:type\" content=\"article\" \/>\n<meta property=\"og:title\" content=\"Arabu Hyttegrend - Visit Rauland\" \/>\n<meta property=\"og:description\" content=\"Arabu Hyttegrend Velkommen til Arabu Hyttegrend Arabu h\u00f8yrer til dei f\u00e5 stader som kan tilby eit n\u00e6r uavgrensa omr\u00e5de for turskil\u00f8yparar med heile Hardangervidda \u00e5 ta av. Me har utvikla v\u00e5rt eige l\u00f8ypenett som er kopla saman med resten av det omfattande l\u00f8ypenettet i Raulandsomr\u00e5det. Ein m\u00e5 derfor bu lenge p\u00e5 Arabu f\u00f8r ein treng \u00e5 g\u00e5 same turen om ... Les Mer\" \/>\n<meta property=\"og:url\" content=\"https:\/\/visitrauland.com\/arabu\/\" \/>\n<meta property=\"og:site_name\" content=\"Arabu Hyttegrend\" \/>\n<meta property=\"article:modified_time\" content=\"2026-02-11T12:31:58+00:00\" \/>\n<meta name=\"twitter:card\" content=\"summary_large_image\" \/>\n<meta name=\"twitter:label1\" content=\"Ansl. lesetid\" \/>\n\t<meta name=\"twitter:data1\" content=\"5 minutter\" \/>\n<script type=\"application\/ld+json\" class=\"yoast-schema-graph\">{\"@context\":\"https:\/\/schema.org\",\"@graph\":[{\"@type\":\"WebPage\",\"@id\":\"https:\/\/visitrauland.com\/arabu\/\",\"url\":\"https:\/\/visitrauland.com\/arabu\/\",\"name\":\"Arabu Hyttegrend - Visit Rauland\",\"isPartOf\":{\"@id\":\"https:\/\/visitrauland.com\/arabu\/#website\"},\"datePublished\":\"2017-10-30T17:03:03+00:00\",\"dateModified\":\"2026-02-11T12:31:58+00:00\",\"breadcrumb\":{\"@id\":\"https:\/\/visitrauland.com\/arabu\/#breadcrumb\"},\"inLanguage\":\"nb-NO\",\"potentialAction\":[{\"@type\":\"ReadAction\",\"target\":[\"https:\/\/visitrauland.com\/arabu\/\"]}]},{\"@type\":\"BreadcrumbList\",\"@id\":\"https:\/\/visitrauland.com\/arabu\/#breadcrumb\",\"itemListElement\":[{\"@type\":\"ListItem\",\"position\":1,\"name\":\"Hjem\",\"item\":\"https:\/\/visitrauland.com\/arabu\/\"},{\"@type\":\"ListItem\",\"position\":2,\"name\":\"Arabu Hyttegrend\"}]},{\"@type\":\"WebSite\",\"@id\":\"https:\/\/visitrauland.com\/arabu\/#website\",\"url\":\"https:\/\/visitrauland.com\/arabu\/\",\"name\":\"Arabu Hyttegrend\",\"description\":\"3 hytter med flott utsikt over Lognvikvatn\",\"potentialAction\":[{\"@type\":\"SearchAction\",\"target\":{\"@type\":\"EntryPoint\",\"urlTemplate\":\"https:\/\/visitrauland.com\/arabu\/?s={search_term_string}\"},\"query-input\":{\"@type\":\"PropertyValueSpecification\",\"valueRequired\":true,\"valueName\":\"search_term_string\"}}],\"inLanguage\":\"nb-NO\"}]}<\/script>\n<!-- \/ Yoast SEO plugin. -->","yoast_head_json":{"title":"Arabu Hyttegrend - Visit Rauland","robots":{"index":"index","follow":"follow","max-snippet":"max-snippet:-1","max-image-preview":"max-image-preview:large","max-video-preview":"max-video-preview:-1"},"canonical":"https:\/\/visitrauland.com\/arabu\/","og_locale":"nb_NO","og_type":"article","og_title":"Arabu Hyttegrend - Visit Rauland","og_description":"Arabu Hyttegrend Velkommen til Arabu Hyttegrend Arabu h\u00f8yrer til dei f\u00e5 stader som kan tilby eit n\u00e6r uavgrensa omr\u00e5de for turskil\u00f8yparar med heile Hardangervidda \u00e5 ta av. Me har utvikla v\u00e5rt eige l\u00f8ypenett som er kopla saman med resten av det omfattande l\u00f8ypenettet i Raulandsomr\u00e5det. Ein m\u00e5 derfor bu lenge p\u00e5 Arabu f\u00f8r ein treng \u00e5 g\u00e5 same turen om ... Les Mer","og_url":"https:\/\/visitrauland.com\/arabu\/","og_site_name":"Arabu Hyttegrend","article_modified_time":"2026-02-11T12:31:58+00:00","twitter_card":"summary_large_image","twitter_misc":{"Ansl. lesetid":"5 minutter"},"schema":{"@context":"https:\/\/schema.org","@graph":[{"@type":"WebPage","@id":"https:\/\/visitrauland.com\/arabu\/","url":"https:\/\/visitrauland.com\/arabu\/","name":"Arabu Hyttegrend - Visit Rauland","isPartOf":{"@id":"https:\/\/visitrauland.com\/arabu\/#website"},"datePublished":"2017-10-30T17:03:03+00:00","dateModified":"2026-02-11T12:31:58+00:00","breadcrumb":{"@id":"https:\/\/visitrauland.com\/arabu\/#breadcrumb"},"inLanguage":"nb-NO","potentialAction":[{"@type":"ReadAction","target":["https:\/\/visitrauland.com\/arabu\/"]}]},{"@type":"BreadcrumbList","@id":"https:\/\/visitrauland.com\/arabu\/#breadcrumb","itemListElement":[{"@type":"ListItem","position":1,"name":"Hjem","item":"https:\/\/visitrauland.com\/arabu\/"},{"@type":"ListItem","position":2,"name":"Arabu Hyttegrend"}]},{"@type":"WebSite","@id":"https:\/\/visitrauland.com\/arabu\/#website","url":"https:\/\/visitrauland.com\/arabu\/","name":"Arabu Hyttegrend","description":"3 hytter med flott utsikt over Lognvikvatn","potentialAction":[{"@type":"SearchAction","target":{"@type":"EntryPoint","urlTemplate":"https:\/\/visitrauland.com\/arabu\/?s={search_term_string}"},"query-input":{"@type":"PropertyValueSpecification","valueRequired":true,"valueName":"search_term_string"}}],"inLanguage":"nb-NO"}]}},"_links":{"self":[{"href":"https:\/\/visitrauland.com\/arabu\/wp-json\/wp\/v2\/pages\/339","targetHints":{"allow":["GET"]}}],"collection":[{"href":"https:\/\/visitrauland.com\/arabu\/wp-json\/wp\/v2\/pages"}],"about":[{"href":"https:\/\/visitrauland.com\/arabu\/wp-json\/wp\/v2\/types\/page"}],"author":[{"embeddable":true,"href":"https:\/\/visitrauland.com\/arabu\/wp-json\/wp\/v2\/users\/3"}],"replies":[{"embeddable":true,"href":"https:\/\/visitrauland.com\/arabu\/wp-json\/wp\/v2\/comments?post=339"}],"version-history":[{"count":11,"href":"https:\/\/visitrauland.com\/arabu\/wp-json\/wp\/v2\/pages\/339\/revisions"}],"predecessor-version":[{"id":2002,"href":"https:\/\/visitrauland.com\/arabu\/wp-json\/wp\/v2\/pages\/339\/revisions\/2002"}],"wp:attachment":[{"href":"https:\/\/visitrauland.com\/arabu\/wp-json\/wp\/v2\/media?parent=339"}],"curies":[{"name":"wp","href":"https:\/\/api.w.org\/{rel}","templated":true}]}}